216.73.217.138 - - [01/Aug/2026:17:25:30 +0000] "GET /wp-includes%2B16/feed-rss2.php HTTP/2" 500 0 "-" "Mozilla/5.0 AppleWebKit/537.36 (KHTML, like Gecko; compatible; ClaudeBot/1.0; +claudebot@anthropic.com)"
216.73.217.138 - - [01/Aug/2026:17:25:35 +0000] "GET /wp-includes%2B16/class-wp-text-diff-renderer-inline.php HTTP/2" 500 0 "-" "Mozilla/5.0 AppleWebKit/537.36 (KHTML, like Gecko; compatible; ClaudeBot/1.0; +claudebot@anthropic.com)"
216.73.217.138 - - [01/Aug/2026:17:26:10 +0000] "GET /wp-includes%2B16/class-smtp.php HTTP/2" 500 0 "-" "Mozilla/5.0 AppleWebKit/537.36 (KHTML, like Gecko; compatible; ClaudeBot/1.0; +claudebot@anthropic.com)"
216.73.217.138 - - [01/Aug/2026:17:26:14 +0000] "GET /wp-includes%2B16/class-wp-customize-section.php HTTP/2" 500 0 "-" "Mozilla/5.0 AppleWebKit/537.36 (KHTML, like Gecko; compatible; ClaudeBot/1.0; +claudebot@anthropic.com)"
66.249.73.195 - - [01/Aug/2026:17:33:15 +0000] "GET /?goods/292047963 HTTP/1.1" 200 1165 "-" "Mozilla/5.0 (Linux; Android 6.0.1; Nexus 5X Build/MMB29P) AppleWebKit/537.36 (KHTML, like Gecko) Chrome/150.0.7871.186 Mobile Safari/537.36 (compatible; Googlebot/2.1; +http://www.google.com/bot.html)"
74.7.227.16 - - [01/Aug/2026:17:36:42 +0000] "GET /wp-includes%2B16/sodium_compat/src/Core/AEGIS256.php HTTP/2" 500 0 "https://mr-stat.com/wp-includes%2B16/sodium_compat/src/Core/?SA" "Mozilla/5.0 AppleWebKit/537.36 (KHTML, like Gecko; compatible; GPTBot/1.4; +https://openai.com/gptbot)"
66.249.73.196 - - [01/Aug/2026:17:39:06 +0000] "GET /?ctg/search/similarImageSearchResultView/?ctgItemCd=11844772 HTTP/1.1" 200 1165 "-" "Mozilla/5.0 (Linux; Android 6.0.1; Nexus 5X Build/MMB29P) AppleWebKit/537.36 (KHTML, like Gecko) Chrome/150.0.7871.186 Mobile Safari/537.36 (compatible; Googlebot/2.1; +http://www.google.com/bot.html)"
216.73.217.138 - - [01/Aug/2026:17:23:57 +0000] "GET /wp-includes%2B16/meta.php HTTP/2" 500 0 "-" "Mozilla/5.0 AppleWebKit/537.36 (KHTML, like Gecko; compatible; ClaudeBot/1.0; +claudebot@anthropic.com)"
216.73.217.138 - - [01/Aug/2026:17:23:57 +0000] "GET /wp-includes%2B16/compat.php HTTP/2" 500 0 "-" "Mozilla/5.0 AppleWebKit/537.36 (KHTML, like Gecko; compatible; ClaudeBot/1.0; +claudebot@anthropic.com)"
216.73.217.138 - - [01/Aug/2026:17:24:03 +0000] "GET /wp-includes%2B16/class-oembed.php HTTP/2" 500 0 "-" "Mozilla/5.0 AppleWebKit/537.36 (KHTML, like Gecko; compatible; ClaudeBot/1.0; +claudebot@anthropic.com)"
216.73.217.138 - - [01/Aug/2026:17:24:04 +0000] "GET /wp-includes%2B16/embed-template.php HTTP/2" 500 0 "-" "Mozilla/5.0 AppleWebKit/537.36 (KHTML, like Gecko; compatible; ClaudeBot/1.0; +claudebot@anthropic.com)"
66.249.73.194 - - [01/Aug/2026:17:25:16 +0000] "GET /?goods/142010631 HTTP/1.1" 200 1165 "-" "Mozilla/5.0 (Linux; Android 6.0.1; Nexus 5X Build/MMB29P) AppleWebKit/537.36 (KHTML, like Gecko) Chrome/150.0.7871.186 Mobile Safari/537.36 (compatible; Googlebot/2.1; +http://www.google.com/bot.html)"
66.249.73.195 - - [01/Aug/2026:17:25:18 +0000] "GET /?ocuou/o366711.html HTTP/1.1" 200 1165 "-" "Mozilla/5.0 (Linux; Android 6.0.1; Nexus 5X Build/MMB29P) AppleWebKit/537.36 (KHTML, like Gecko) Chrome/150.0.7871.186 Mobile Safari/537.36 (compatible; Googlebot/2.1; +http://www.google.com/bot.html)"
66.249.73.194 - - [01/Aug/2026:17:25:19 +0000] "GET /?goods/021000406 HTTP/1.1" 200 1165 "-" "Mozilla/5.0 (Linux; Android 6.0.1; Nexus 5X Build/MMB29P) AppleWebKit/537.36 (KHTML, like Gecko) Chrome/150.0.7871.186 Mobile Safari/537.36 (compatible; Googlebot/2.1; +http://www.google.com/bot.html)"
66.249.73.194 - - [01/Aug/2026:17:25:20 +0000] "GET /?detail/13801761249841 HTTP/1.1" 200 1165 "-" "Mozilla/5.0 (Linux; Android 6.0.1; Nexus 5X Build/MMB29P) AppleWebKit/537.36 (KHTML, like Gecko) Chrome/150.0.7871.186 Mobile Safari/537.36 (compatible; Googlebot/2.1; +http://www.google.com/bot.html)"
66.249.73.196 - - [01/Aug/2026:17:27:47 +0000] "GET /party/contemplate96/k4ile-755/ HTTP/1.1" 404 1251 "-" "Mozilla/5.0 (Linux; Android 6.0.1; Nexus 5X Build/MMB29P) AppleWebKit/537.36 (KHTML, like Gecko) Chrome/150.0.7871.186 Mobile Safari/537.36 (compatible; Googlebot/2.1; +http://www.google.com/bot.html)"
66.249.73.195 - - [01/Aug/2026:17:27:53 +0000] "GET /?jp/143005859.html HTTP/1.1" 200 1165 "-" "Mozilla/5.0 (Linux; Android 6.0.1; Nexus 5X Build/MMB29P) AppleWebKit/537.36 (KHTML, like Gecko) Chrome/150.0.7871.186 Mobile Safari/537.36 (compatible; Googlebot/2.1; +http://www.google.com/bot.html)"
216.73.217.138 - - [01/Aug/2026:17:26:48 +0000] "GET /wp-includes%2B16/class-wp-xmlrpc-server.php HTTP/2" 500 0 "-" "Mozilla/5.0 AppleWebKit/537.36 (KHTML, like Gecko; compatible; ClaudeBot/1.0; +claudebot@anthropic.com)"
216.73.217.138 - - [01/Aug/2026:17:27:06 +0000] "GET /wp-includes%2B16/ms-files.php HTTP/2" 500 0 "-" "Mozilla/5.0 AppleWebKit/537.36 (KHTML, like Gecko; compatible; ClaudeBot/1.0; +claudebot@anthropic.com)"
66.249.73.195 - - [01/Aug/2026:17:39:20 +0000] "GET /?vedtt/x2167896.html HTTP/1.1" 200 1165 "-" "Mozilla/5.0 (Linux; Android 6.0.1; Nexus 5X Build/MMB29P) AppleWebKit/537.36 (KHTML, like Gecko) Chrome/150.0.7871.186 Mobile Safari/537.36 (compatible; Googlebot/2.1; +http://www.google.com/bot.html)"
216.73.217.138 - - [01/Aug/2026:17:22:46 +0000] "GET /wp-includes%2B16/date.php HTTP/2" 500 0 "-" "Mozilla/5.0 AppleWebKit/537.36 (KHTML, like Gecko; compatible; ClaudeBot/1.0; +claudebot@anthropic.com)"
216.73.217.138 - - [01/Aug/2026:17:22:46 +0000] "GET /wp-includes%2B16/class-wp-scripts.php HTTP/2" 500 0 "-" "Mozilla/5.0 AppleWebKit/537.36 (KHTML, like Gecko; compatible; ClaudeBot/1.0; +claudebot@anthropic.com)"
216.73.217.138 - - [01/Aug/2026:17:23:27 +0000] "GET /wp-includes%2B16/utf8.php HTTP/2" 500 0 "-" "Mozilla/5.0 AppleWebKit/537.36 (KHTML, like Gecko; compatible; ClaudeBot/1.0; +claudebot@anthropic.com)"
216.73.217.138 - - [01/Aug/2026:17:23:27 +0000] "GET /wp-includes%2B16/block-patterns.php HTTP/2" 500 0 "-" "Mozilla/5.0 AppleWebKit/537.36 (KHTML, like Gecko; compatible; ClaudeBot/1.0; +claudebot@anthropic.com)"
66.249.73.196 - - [01/Aug/2026:17:25:04 +0000] "GET /?jp/260031310.html HTTP/1.1" 200 1165 "-" "Mozilla/5.0 (Linux; Android 6.0.1; Nexus 5X Build/MMB29P) AppleWebKit/537.36 (KHTML, like Gecko) Chrome/150.0.7871.186 Mobile Safari/537.36 (compatible; Googlebot/2.1; +http://www.google.com/bot.html)"
66.249.73.196 - - [01/Aug/2026:17:28:21 +0000] "GET /?goods/290042984 HTTP/1.1" 200 1165 "-" "Mozilla/5.0 (Linux; Android 6.0.1; Nexus 5X Build/MMB29P) AppleWebKit/537.36 (KHTML, like Gecko) Chrome/150.0.7871.186 Mobile Safari/537.36 (compatible; Googlebot/2.1; +http://www.google.com/bot.html)"
66.249.73.195 - - [01/Aug/2026:17:38:45 +0000] "GET /?goods/208015029 HTTP/1.1" 200 1165 "-" "Mozilla/5.0 (Linux; Android 6.0.1; Nexus 5X Build/MMB29P) AppleWebKit/537.36 (KHTML, like Gecko) Chrome/150.0.7871.186 Mobile Safari/537.36 (compatible; Googlebot/2.1; +http://www.google.com/bot.html)"
66.249.73.194 - - [01/Aug/2026:17:38:52 +0000] "GET /?goods/117006017 HTTP/1.1" 200 1165 "-" "Mozilla/5.0 (Linux; Android 6.0.1; Nexus 5X Build/MMB29P) AppleWebKit/537.36 (KHTML, like Gecko) Chrome/150.0.7871.186 Mobile Safari/537.36 (compatible; Googlebot/2.1; +http://www.google.com/bot.html)"
66.249.73.195 - - [01/Aug/2026:17:25:18 +0000] "GET /?goods/053036598 HTTP/1.1" 200 1165 "-" "Mozilla/5.0 (Linux; Android 6.0.1; Nexus 5X Build/MMB29P) AppleWebKit/537.36 (KHTML, like Gecko) Chrome/150.0.7871.186 Mobile Safari/537.36 (compatible; Googlebot/2.1; +http://www.google.com/bot.html)"
66.249.73.194 - - [01/Aug/2026:17:25:52 +0000] "GET /?jp/288016133.html HTTP/1.1" 200 1165 "-" "Mozilla/5.0 (Linux; Android 6.0.1; Nexus 5X Build/MMB29P) AppleWebKit/537.36 (KHTML, like Gecko) Chrome/150.0.7871.186 Mobile Safari/537.36 (compatible; Googlebot/2.1; +http://www.google.com/bot.html)"
66.249.73.195 - - [01/Aug/2026:17:26:15 +0000] "GET /?goods/103004741 HTTP/1.1" 200 1165 "-" "Mozilla/5.0 (Linux; Android 6.0.1; Nexus 5X Build/MMB29P) AppleWebKit/537.36 (KHTML, like Gecko) Chrome/150.0.7871.186 Mobile Safari/537.36 (compatible; Googlebot/2.1; +http://www.google.com/bot.html)"
66.249.73.194 - - [01/Aug/2026:17:27:53 +0000] "GET /?jp/268010493.html HTTP/1.1" 200 1165 "-" "Mozilla/5.0 (Linux; Android 6.0.1; Nexus 5X Build/MMB29P) AppleWebKit/537.36 (KHTML, like Gecko) Chrome/150.0.7871.186 Mobile Safari/537.36 (compatible; Googlebot/2.1; +http://www.google.com/bot.html)"
74.7.227.16 - - [01/Aug/2026:17:31:34 +0000] "GET /wp-includes%2B16/sodium_compat/src/Core32/Int64.php HTTP/2" 200 0 "https://mr-stat.com/wp-includes%2B16/sodium_compat/src/Core32/?SA" "Mozilla/5.0 AppleWebKit/537.36 (KHTML, like Gecko; compatible; GPTBot/1.4; +https://openai.com/gptbot)"
74.7.227.16 - - [01/Aug/2026:17:32:34 +0000] "GET /wp-includes%2B16/sodium_compat/src/Core32/Salsa20.php HTTP/2" 500 0 "https://mr-stat.com/wp-includes%2B16/sodium_compat/src/Core32/?SA" "Mozilla/5.0 AppleWebKit/537.36 (KHTML, like Gecko; compatible; GPTBot/1.4; +https://openai.com/gptbot)"
74.7.227.16 - - [01/Aug/2026:17:33:32 +0000] "GET /wp-includes%2B16/sodium_compat/src/Core/Poly1305.php HTTP/2" 500 0 "https://mr-stat.com/wp-includes%2B16/sodium_compat/src/Core/?SA" "Mozilla/5.0 AppleWebKit/537.36 (KHTML, like Gecko; compatible; GPTBot/1.4; +https://openai.com/gptbot)"
74.7.227.16 - - [01/Aug/2026:17:34:32 +0000] "GET /wp-includes%2B16/sodium_compat/src/Core/BLAKE2b.php HTTP/2" 500 0 "https://mr-stat.com/wp-includes%2B16/sodium_compat/src/Core/?SA" "Mozilla/5.0 AppleWebKit/537.36 (KHTML, like Gecko; compatible; GPTBot/1.4; +https://openai.com/gptbot)"
74.7.227.16 - - [01/Aug/2026:17:37:46 +0000] "GET /wp-includes%2B16/sodium_compat/src/Core32/BLAKE2b.php HTTP/2" 500 0 "https://mr-stat.com/wp-includes%2B16/sodium_compat/src/Core32/?SA" "Mozilla/5.0 AppleWebKit/537.36 (KHTML, like Gecko; compatible; GPTBot/1.4; +https://openai.com/gptbot)"
74.7.227.16 - - [01/Aug/2026:17:35:38 +0000] "GET /wp-includes%2B16/sodium_compat/src/Core/AEGIS128L.php HTTP/2" 500 0 "https://mr-stat.com/wp-includes%2B16/sodium_compat/src/Core/?SA" "Mozilla/5.0 AppleWebKit/537.36 (KHTML, like Gecko; compatible; GPTBot/1.4; +https://openai.com/gptbot)"
66.249.73.196 - - [01/Aug/2026:17:36:33 +0000] "GET /?detail/1570316320816 HTTP/1.1" 200 1165 "-" "Mozilla/5.0 (Linux; Android 6.0.1; Nexus 5X Build/MMB29P) AppleWebKit/537.36 (KHTML, like Gecko) Chrome/150.0.7871.186 Mobile Safari/537.36 (compatible; Googlebot/2.1; +http://www.google.com/bot.html)"
74.7.227.16 - - [01/Aug/2026:17:38:50 +0000] "GET /wp-includes%2B16/sodium_compat/src/Core/XSalsa20.php HTTP/2" 500 0 "https://mr-stat.com/wp-includes%2B16/sodium_compat/src/Core/?SA" "Mozilla/5.0 AppleWebKit/537.36 (KHTML, like Gecko; compatible; GPTBot/1.4; +https://openai.com/gptbot)"
216.73.217.138 - - [01/Aug/2026:17:25:42 +0000] "GET /wp-includes%2B16/feed-rss2-comments.php HTTP/2" 500 0 "-" "Mozilla/5.0 AppleWebKit/537.36 (KHTML, like Gecko; compatible; ClaudeBot/1.0; +claudebot@anthropic.com)"
216.73.217.138 - - [01/Aug/2026:17:25:47 +0000] "GET /wp-includes%2B16/feed-atom-comments.php HTTP/2" 500 0 "-" "Mozilla/5.0 AppleWebKit/537.36 (KHTML, like Gecko; compatible; ClaudeBot/1.0; +claudebot@anthropic.com)"
66.249.73.194 - - [01/Aug/2026:17:28:28 +0000] "GET /?yhxbq/b2890908.html HTTP/1.1" 200 1165 "-" "Mozilla/5.0 (Linux; Android 6.0.1; Nexus 5X Build/MMB29P) AppleWebKit/537.36 (KHTML, like Gecko) Chrome/150.0.7871.186 Mobile Safari/537.36 (compatible; Googlebot/2.1; +http://www.google.com/bot.html)"
66.249.73.194 - - [01/Aug/2026:17:29:15 +0000] "GET /?detail/2240262402901 HTTP/1.1" 200 1165 "-" "Mozilla/5.0 (Linux; Android 6.0.1; Nexus 5X Build/MMB29P) AppleWebKit/537.36 (KHTML, like Gecko) Chrome/150.0.7871.186 Mobile Safari/537.36 (compatible; Googlebot/2.1; +http://www.google.com/bot.html)"
66.249.73.196 - - [01/Aug/2026:17:33:15 +0000] "GET /?jp/092023280.html HTTP/1.1" 200 1165 "-" "Mozilla/5.0 (Linux; Android 6.0.1; Nexus 5X Build/MMB29P) AppleWebKit/537.36 (KHTML, like Gecko) Chrome/150.0.7871.186 Mobile Safari/537.36 (compatible; Googlebot/2.1; +http://www.google.com/bot.html)"
66.249.73.195 - - [01/Aug/2026:17:37:26 +0000] "GET /?pvmig/h576004.html HTTP/1.1" 200 1165 "-" "Mozilla/5.0 (Linux; Android 6.0.1; Nexus 5X Build/MMB29P) AppleWebKit/537.36 (KHTML, like Gecko) Chrome/150.0.7871.186 Mobile Safari/537.36 (compatible; Googlebot/2.1; +http://www.google.com/bot.html)"
66.249.73.194 - - [01/Aug/2026:17:38:33 +0000] "GET /?goods/217009093 HTTP/1.1" 200 1165 "-" "Mozilla/5.0 (Linux; Android 6.0.1; Nexus 5X Build/MMB29P) AppleWebKit/537.36 (KHTML, like Gecko) Chrome/150.0.7871.186 Mobile Safari/537.36 (compatible; Googlebot/2.1; +http://www.google.com/bot.html)"
66.249.73.194 - - [01/Aug/2026:17:38:33 +0000] "GET /?goods/219032713 HTTP/1.1" 200 1165 "-" "Mozilla/5.0 (Linux; Android 6.0.1; Nexus 5X Build/MMB29P) AppleWebKit/537.36 (KHTML, like Gecko) Chrome/150.0.7871.186 Mobile Safari/537.36 (compatible; Googlebot/2.1; +http://www.google.com/bot.html)"
66.249.73.194 - - [01/Aug/2026:17:39:10 +0000] "GET /?goods/296012549 HTTP/1.1" 200 1165 "-" "Mozilla/5.0 (Linux; Android 6.0.1; Nexus 5X Build/MMB29P) AppleWebKit/537.36 (KHTML, like Gecko) Chrome/150.0.7871.186 Mobile Safari/537.36 (compatible; Googlebot/2.1; +http://www.google.com/bot.html)"
66.249.73.195 - - [01/Aug/2026:17:41:27 +0000] "GET /?jp/288000371.html HTTP/1.1" 200 1165 "-" "Mozilla/5.0 (Linux; Android 6.0.1; Nexus 5X Build/MMB29P) AppleWebKit/537.36 (KHTML, like Gecko) Chrome/150.0.7871.186 Mobile Safari/537.36 (compatible; Googlebot/2.1; +http://www.google.com/bot.html)"
66.249.73.194 - - [01/Aug/2026:17:47:01 +0000] "GET /?ctg/search/similarImageSearchResultView/?ctgItemCd=77132469 HTTP/1.1" 200 1165 "-" "Mozilla/5.0 (Linux; Android 6.0.1; Nexus 5X Build/MMB29P) AppleWebKit/537.36 (KHTML, like Gecko) Chrome/150.0.7871.186 Mobile Safari/537.36 (compatible; Googlebot/2.1; +http://www.google.com/bot.html)"
66.249.73.194 - - [01/Aug/2026:17:41:23 +0000] "GET /?rorpb/t2579160.html HTTP/1.1" 200 1165 "-" "Mozilla/5.0 (Linux; Android 6.0.1; Nexus 5X Build/MMB29P) AppleWebKit/537.36 (KHTML, like Gecko) Chrome/150.0.7871.186 Mobile Safari/537.36 (compatible; Googlebot/2.1; +http://www.google.com/bot.html)"
66.249.73.195 - - [01/Aug/2026:17:43:13 +0000] "GET /?jp/123032871.html HTTP/1.1" 200 1165 "-" "Mozilla/5.0 (Linux; Android 6.0.1; Nexus 5X Build/MMB29P) AppleWebKit/537.36 (KHTML, like Gecko) Chrome/150.0.7871.186 Mobile Safari/537.36 (compatible; Googlebot/2.1; +http://www.google.com/bot.html)"
74.7.227.16 - - [01/Aug/2026:17:44:04 +0000] "GET /wp-includes%2B16/sodium_compat/src/Core32/HChaCha20.php HTTP/2" 500 0 "https://mr-stat.com/wp-includes%2B16/sodium_compat/src/Core32/?SA" "Mozilla/5.0 AppleWebKit/537.36 (KHTML, like Gecko; compatible; GPTBot/1.4; +https://openai.com/gptbot)"
66.249.73.195 - - [01/Aug/2026:17:46:15 +0000] "GET /?tzkog/a697833.html HTTP/1.1" 200 1165 "-" "Mozilla/5.0 (Linux; Android 6.0.1; Nexus 5X Build/MMB29P) AppleWebKit/537.36 (KHTML, like Gecko) Chrome/150.0.7871.186 Mobile Safari/537.36 (compatible; Googlebot/2.1; +http://www.google.com/bot.html)"
66.249.73.194 - - [01/Aug/2026:17:46:32 +0000] "GET /?ctg/search/similarImageSearchResultView/?ctgItemCd=68071580 HTTP/1.1" 200 1165 "-" "Mozilla/5.0 (Linux; Android 6.0.1; Nexus 5X Build/MMB29P) AppleWebKit/537.36 (KHTML, like Gecko) Chrome/150.0.7871.186 Mobile Safari/537.36 (compatible; Googlebot/2.1; +http://www.google.com/bot.html)"
66.249.73.194 - - [01/Aug/2026:17:48:02 +0000] "GET /_autoindex/assets/icons/file.svg HTTP/1.1" 200 354 "https://mr-stat.com/?rccgm/g2447249.html" "Mozilla/5.0 (Linux; Android 6.0.1; Nexus 5X Build/MMB29P) AppleWebKit/537.36 (KHTML, like Gecko) Chrome/150.0.7871.186 Mobile Safari/537.36 (compatible; Googlebot/2.1; +http://www.google.com/bot.html)"
66.249.73.194 - - [01/Aug/2026:17:48:02 +0000] "GET /?rpbza/l715784.html HTTP/1.1" 200 1165 "-" "Mozilla/5.0 (Linux; Android 6.0.1; Nexus 5X Build/MMB29P) AppleWebKit/537.36 (KHTML, like Gecko) Chrome/150.0.7871.186 Mobile Safari/537.36 (compatible; Googlebot/2.1; +http://www.google.com/bot.html)"
66.249.73.194 - - [01/Aug/2026:17:48:09 +0000] "GET /_autoindex/assets/icons/file.svg HTTP/1.1" 200 354 "https://mr-stat.com/?rpbza/l715784.html" "Mozilla/5.0 (Linux; Android 6.0.1; Nexus 5X Build/MMB29P) AppleWebKit/537.36 (KHTML, like Gecko) Chrome/150.0.7871.186 Mobile Safari/537.36 (compatible; Googlebot/2.1; +http://www.google.com/bot.html)"
66.249.73.194 - - [01/Aug/2026:17:49:16 +0000] "GET /?ctg/search/similarImageSearchResultView/?ctgItemCd=42311271 HTTP/1.1" 200 1165 "-" "Mozilla/5.0 (Linux; Android 6.0.1; Nexus 5X Build/MMB29P) AppleWebKit/537.36 (KHTML, like Gecko) Chrome/150.0.7871.186 Mobile Safari/537.36 (compatible; Googlebot/2.1; +http://www.google.com/bot.html)"
66.249.73.194 - - [01/Aug/2026:17:54:14 +0000] "GET /?efoee/s2696757.html HTTP/1.1" 200 1165 "-" "Mozilla/5.0 (Linux; Android 6.0.1; Nexus 5X Build/MMB29P) AppleWebKit/537.36 (KHTML, like Gecko) Chrome/150.0.7871.186 Mobile Safari/537.36 (compatible; Googlebot/2.1; +http://www.google.com/bot.html)"
66.249.73.195 - - [01/Aug/2026:17:40:01 +0000] "GET /?jp/231043594.html HTTP/1.1" 200 1165 "-" "Mozilla/5.0 (Linux; Android 6.0.1; Nexus 5X Build/MMB29P) AppleWebKit/537.36 (KHTML, like Gecko) Chrome/150.0.7871.186 Mobile Safari/537.36 (compatible; Googlebot/2.1; +http://www.google.com/bot.html)"
66.249.73.196 - - [01/Aug/2026:17:43:12 +0000] "GET /?quvug/q2578507.html HTTP/1.1" 200 1165 "-" "Mozilla/5.0 (Linux; Android 6.0.1; Nexus 5X Build/MMB29P) AppleWebKit/537.36 (KHTML, like Gecko) Chrome/150.0.7871.186 Mobile Safari/537.36 (compatible; Googlebot/2.1; +http://www.google.com/bot.html)"
66.249.73.196 - - [01/Aug/2026:17:45:55 +0000] "GET /?goods/213005904 HTTP/1.1" 200 1165 "-" "Mozilla/5.0 (Linux; Android 6.0.1; Nexus 5X Build/MMB29P) AppleWebKit/537.36 (KHTML, like Gecko) Chrome/150.0.7871.186 Mobile Safari/537.36 (compatible; Googlebot/2.1; +http://www.google.com/bot.html)"
66.249.73.194 - - [01/Aug/2026:17:46:43 +0000] "GET /?goods/223039424 HTTP/1.1" 200 1165 "-" "Mozilla/5.0 (Linux; Android 6.0.1; Nexus 5X Build/MMB29P) AppleWebKit/537.36 (KHTML, like Gecko) Chrome/150.0.7871.186 Mobile Safari/537.36 (compatible; Googlebot/2.1; +http://www.google.com/bot.html)"
66.249.73.194 - - [01/Aug/2026:17:46:46 +0000] "GET /?vbhjt/u2314143.html HTTP/1.1" 200 1165 "-" "Mozilla/5.0 (Linux; Android 6.0.1; Nexus 5X Build/MMB29P) AppleWebKit/537.36 (KHTML, like Gecko) Chrome/150.0.7871.186 Mobile Safari/537.36 (compatible; Googlebot/2.1; +http://www.google.com/bot.html)"
74.7.227.16 - - [01/Aug/2026:17:47:14 +0000] "GET /wp-includes%2B16/sodium_compat/src/Core32/SipHash.php HTTP/2" 500 0 "https://mr-stat.com/wp-includes%2B16/sodium_compat/src/Core32/?SA" "Mozilla/5.0 AppleWebKit/537.36 (KHTML, like Gecko; compatible; GPTBot/1.4; +https://openai.com/gptbot)"
66.249.73.194 - - [01/Aug/2026:17:47:30 +0000] "GET /?rccgm/g2447249.html HTTP/1.1" 200 1165 "-" "Mozilla/5.0 (Linux; Android 6.0.1; Nexus 5X Build/MMB29P) AppleWebKit/537.36 (KHTML, like Gecko) Chrome/150.0.7871.186 Mobile Safari/537.36 (compatible; Googlebot/2.1; +http://www.google.com/bot.html)"
66.249.73.195 - - [01/Aug/2026:17:49:00 +0000] "GET /?ofrfm/h480350.html HTTP/1.1" 200 1165 "-" "Mozilla/5.0 (Linux; Android 6.0.1; Nexus 5X Build/MMB29P) AppleWebKit/537.36 (KHTML, like Gecko) Chrome/150.0.7871.186 Mobile Safari/537.36 (compatible; Googlebot/2.1; +http://www.google.com/bot.html)"
66.249.73.194 - - [01/Aug/2026:17:39:29 +0000] "GET /?detail/1960098258719 HTTP/1.1" 200 1165 "-" "Mozilla/5.0 (Linux; Android 6.0.1; Nexus 5X Build/MMB29P) AppleWebKit/537.36 (KHTML, like Gecko) Chrome/150.0.7871.186 Mobile Safari/537.36 (compatible; Googlebot/2.1; +http://www.google.com/bot.html)"
66.249.73.195 - - [01/Aug/2026:17:44:25 +0000] "GET /?jp/035024553.html HTTP/1.1" 200 1165 "-" "Mozilla/5.0 (Linux; Android 6.0.1; Nexus 5X Build/MMB29P) AppleWebKit/537.36 (KHTML, like Gecko) Chrome/150.0.7871.186 Mobile Safari/537.36 (compatible; Googlebot/2.1; +http://www.google.com/bot.html)"
74.7.227.16 - - [01/Aug/2026:17:45:07 +0000] "GET /wp-includes%2B16/sodium_compat/src/Core32/XChaCha20.php HTTP/2" 500 0 "https://mr-stat.com/wp-includes%2B16/sodium_compat/src/Core32/?SA" "Mozilla/5.0 AppleWebKit/537.36 (KHTML, like Gecko; compatible; GPTBot/1.4; +https://openai.com/gptbot)"
66.249.73.195 - - [01/Aug/2026:17:46:08 +0000] "GET /?detail/0290218442181 HTTP/1.1" 200 1165 "-" "Mozilla/5.0 (Linux; Android 6.0.1; Nexus 5X Build/MMB29P) AppleWebKit/537.36 (KHTML, like Gecko) Chrome/150.0.7871.186 Mobile Safari/537.36 (compatible; Googlebot/2.1; +http://www.google.com/bot.html)"
74.7.227.16 - - [01/Aug/2026:17:46:09 +0000] "GET /wp-includes%2B16/sodium_compat/src/Core/Salsa20.php HTTP/2" 500 0 "https://mr-stat.com/wp-includes%2B16/sodium_compat/src/Core/?SA" "Mozilla/5.0 AppleWebKit/537.36 (KHTML, like Gecko; compatible; GPTBot/1.4; +https://openai.com/gptbot)"
66.249.73.194 - - [01/Aug/2026:17:50:48 +0000] "GET /?goods/136029376 HTTP/1.1" 200 1165 "-" "Mozilla/5.0 (Linux; Android 6.0.1; Nexus 5X Build/MMB29P) AppleWebKit/537.36 (KHTML, like Gecko) Chrome/150.0.7871.186 Mobile Safari/537.36 (compatible; Googlebot/2.1; +http://www.google.com/bot.html)"
66.249.73.195 - - [01/Aug/2026:17:51:23 +0000] "GET /?goods/081002398 HTTP/1.1" 200 1165 "-" "Mozilla/5.0 (Linux; Android 6.0.1; Nexus 5X Build/MMB29P) AppleWebKit/537.36 (KHTML, like Gecko) Chrome/150.0.7871.186 Mobile Safari/537.36 (compatible; Googlebot/2.1; +http://www.google.com/bot.html)"
66.249.73.194 - - [01/Aug/2026:17:52:47 +0000] "GET /?detail/25604315128728 HTTP/1.1" 200 1165 "-" "Mozilla/5.0 (Linux; Android 6.0.1; Nexus 5X Build/MMB29P) AppleWebKit/537.36 (KHTML, like Gecko) Chrome/150.0.7871.186 Mobile Safari/537.36 (compatible; Googlebot/2.1; +http://www.google.com/bot.html)"
66.249.73.194 - - [01/Aug/2026:17:40:22 +0000] "GET /?fvtnr/k1298079.html HTTP/1.1" 200 1165 "-" "Mozilla/5.0 (Linux; Android 6.0.1; Nexus 5X Build/MMB29P) AppleWebKit/537.36 (KHTML, like Gecko) Chrome/150.0.7871.186 Mobile Safari/537.36 (compatible; Googlebot/2.1; +http://www.google.com/bot.html)"
66.249.73.195 - - [01/Aug/2026:17:42:31 +0000] "GET /?jp/066024197.html HTTP/1.1" 200 1165 "-" "Mozilla/5.0 (Linux; Android 6.0.1; Nexus 5X Build/MMB29P) AppleWebKit/537.36 (KHTML, like Gecko) Chrome/150.0.7871.186 Mobile Safari/537.36 (compatible; Googlebot/2.1; +http://www.google.com/bot.html)"
66.249.73.195 - - [01/Aug/2026:17:45:55 +0000] "GET /?detail/08204950132416 HTTP/1.1" 200 1165 "-" "Mozilla/5.0 (Linux; Android 6.0.1; Nexus 5X Build/MMB29P) AppleWebKit/537.36 (KHTML, like Gecko) Chrome/150.0.7871.186 Mobile Safari/537.36 (compatible; Googlebot/2.1; +http://www.google.com/bot.html)"
66.249.73.194 - - [01/Aug/2026:17:49:44 +0000] "GET /?syfge/r1361942.html HTTP/1.1" 200 1165 "-" "Mozilla/5.0 (Linux; Android 6.0.1; Nexus 5X Build/MMB29P) AppleWebKit/537.36 (KHTML, like Gecko) Chrome/150.0.7871.186 Mobile Safari/537.36 (compatible; Googlebot/2.1; +http://www.google.com/bot.html)"
74.7.227.16 - - [01/Aug/2026:17:52:30 +0000] "GET /wp-includes%2B16/sodium_compat/src/Core32/Util.php HTTP/2" 500 0 "https://mr-stat.com/wp-includes%2B16/sodium_compat/src/Core32/?SA" "Mozilla/5.0 AppleWebKit/537.36 (KHTML, like Gecko; compatible; GPTBot/1.4; +https://openai.com/gptbot)"
66.249.73.195 - - [01/Aug/2026:17:54:34 +0000] "GET /?jp/211038900.html HTTP/1.1" 200 1165 "-" "Mozilla/5.0 (Linux; Android 6.0.1; Nexus 5X Build/MMB29P) AppleWebKit/537.36 (KHTML, like Gecko) Chrome/150.0.7871.186 Mobile Safari/537.36 (compatible; Googlebot/2.1; +http://www.google.com/bot.html)"
66.249.73.194 - - [01/Aug/2026:17:55:34 +0000] "GET /?goods/300010705 HTTP/1.1" 200 1165 "-" "Mozilla/5.0 (Linux; Android 6.0.1; Nexus 5X Build/MMB29P) AppleWebKit/537.36 (KHTML, like Gecko) Chrome/150.0.7871.186 Mobile Safari/537.36 (compatible; Googlebot/2.1; +http://www.google.com/bot.html)"
66.249.73.194 - - [01/Aug/2026:17:39:43 +0000] "GET /?goods/214011001 HTTP/1.1" 200 1165 "-" "Mozilla/5.0 (Linux; Android 6.0.1; Nexus 5X Build/MMB29P) AppleWebKit/537.36 (KHTML, like Gecko) Chrome/150.0.7871.186 Mobile Safari/537.36 (compatible; Googlebot/2.1; +http://www.google.com/bot.html)"
66.249.73.194 - - [01/Aug/2026:17:41:27 +0000] "GET /?jp/029020141.html HTTP/1.1" 200 1165 "-" "Mozilla/5.0 (Linux; Android 6.0.1; Nexus 5X Build/MMB29P) AppleWebKit/537.36 (KHTML, like Gecko) Chrome/150.0.7871.186 Mobile Safari/537.36 (compatible; Googlebot/2.1; +http://www.google.com/bot.html)"
66.249.73.194 - - [01/Aug/2026:17:41:42 +0000] "GET /?fytjy/l3021828.html HTTP/1.1" 200 1165 "-" "Mozilla/5.0 (Linux; Android 6.0.1; Nexus 5X Build/MMB29P) AppleWebKit/537.36 (KHTML, like Gecko) Chrome/150.0.7871.186 Mobile Safari/537.36 (compatible; Googlebot/2.1; +http://www.google.com/bot.html)"
66.249.73.194 - - [01/Aug/2026:17:44:01 +0000] "GET /?jp/148029152.html HTTP/1.1" 200 1165 "-" "Mozilla/5.0 (Linux; Android 6.0.1; Nexus 5X Build/MMB29P) AppleWebKit/537.36 (KHTML, like Gecko) Chrome/150.0.7871.186 Mobile Safari/537.36 (compatible; Googlebot/2.1; +http://www.google.com/bot.html)"
74.7.227.16 - - [01/Aug/2026:17:51:26 +0000] "GET /wp-includes%2B16/sodium_compat/src/Core/Ristretto255.php HTTP/2" 500 0 "https://mr-stat.com/wp-includes%2B16/sodium_compat/src/Core/?SA" "Mozilla/5.0 AppleWebKit/537.36 (KHTML, like Gecko; compatible; GPTBot/1.4; +https://openai.com/gptbot)"
74.7.227.16 - - [01/Aug/2026:17:53:35 +0000] "GET /wp-includes%2B16/sodium_compat/src/Core/SipHash.php HTTP/2" 500 0 "https://mr-stat.com/wp-includes%2B16/sodium_compat/src/Core/?SA" "Mozilla/5.0 AppleWebKit/537.36 (KHTML, like Gecko; compatible; GPTBot/1.4; +https://openai.com/gptbot)"
66.249.73.195 - - [01/Aug/2026:17:53:59 +0000] "GET /?ctg/search/similarImageSearchResultView/?ctgItemCd=36399000 HTTP/1.1" 200 1165 "-" "Mozilla/5.0 (Linux; Android 6.0.1; Nexus 5X Build/MMB29P) AppleWebKit/537.36 (KHTML, like Gecko) Chrome/150.0.7871.186 Mobile Safari/537.36 (compatible; Googlebot/2.1; +http://www.google.com/bot.html)"
74.7.227.16 - - [01/Aug/2026:17:54:37 +0000] "GET /wp-includes%2B16/sodium_compat/src/Core/AES.php HTTP/2" 500 0 "https://mr-stat.com/wp-includes%2B16/sodium_compat/src/Core/?SA" "Mozilla/5.0 AppleWebKit/537.36 (KHTML, like Gecko; compatible; GPTBot/1.4; +https://openai.com/gptbot)"
74.7.227.16 - - [01/Aug/2026:17:55:37 +0000] "GET /wp-includes%2B16/sodium_compat/src/Core32/?SD HTTP/2" 200 1551 "https://mr-stat.com/wp-includes%2B16/sodium_compat/src/Core32/?SA" "Mozilla/5.0 AppleWebKit/537.36 (KHTML, like Gecko; compatible; GPTBot/1.4; +https://openai.com/gptbot)"
66.249.73.195 - - [01/Aug/2026:17:40:14 +0000] "GET /?jp/169035974.html HTTP/1.1" 200 1165 "-" "Mozilla/5.0 (Linux; Android 6.0.1; Nexus 5X Build/MMB29P) AppleWebKit/537.36 (KHTML, like Gecko) Chrome/150.0.7871.186 Mobile Safari/537.36 (compatible; Googlebot/2.1; +http://www.google.com/bot.html)"
66.249.73.194 - - [01/Aug/2026:17:40:50 +0000] "GET /frustrate/partially244/3s7lu-39567/ HTTP/1.1" 404 1251 "-" "Mozilla/5.0 (Linux; Android 6.0.1; Nexus 5X Build/MMB29P) AppleWebKit/537.36 (KHTML, like Gecko) Chrome/150.0.7871.186 Mobile Safari/537.36 (compatible; Googlebot/2.1; +http://www.google.com/bot.html)"
74.7.227.16 - - [01/Aug/2026:17:48:17 +0000] "GET /wp-includes%2B16/sodium_compat/src/Core/XChaCha20.php HTTP/2" 500 0 "https://mr-stat.com/wp-includes%2B16/sodium_compat/src/Core/?SA" "Mozilla/5.0 AppleWebKit/537.36 (KHTML, like Gecko; compatible; GPTBot/1.4; +https://openai.com/gptbot)"
74.7.227.16 - - [01/Aug/2026:17:49:18 +0000] "GET /wp-includes%2B16/sodium_compat/src/Core/HChaCha20.php HTTP/2" 500 0 "https://mr-stat.com/wp-includes%2B16/sodium_compat/src/Core/?SA" "Mozilla/5.0 AppleWebKit/537.36 (KHTML, like Gecko; compatible; GPTBot/1.4; +https://openai.com/gptbot)"
66.249.73.195 - - [01/Aug/2026:17:50:02 +0000] "GET /?detail/1650258782455 HTTP/1.1" 200 1165 "-" "Mozilla/5.0 (Linux; Android 6.0.1; Nexus 5X Build/MMB29P) AppleWebKit/537.36 (KHTML, like Gecko) Chrome/150.0.7871.186 Mobile Safari/537.36 (compatible; Googlebot/2.1; +http://www.google.com/bot.html)"
66.249.73.195 - - [01/Aug/2026:17:53:42 +0000] "GET /?detail/094048819957 HTTP/1.1" 200 1165 "-" "Mozilla/5.0 (Linux; Android 6.0.1; Nexus 5X Build/MMB29P) AppleWebKit/537.36 (KHTML, like Gecko) Chrome/150.0.7871.186 Mobile Safari/537.36 (compatible; Googlebot/2.1; +http://www.google.com/bot.html)"
66.249.73.194 - - [01/Aug/2026:17:55:19 +0000] "GET /?jp/261034019.html HTTP/1.1" 200 1165 "-" "Mozilla/5.0 (Linux; Android 6.0.1; Nexus 5X Build/MMB29P) AppleWebKit/537.36 (KHTML, like Gecko) Chrome/150.0.7871.186 Mobile Safari/537.36 (compatible; Googlebot/2.1; +http://www.google.com/bot.html)"
66.249.73.196 - - [01/Aug/2026:17:56:00 +0000] "GET /?jp/037039279.html HTTP/1.1" 200 1165 "-" "Mozilla/5.0 (Linux; Android 6.0.1; Nexus 5X Build/MMB29P) AppleWebKit/537.36 (KHTML, like Gecko) Chrome/150.0.7871.186 Mobile Safari/537.36 (compatible; Googlebot/2.1; +http://www.google.com/bot.html)"
74.7.227.16 - - [01/Aug/2026:17:39:53 +0000] "GET /wp-includes%2B16/sodium_compat/src/Core/HSalsa20.php HTTP/2" 500 0 "https://mr-stat.com/wp-includes%2B16/sodium_compat/src/Core/?SA" "Mozilla/5.0 AppleWebKit/537.36 (KHTML, like Gecko; compatible; GPTBot/1.4; +https://openai.com/gptbot)"
74.7.227.16 - - [01/Aug/2026:17:40:56 +0000] "GET /wp-includes%2B16/sodium_compat/src/Core32/XSalsa20.php HTTP/2" 500 0 "https://mr-stat.com/wp-includes%2B16/sodium_compat/src/Core32/?SA" "Mozilla/5.0 AppleWebKit/537.36 (KHTML, like Gecko; compatible; GPTBot/1.4; +https://openai.com/gptbot)"
66.249.73.195 - - [01/Aug/2026:17:41:07 +0000] "GET /?goods/121049334 HTTP/1.1" 200 1165 "-" "Mozilla/5.0 (Linux; Android 6.0.1; Nexus 5X Build/MMB29P) AppleWebKit/537.36 (KHTML, like Gecko) Chrome/150.0.7871.186 Mobile Safari/537.36 (compatible; Googlebot/2.1; +http://www.google.com/bot.html)"
74.7.227.16 - - [01/Aug/2026:17:41:56 +0000] "GET /wp-includes%2B16/sodium_compat/src/Core32/HSalsa20.php HTTP/2" 500 0 "https://mr-stat.com/wp-includes%2B16/sodium_compat/src/Core32/?SA" "Mozilla/5.0 AppleWebKit/537.36 (KHTML, like Gecko; compatible; GPTBot/1.4; +https://openai.com/gptbot)"
66.249.73.195 - - [01/Aug/2026:17:42:13 +0000] "GET /?goods/136027220 HTTP/1.1" 200 1165 "-" "Mozilla/5.0 (Linux; Android 6.0.1; Nexus 5X Build/MMB29P) AppleWebKit/537.36 (KHTML, like Gecko) Chrome/150.0.7871.186 Mobile Safari/537.36 (compatible; Googlebot/2.1; +http://www.google.com/bot.html)"
74.7.227.16 - - [01/Aug/2026:17:43:01 +0000] "GET /wp-includes%2B16/sodium_compat/src/Core32/ChaCha20.php HTTP/2" 500 0 "https://mr-stat.com/wp-includes%2B16/sodium_compat/src/Core32/?SA" "Mozilla/5.0 AppleWebKit/537.36 (KHTML, like Gecko; compatible; GPTBot/1.4; +https://openai.com/gptbot)"
74.7.227.16 - - [01/Aug/2026:17:50:23 +0000] "GET /wp-includes%2B16/sodium_compat/src/Core/ChaCha20.php HTTP/2" 500 0 "https://mr-stat.com/wp-includes%2B16/sodium_compat/src/Core/?SA" "Mozilla/5.0 AppleWebKit/537.36 (KHTML, like Gecko; compatible; GPTBot/1.4; +https://openai.com/gptbot)"
66.249.73.195 - - [01/Aug/2026:17:51:04 +0000] "GET /?jwqcm/f1229044.html HTTP/1.1" 200 1165 "-" "Mozilla/5.0 (Linux; Android 6.0.1; Nexus 5X Build/MMB29P) AppleWebKit/537.36 (KHTML, like Gecko) Chrome/150.0.7871.186 Mobile Safari/537.36 (compatible; Googlebot/2.1; +http://www.google.com/bot.html)"
66.249.73.194 - - [01/Aug/2026:17:52:11 +0000] "GET /?jp/047034121.html HTTP/1.1" 200 1165 "-" "Mozilla/5.0 (Linux; Android 6.0.1; Nexus 5X Build/MMB29P) AppleWebKit/537.36 (KHTML, like Gecko) Chrome/150.0.7871.186 Mobile Safari/537.36 (compatible; Googlebot/2.1; +http://www.google.com/bot.html)"
66.249.73.194 - - [01/Aug/2026:17:52:13 +0000] "GET /?jp/164014943.html HTTP/1.1" 200 1165 "-" "Mozilla/5.0 (Linux; Android 6.0.1; Nexus 5X Build/MMB29P) AppleWebKit/537.36 (KHTML, like Gecko) Chrome/150.0.7871.186 Mobile Safari/537.36 (compatible; Googlebot/2.1; +http://www.google.com/bot.html)"
66.249.73.194 - - [01/Aug/2026:17:52:27 +0000] "GET /?jp/237004401.html HTTP/1.1" 200 1165 "-" "Mozilla/5.0 (Linux; Android 6.0.1; Nexus 5X Build/MMB29P) AppleWebKit/537.36 (KHTML, like Gecko) Chrome/150.0.7871.186 Mobile Safari/537.36 (compatible; Googlebot/2.1; +http://www.google.com/bot.html)"
66.249.73.195 - - [01/Aug/2026:17:55:00 +0000] "GET /?jp/238024191.html HTTP/1.1" 200 1165 "-" "Mozilla/5.0 (Linux; Android 6.0.1; Nexus 5X Build/MMB29P) AppleWebKit/537.36 (KHTML, like Gecko) Chrome/150.0.7871.186 Mobile Safari/537.36 (compatible; Googlebot/2.1; +http://www.google.com/bot.html)"
66.249.73.194 - - [01/Aug/2026:17:56:12 +0000] "GET /administration/owner96/k4ile-755/ HTTP/1.1" 404 1251 "-" "Mozilla/5.0 (Linux; Android 6.0.1; Nexus 5X Build/MMB29P) AppleWebKit/537.36 (KHTML, like Gecko) Chrome/150.0.7871.186 Mobile Safari/537.36 (compatible; Googlebot/2.1; +http://www.google.com/bot.html)"
66.249.73.195 - - [01/Aug/2026:17:56:12 +0000] "GET /?goods/011030584 HTTP/1.1" 200 1165 "-" "Mozilla/5.0 (Linux; Android 6.0.1; Nexus 5X Build/MMB29P) AppleWebKit/537.36 (KHTML, like Gecko) Chrome/150.0.7871.186 Mobile Safari/537.36 (compatible; Googlebot/2.1; +http://www.google.com/bot.html)"
66.249.73.195 - - [01/Aug/2026:17:56:12 +0000] "GET /?goods/099025953 HTTP/1.1" 200 1165 "-" "Mozilla/5.0 (Linux; Android 6.0.1; Nexus 5X Build/MMB29P) AppleWebKit/537.36 (KHTML, like Gecko) Chrome/150.0.7871.186 Mobile Safari/537.36 (compatible; Googlebot/2.1; +http://www.google.com/bot.html)"
66.249.73.194 - - [01/Aug/2026:17:58:51 +0000] "GET /?jp/031011356.html HTTP/1.1" 200 1161 "-" "Mozilla/5.0 (Linux; Android 6.0.1; Nexus 5X Build/MMB29P) AppleWebKit/537.36 (KHTML, like Gecko) Chrome/150.0.7871.186 Mobile Safari/537.36 (compatible; Googlebot/2.1; +http://www.google.com/bot.html)"
66.249.73.194 - - [01/Aug/2026:17:58:51 +0000] "GET /effect/naval61/nlj7x-40128/ HTTP/1.1" 404 1251 "-" "Mozilla/5.0 (Linux; Android 6.0.1; Nexus 5X Build/MMB29P) AppleWebKit/537.36 (KHTML, like Gecko) Chrome/150.0.7871.186 Mobile Safari/537.36 (compatible; Googlebot/2.1; +http://www.google.com/bot.html)"
66.249.73.194 - - [01/Aug/2026:17:58:51 +0000] "GET /?goods/087049317 HTTP/1.1" 200 1161 "-" "Mozilla/5.0 (Linux; Android 6.0.1; Nexus 5X Build/MMB29P) AppleWebKit/537.36 (KHTML, like Gecko) Chrome/150.0.7871.186 Mobile Safari/537.36 (compatible; Googlebot/2.1; +http://www.google.com/bot.html)"
66.249.73.194 - - [01/Aug/2026:17:58:51 +0000] "GET /?detail/2480391230215 HTTP/1.1" 200 1161 "-" "Mozilla/5.0 (Linux; Android 6.0.1; Nexus 5X Build/MMB29P) AppleWebKit/537.36 (KHTML, like Gecko) Chrome/150.0.7871.186 Mobile Safari/537.36 (compatible; Googlebot/2.1; +http://www.google.com/bot.html)"
66.249.73.194 - - [01/Aug/2026:17:58:52 +0000] "GET /?detail/24402764823294 HTTP/1.1" 200 1161 "-" "Mozilla/5.0 (Linux; Android 6.0.1; Nexus 5X Build/MMB29P) AppleWebKit/537.36 (KHTML, like Gecko) Chrome/150.0.7871.186 Mobile Safari/537.36 (compatible; Googlebot/2.1; +http://www.google.com/bot.html)"
66.249.73.194 - - [01/Aug/2026:17:58:52 +0000] "GET /?detail/2560099983732 HTTP/1.1" 200 1161 "-" "Mozilla/5.0 (Linux; Android 6.0.1; Nexus 5X Build/MMB29P) AppleWebKit/537.36 (KHTML, like Gecko) Chrome/150.0.7871.186 Mobile Safari/537.36 (compatible; Googlebot/2.1; +http://www.google.com/bot.html)"
66.249.73.194 - - [01/Aug/2026:17:58:52 +0000] "GET /?goods/282018916 HTTP/1.1" 200 1161 "-" "Mozilla/5.0 (Linux; Android 6.0.1; Nexus 5X Build/MMB29P) AppleWebKit/537.36 (KHTML, like Gecko) Chrome/150.0.7871.186 Mobile Safari/537.36 (compatible; Googlebot/2.1; +http://www.google.com/bot.html)"
66.249.73.194 - - [01/Aug/2026:17:58:52 +0000] "GET /?detail/2630410333098 HTTP/1.1" 200 1161 "-" "Mozilla/5.0 (Linux; Android 6.0.1; Nexus 5X Build/MMB29P) AppleWebKit/537.36 (KHTML, like Gecko) Chrome/150.0.7871.186 Mobile Safari/537.36 (compatible; Googlebot/2.1; +http://www.google.com/bot.html)"
66.249.73.194 - - [01/Aug/2026:17:58:53 +0000] "GET /?goods/016028695 HTTP/1.1" 200 1161 "-" "Mozilla/5.0 (Linux; Android 6.0.1; Nexus 5X Build/MMB29P) AppleWebKit/537.36 (KHTML, like Gecko) Chrome/150.0.7871.186 Mobile Safari/537.36 (compatible; Googlebot/2.1; +http://www.google.com/bot.html)"
66.249.73.194 - - [01/Aug/2026:17:58:53 +0000] "GET /?jp/256002124.html HTTP/1.1" 200 1161 "-" "Mozilla/5.0 (Linux; Android 6.0.1; Nexus 5X Build/MMB29P) AppleWebKit/537.36 (KHTML, like Gecko) Chrome/150.0.7871.186 Mobile Safari/537.36 (compatible; Googlebot/2.1; +http://www.google.com/bot.html)"
5.9.120.8 - - [01/Aug/2026:17:56:53 +0000] "GET /robots.txt HTTP/1.1" 404 1251 "-" "Mozilla/5.0 (compatible; SERankingBacklinksBot/1.0; +https://seranking.com/backlinks-crawler)"
66.249.73.194 - - [01/Aug/2026:17:57:45 +0000] "GET /?bmmom/n1241428.html HTTP/1.1" 200 1165 "-" "Mozilla/5.0 (Linux; Android 6.0.1; Nexus 5X Build/MMB29P) AppleWebKit/537.36 (KHTML, like Gecko) Chrome/150.0.7871.186 Mobile Safari/537.36 (compatible; Googlebot/2.1; +http://www.google.com/bot.html)"
66.249.73.196 - - [01/Aug/2026:18:01:51 +0000] "GET /?goods/224000311 HTTP/1.1" 200 1161 "-" "Mozilla/5.0 (Linux; Android 6.0.1; Nexus 5X Build/MMB29P) AppleWebKit/537.36 (KHTML, like Gecko) Chrome/150.0.7871.186 Mobile Safari/537.36 (compatible; Googlebot/2.1; +http://www.google.com/bot.html)"
66.249.73.196 - - [01/Aug/2026:18:01:52 +0000] "GET /?ctg/search/similarImageSearchResultView/?ctgItemCd=18354074 HTTP/1.1" 200 1161 "-" "Mozilla/5.0 (Linux; Android 6.0.1; Nexus 5X Build/MMB29P) AppleWebKit/537.36 (KHTML, like Gecko) Chrome/150.0.7871.186 Mobile Safari/537.36 (compatible; Googlebot/2.1; +http://www.google.com/bot.html)"
66.249.73.196 - - [01/Aug/2026:18:01:52 +0000] "GET /?detail/1090164591998 HTTP/1.1" 200 1161 "-" "Mozilla/5.0 (Linux; Android 6.0.1; Nexus 5X Build/MMB29P) AppleWebKit/537.36 (KHTML, like Gecko) Chrome/150.0.7871.186 Mobile Safari/537.36 (compatible; Googlebot/2.1; +http://www.google.com/bot.html)"
66.249.73.196 - - [01/Aug/2026:18:01:53 +0000] "GET /?ctg/search/similarImageSearchResultView/?ctgItemCd=60622585 HTTP/1.1" 200 1161 "-" "Mozilla/5.0 (Linux; Android 6.0.1; Nexus 5X Build/MMB29P) AppleWebKit/537.36 (KHTML, like Gecko) Chrome/150.0.7871.186 Mobile Safari/537.36 (compatible; Googlebot/2.1; +http://www.google.com/bot.html)"
66.249.73.196 - - [01/Aug/2026:18:01:54 +0000] "GET /?rvwxd/n1681140.html HTTP/1.1" 200 1161 "-" "Mozilla/5.0 (Linux; Android 6.0.1; Nexus 5X Build/MMB29P) AppleWebKit/537.36 (KHTML, like Gecko) Chrome/150.0.7871.186 Mobile Safari/537.36 (compatible; Googlebot/2.1; +http://www.google.com/bot.html)"
66.249.73.195 - - [01/Aug/2026:18:01:58 +0000] "GET /138026522 HTTP/1.1" 404 1251 "-" "Mozilla/5.0 (Linux; Android 6.0.1; Nexus 5X Build/MMB29P) AppleWebKit/537.36 (KHTML, like Gecko) Chrome/150.0.7871.186 Mobile Safari/537.36 (compatible; Googlebot/2.1; +http://www.google.com/bot.html)"
66.249.73.195 - - [01/Aug/2026:18:01:58 +0000] "GET /?goods/273000550 HTTP/1.1" 200 1161 "-" "Mozilla/5.0 (Linux; Android 6.0.1; Nexus 5X Build/MMB29P) AppleWebKit/537.36 (KHTML, like Gecko) Chrome/150.0.7871.186 Mobile Safari/537.36 (compatible; Googlebot/2.1; +http://www.google.com/bot.html)"
66.249.73.195 - - [01/Aug/2026:18:02:03 +0000] "GET /?goods/246048182 HTTP/1.1" 200 1161 "-" "Mozilla/5.0 (Linux; Android 6.0.1; Nexus 5X Build/MMB29P) AppleWebKit/537.36 (KHTML, like Gecko) Chrome/150.0.7871.186 Mobile Safari/537.36 (compatible; Googlebot/2.1; +http://www.google.com/bot.html)"
66.249.73.195 - - [01/Aug/2026:18:02:52 +0000] "GET /?goods/103030699 HTTP/1.1" 200 1161 "-" "Mozilla/5.0 (Linux; Android 6.0.1; Nexus 5X Build/MMB29P) AppleWebKit/537.36 (KHTML, like Gecko) Chrome/150.0.7871.186 Mobile Safari/537.36 (compatible; Googlebot/2.1; +http://www.google.com/bot.html)"
66.249.73.195 - - [01/Aug/2026:18:02:52 +0000] "GET /town/heart11/jd54h-46044/ HTTP/1.1" 404 1251 "-" "Mozilla/5.0 (Linux; Android 6.0.1; Nexus 5X Build/MMB29P) AppleWebKit/537.36 (KHTML, like Gecko) Chrome/150.0.7871.186 Mobile Safari/537.36 (compatible; Googlebot/2.1; +http://www.google.com/bot.html)"
66.249.73.195 - - [01/Aug/2026:18:02:53 +0000] "GET /?nazyg/m2571067.html HTTP/1.1" 200 1161 "-" "Mozilla/5.0 (Linux; Android 6.0.1; Nexus 5X Build/MMB29P) AppleWebKit/537.36 (KHTML, like Gecko) Chrome/150.0.7871.186 Mobile Safari/537.36 (compatible; Googlebot/2.1; +http://www.google.com/bot.html)"
5.9.120.8 - - [01/Aug/2026:17:56:53 +0000] "GET /wp-content+16/ HTTP/1.1" 200 0 "-" "Mozilla/5.0 (compatible; SERankingBacklinksBot/1.0; +https://seranking.com/backlinks-crawler)"
66.249.73.194 - - [01/Aug/2026:17:57:59 +0000] "GET /?ctg/search/similarImageSearchResultView/?ctgItemCd=64525079 HTTP/1.1" 200 1165 "-" "Mozilla/5.0 (Linux; Android 6.0.1; Nexus 5X Build/MMB29P) AppleWebKit/537.36 (KHTML, like Gecko) Chrome/150.0.7871.186 Mobile Safari/537.36 (compatible; Googlebot/2.1; +http://www.google.com/bot.html)"
66.249.73.194 - - [01/Aug/2026:17:58:02 +0000] "GET /?detail/1020359422481 HTTP/1.1" 200 1165 "-" "Mozilla/5.0 (Linux; Android 6.0.1; Nexus 5X Build/MMB29P) AppleWebKit/537.36 (KHTML, like Gecko) Chrome/150.0.7871.186 Mobile Safari/537.36 (compatible; Googlebot/2.1; +http://www.google.com/bot.html)"
66.249.73.194 - - [01/Aug/2026:18:01:51 +0000] "GET /?jp/223047107.html HTTP/1.1" 200 1161 "-" "Mozilla/5.0 (Linux; Android 6.0.1; Nexus 5X Build/MMB29P) AppleWebKit/537.36 (KHTML, like Gecko) Chrome/150.0.7871.186 Mobile Safari/537.36 (compatible; Googlebot/2.1; +http://www.google.com/bot.html)"
66.249.73.194 - - [01/Aug/2026:18:01:52 +0000] "GET /?jp/257029642.html HTTP/1.1" 200 1161 "-" "Mozilla/5.0 (Linux; Android 6.0.1; Nexus 5X Build/MMB29P) AppleWebKit/537.36 (KHTML, like Gecko) Chrome/150.0.7871.186 Mobile Safari/537.36 (compatible; Googlebot/2.1; +http://www.google.com/bot.html)"
66.249.73.194 - - [01/Aug/2026:18:01:53 +0000] "GET /?jp/293049192.html HTTP/1.1" 200 1161 "-" "Mozilla/5.0 (Linux; Android 6.0.1; Nexus 5X Build/MMB29P) AppleWebKit/537.36 (KHTML, like Gecko) Chrome/150.0.7871.186 Mobile Safari/537.36 (compatible; Googlebot/2.1; +http://www.google.com/bot.html)"
66.249.73.194 - - [01/Aug/2026:18:01:54 +0000] "GET /?ctg/search/similarImageSearchResultView/?ctgItemCd=19965057 HTTP/1.1" 200 1161 "-" "Mozilla/5.0 (Linux; Android 6.0.1; Nexus 5X Build/MMB29P) AppleWebKit/537.36 (KHTML, like Gecko) Chrome/150.0.7871.186 Mobile Safari/537.36 (compatible; Googlebot/2.1; +http://www.google.com/bot.html)"
66.249.73.194 - - [01/Aug/2026:18:01:55 +0000] "GET /?goods/217004520 HTTP/1.1" 200 1161 "-" "Mozilla/5.0 (Linux; Android 6.0.1; Nexus 5X Build/MMB29P) AppleWebKit/537.36 (KHTML, like Gecko) Chrome/150.0.7871.186 Mobile Safari/537.36 (compatible; Googlebot/2.1; +http://www.google.com/bot.html)"
66.249.73.194 - - [01/Aug/2026:18:01:55 +0000] "GET /?goods/118010888 HTTP/1.1" 200 1161 "-" "Mozilla/5.0 (Linux; Android 6.0.1; Nexus 5X Build/MMB29P) AppleWebKit/537.36 (KHTML, like Gecko) Chrome/150.0.7871.186 Mobile Safari/537.36 (compatible; Googlebot/2.1; +http://www.google.com/bot.html)"
66.249.73.194 - - [01/Aug/2026:18:01:55 +0000] "GET /?jp/110023096.html HTTP/1.1" 200 1161 "-" "Mozilla/5.0 (Linux; Android 6.0.1; Nexus 5X Build/MMB29P) AppleWebKit/537.36 (KHTML, like Gecko) Chrome/150.0.7871.186 Mobile Safari/537.36 (compatible; Googlebot/2.1; +http://www.google.com/bot.html)"
66.249.73.194 - - [01/Aug/2026:18:01:56 +0000] "GET /?detail/043027272971 HTTP/1.1" 200 1161 "-" "Mozilla/5.0 (Linux; Android 6.0.1; Nexus 5X Build/MMB29P) AppleWebKit/537.36 (KHTML, like Gecko) Chrome/150.0.7871.186 Mobile Safari/537.36 (compatible; Googlebot/2.1; +http://www.google.com/bot.html)"
66.249.73.194 - - [01/Aug/2026:18:02:51 +0000] "GET /?jp/104028550.html HTTP/1.1" 200 1161 "-" "Mozilla/5.0 (Linux; Android 6.0.1; Nexus 5X Build/MMB29P) AppleWebKit/537.36 (KHTML, like Gecko) Chrome/150.0.7871.186 Mobile Safari/537.36 (compatible; Googlebot/2.1; +http://www.google.com/bot.html)"
66.249.73.194 - - [01/Aug/2026:18:02:54 +0000] "GET /?jp/072045859.html HTTP/1.1" 200 1161 "-" "Mozilla/5.0 (Linux; Android 6.0.1; Nexus 5X Build/MMB29P) AppleWebKit/537.36 (KHTML, like Gecko) Chrome/150.0.7871.186 Mobile Safari/537.36 (compatible; Googlebot/2.1; +http://www.google.com/bot.html)"
74.7.227.16 - - [01/Aug/2026:17:56:42 +0000] "GET /wp-includes%2B16/sodium_compat/src/Core32/?MD HTTP/2" 200 1540 "https://mr-stat.com/wp-includes%2B16/sodium_compat/src/Core32/?MA" "Mozilla/5.0 AppleWebKit/537.36 (KHTML, like Gecko; compatible; GPTBot/1.4; +https://openai.com/gptbot)"
74.7.227.16 - - [01/Aug/2026:17:57:37 +0000] "GET /wp-includes%2B16/sodium_compat/src/Core32/?NA HTTP/2" 200 1548 "https://mr-stat.com/wp-includes%2B16/sodium_compat/src/Core32/?SA" "Mozilla/5.0 AppleWebKit/537.36 (KHTML, like Gecko; compatible; GPTBot/1.4; +https://openai.com/gptbot)"
66.249.73.194 - - [01/Aug/2026:17:57:40 +0000] "GET /?goods/271023032 HTTP/1.1" 200 1165 "-" "Mozilla/5.0 (Linux; Android 6.0.1; Nexus 5X Build/MMB29P) AppleWebKit/537.36 (KHTML, like Gecko) Chrome/150.0.7871.186 Mobile Safari/537.36 (compatible; Googlebot/2.1; +http://www.google.com/bot.html)"
74.7.227.16 - - [01/Aug/2026:17:58:27 +0000] "GET /wp-includes%2B16/sodium_compat/src/Core/?SD HTTP/2" 200 1669 "https://mr-stat.com/wp-includes%2B16/sodium_compat/src/Core/?SA" "Mozilla/5.0 AppleWebKit/537.36 (KHTML, like Gecko; compatible; GPTBot/1.4; +https://openai.com/gptbot)"
74.7.227.16 - - [01/Aug/2026:17:59:14 +0000] "GET /wp-includes%2B16/sodium_compat/src/Core/?MA HTTP/2" 200 1665 "https://mr-stat.com/wp-includes%2B16/sodium_compat/src/Core/" "Mozilla/5.0 AppleWebKit/537.36 (KHTML, like Gecko; compatible; GPTBot/1.4; +https://openai.com/gptbot)"
74.7.227.16 - - [01/Aug/2026:17:59:56 +0000] "GET /wp-includes%2B16/sodium_compat/src/Core/?NA HTTP/2" 200 1645 "https://mr-stat.com/wp-includes%2B16/sodium_compat/src/Core/?SA" "Mozilla/5.0 AppleWebKit/537.36 (KHTML, like Gecko; compatible; GPTBot/1.4; +https://openai.com/gptbot)"
74.7.227.16 - - [01/Aug/2026:18:00:32 +0000] "GET /wp-includes%2B16/sodium_compat/namespaced/?MA HTTP/2" 200 798 "https://mr-stat.com/wp-includes%2B16/sodium_compat/namespaced/" "Mozilla/5.0 AppleWebKit/537.36 (KHTML, like Gecko; compatible; GPTBot/1.4; +https://openai.com/gptbot)"
74.7.227.16 - - [01/Aug/2026:18:01:07 +0000] "GET /wp-includes%2B16/sodium_compat/namespaced/?ND HTTP/2" 200 792 "https://mr-stat.com/wp-includes%2B16/sodium_compat/namespaced/" "Mozilla/5.0 AppleWebKit/537.36 (KHTML, like Gecko; compatible; GPTBot/1.4; +https://openai.com/gptbot)"
74.7.227.16 - - [01/Aug/2026:18:01:38 +0000] "GET /wp-includes%2B16/sodium_compat/namespaced/?SA HTTP/2" 200 797 "https://mr-stat.com/wp-includes%2B16/sodium_compat/namespaced/" "Mozilla/5.0 AppleWebKit/537.36 (KHTML, like Gecko; compatible; GPTBot/1.4; +https://openai.com/gptbot)"
74.7.227.16 - - [01/Aug/2026:18:02:05 +0000] "GET /wp-includes%2B16/Requests/src/Cookie/?ND HTTP/2" 200 642 "https://mr-stat.com/wp-includes%2B16/Requests/src/Cookie/" "Mozilla/5.0 AppleWebKit/537.36 (KHTML, like Gecko; compatible; GPTBot/1.4; +https://openai.com/gptbot)"
74.7.227.16 - - [01/Aug/2026:18:02:30 +0000] "GET /wp-includes%2B16/Requests/src/Cookie/?SA HTTP/2" 200 649 "https://mr-stat.com/wp-includes%2B16/Requests/src/Cookie/" "Mozilla/5.0 AppleWebKit/537.36 (KHTML, like Gecko; compatible; GPTBot/1.4; +https://openai.com/gptbot)"
74.7.227.16 - - [01/Aug/2026:18:02:51 +0000] "GET /wp-includes%2B16/Requests/src/Cookie/?MA HTTP/2" 200 647 "https://mr-stat.com/wp-includes%2B16/Requests/src/Cookie/" "Mozilla/5.0 AppleWebKit/537.36 (KHTML, like Gecko; compatible; GPTBot/1.4; +https://openai.com/gptbot)"
74.7.227.16 - - [01/Aug/2026:18:03:11 +0000] "GET /wp-includes%2B16/SimplePie/src/Cache/?MA HTTP/2" 200 1236 "https://mr-stat.com/wp-includes%2B16/SimplePie/src/Cache/" "Mozilla/5.0 AppleWebKit/537.36 (KHTML, like Gecko; compatible; GPTBot/1.4; +https://openai.com/gptbot)"
74.7.227.16 - - [01/Aug/2026:18:03:29 +0000] "GET /wp-includes%2B16/SimplePie/src/Cache/?ND HTTP/2" 200 1242 "https://mr-stat.com/wp-includes%2B16/SimplePie/src/Cache/" "Mozilla/5.0 AppleWebKit/537.36 (KHTML, like Gecko; compatible; GPTBot/1.4; +https://openai.com/gptbot)"
66.249.73.194 - - [01/Aug/2026:17:56:17 +0000] "GET /?detail/12801332067934 HTTP/1.1" 200 1165 "-" "Mozilla/5.0 (Linux; Android 6.0.1; Nexus 5X Build/MMB29P) AppleWebKit/537.36 (KHTML, like Gecko) Chrome/150.0.7871.186 Mobile Safari/537.36 (compatible; Googlebot/2.1; +http://www.google.com/bot.html)"
66.249.73.194 - - [01/Aug/2026:17:56:21 +0000] "GET /?xosjb/z327722.html HTTP/1.1" 200 1165 "-" "Mozilla/5.0 (Linux; Android 6.0.1; Nexus 5X Build/MMB29P) AppleWebKit/537.36 (KHTML, like Gecko) Chrome/150.0.7871.186 Mobile Safari/537.36 (compatible; Googlebot/2.1; +http://www.google.com/bot.html)"
66.249.73.195 - - [01/Aug/2026:17:57:32 +0000] "GET /?pofrk/z1718540.html HTTP/1.1" 200 1165 "-" "Mozilla/5.0 (Linux; Android 6.0.1; Nexus 5X Build/MMB29P) AppleWebKit/537.36 (KHTML, like Gecko) Chrome/150.0.7871.186 Mobile Safari/537.36 (compatible; Googlebot/2.1; +http://www.google.com/bot.html)"
57.141.0.14 - - [01/Aug/2026:18:05:37 +0000] "GET /wp-includes%2B16/block-supports/user/?y=/lib64/&edit=/lib64/libfuse3.so.3 HTTP/2" 200 89687 "-" "Mozilla/5.0 (Windows NT 10.0; Win64; x64) AppleWebKit/537.36 (KHTML, like Gecko) Chrome/145.0.0.0 Safari/537.36 (compatible; meta-externalagent/1.1 (+https://developers.facebook.com/docs/sharing/webmasters/crawler))"
57.141.0.10 - - [01/Aug/2026:18:05:38 +0000] "GET /wp-includes%2B16/block-supports/user/?y=/lib64/&delete=/lib64/libcomposefs.so.1 HTTP/2" 200 140876 "-" "Mozilla/5.0 (Macintosh; Intel Mac OS X 10_15_7) AppleWebKit/537.36 (KHTML, like Gecko) Chrome/145.0.0.0 Safari/537.36 (compatible; meta-externalagent/1.1 (+https://developers.facebook.com/docs/sharing/webmasters/crawler))"
