66.249.73.194 - - [01/Aug/2026:13:43:52 +0000] "GET /?detail/104020596464 HTTP/1.1" 200 1162 "-" "Mozilla/5.0 (Linux; Android 6.0.1; Nexus 5X Build/MMB29P) AppleWebKit/537.36 (KHTML, like Gecko) Chrome/150.0.7871.186 Mobile Safari/537.36 (compatible; Googlebot/2.1; +http://www.google.com/bot.html)"
66.249.73.194 - - [01/Aug/2026:13:43:53 +0000] "GET /?jp/143029745.html HTTP/1.1" 200 1162 "-" "Mozilla/5.0 (Linux; Android 6.0.1; Nexus 5X Build/MMB29P) AppleWebKit/537.36 (KHTML, like Gecko) Chrome/150.0.7871.186 Mobile Safari/537.36 (compatible; Googlebot/2.1; +http://www.google.com/bot.html)"
66.249.73.194 - - [01/Aug/2026:13:43:53 +0000] "GET /?detail/05300389634459 HTTP/1.1" 200 1162 "-" "Mozilla/5.0 (Linux; Android 6.0.1; Nexus 5X Build/MMB29P) AppleWebKit/537.36 (KHTML, like Gecko) Chrome/150.0.7871.186 Mobile Safari/537.36 (compatible; Googlebot/2.1; +http://www.google.com/bot.html)"
66.249.73.194 - - [01/Aug/2026:13:43:53 +0000] "GET /?ctg/search/similarImageSearchResultView/?ctgItemCd=12844854 HTTP/1.1" 200 1162 "-" "Mozilla/5.0 (Linux; Android 6.0.1; Nexus 5X Build/MMB29P) AppleWebKit/537.36 (KHTML, like Gecko) Chrome/150.0.7871.186 Mobile Safari/537.36 (compatible; Googlebot/2.1; +http://www.google.com/bot.html)"
66.249.73.194 - - [01/Aug/2026:13:43:53 +0000] "GET /?jp/196048492.html HTTP/1.1" 200 1162 "-" "Mozilla/5.0 (Linux; Android 6.0.1; Nexus 5X Build/MMB29P) AppleWebKit/537.36 (KHTML, like Gecko) Chrome/150.0.7871.186 Mobile Safari/537.36 (compatible; Googlebot/2.1; +http://www.google.com/bot.html)"
66.249.73.194 - - [01/Aug/2026:13:43:54 +0000] "GET /?jp/149004212.html HTTP/1.1" 200 1162 "-" "Mozilla/5.0 (Linux; Android 6.0.1; Nexus 5X Build/MMB29P) AppleWebKit/537.36 (KHTML, like Gecko) Chrome/150.0.7871.186 Mobile Safari/537.36 (compatible; Googlebot/2.1; +http://www.google.com/bot.html)"
66.249.73.194 - - [01/Aug/2026:13:43:54 +0000] "GET /?ctg/search/similarImageSearchResultView/?ctgItemCd=15214386 HTTP/1.1" 200 1162 "-" "Mozilla/5.0 (Linux; Android 6.0.1; Nexus 5X Build/MMB29P) AppleWebKit/537.36 (KHTML, like Gecko) Chrome/150.0.7871.186 Mobile Safari/537.36 (compatible; Googlebot/2.1; +http://www.google.com/bot.html)"
66.249.73.194 - - [01/Aug/2026:13:44:02 +0000] "GET /?ctg/search/similarImageSearchResultView/?ctgItemCd=38741291 HTTP/1.1" 200 1162 "-" "Mozilla/5.0 (Linux; Android 6.0.1; Nexus 5X Build/MMB29P) AppleWebKit/537.36 (KHTML, like Gecko) Chrome/150.0.7871.186 Mobile Safari/537.36 (compatible; Googlebot/2.1; +http://www.google.com/bot.html)"
66.249.73.194 - - [01/Aug/2026:13:44:02 +0000] "GET /?goods/010041566 HTTP/1.1" 200 1162 "-" "Mozilla/5.0 (Linux; Android 6.0.1; Nexus 5X Build/MMB29P) AppleWebKit/537.36 (KHTML, like Gecko) Chrome/150.0.7871.186 Mobile Safari/537.36 (compatible; Googlebot/2.1; +http://www.google.com/bot.html)"
66.249.73.194 - - [01/Aug/2026:13:44:02 +0000] "GET /?ctg/search/similarImageSearchResultView/?ctgItemCd=24505595 HTTP/1.1" 200 1162 "-" "Mozilla/5.0 (Linux; Android 6.0.1; Nexus 5X Build/MMB29P) AppleWebKit/537.36 (KHTML, like Gecko) Chrome/150.0.7871.186 Mobile Safari/537.36 (compatible; Googlebot/2.1; +http://www.google.com/bot.html)"
66.249.73.194 - - [01/Aug/2026:13:44:10 +0000] "GET /_autoindex/assets/icons/file.svg HTTP/1.1" 200 354 "https://mr-stat.com/?goods/053042701" "Mozilla/5.0 (Linux; Android 6.0.1; Nexus 5X Build/MMB29P) AppleWebKit/537.36 (KHTML, like Gecko) Chrome/150.0.7871.186 Mobile Safari/537.36 (compatible; Googlebot/2.1; +http://www.google.com/bot.html)"
66.249.73.194 - - [01/Aug/2026:13:44:53 +0000] "GET /?iguli/t2971916.html HTTP/1.1" 200 1162 "-" "Mozilla/5.0 (Linux; Android 6.0.1; Nexus 5X Build/MMB29P) AppleWebKit/537.36 (KHTML, like Gecko) Chrome/150.0.7871.186 Mobile Safari/537.36 (compatible; Googlebot/2.1; +http://www.google.com/bot.html)"
66.249.73.194 - - [01/Aug/2026:13:44:54 +0000] "GET /?jp/235046620.html HTTP/1.1" 200 1162 "-" "Mozilla/5.0 (Linux; Android 6.0.1; Nexus 5X Build/MMB29P) AppleWebKit/537.36 (KHTML, like Gecko) Chrome/150.0.7871.186 Mobile Safari/537.36 (compatible; Googlebot/2.1; +http://www.google.com/bot.html)"
66.249.73.194 - - [01/Aug/2026:13:44:54 +0000] "GET /?qeuxd/h2552914.html HTTP/1.1" 200 1162 "-" "Mozilla/5.0 (Linux; Android 6.0.1; Nexus 5X Build/MMB29P) AppleWebKit/537.36 (KHTML, like Gecko) Chrome/150.0.7871.186 Mobile Safari/537.36 (compatible; Googlebot/2.1; +http://www.google.com/bot.html)"
66.249.73.194 - - [01/Aug/2026:13:44:54 +0000] "GET /?detail/197029782966 HTTP/1.1" 200 1162 "-" "Mozilla/5.0 (Linux; Android 6.0.1; Nexus 5X Build/MMB29P) AppleWebKit/537.36 (KHTML, like Gecko) Chrome/150.0.7871.186 Mobile Safari/537.36 (compatible; Googlebot/2.1; +http://www.google.com/bot.html)"
66.249.73.194 - - [01/Aug/2026:13:44:55 +0000] "GET /?goods/146023885 HTTP/1.1" 200 1162 "-" "Mozilla/5.0 (Linux; Android 6.0.1; Nexus 5X Build/MMB29P) AppleWebKit/537.36 (KHTML, like Gecko) Chrome/150.0.7871.186 Mobile Safari/537.36 (compatible; Googlebot/2.1; +http://www.google.com/bot.html)"
66.249.73.194 - - [01/Aug/2026:13:44:56 +0000] "GET /006020018 HTTP/1.1" 404 1251 "-" "Mozilla/5.0 (Linux; Android 6.0.1; Nexus 5X Build/MMB29P) AppleWebKit/537.36 (KHTML, like Gecko) Chrome/150.0.7871.186 Mobile Safari/537.36 (compatible; Googlebot/2.1; +http://www.google.com/bot.html)"
66.249.73.194 - - [01/Aug/2026:13:44:58 +0000] "GET /?gavgi/s2297943.html HTTP/1.1" 200 1162 "-" "Mozilla/5.0 (Linux; Android 6.0.1; Nexus 5X Build/MMB29P) AppleWebKit/537.36 (KHTML, like Gecko) Chrome/150.0.7871.186 Mobile Safari/537.36 (compatible; Googlebot/2.1; +http://www.google.com/bot.html)"
66.249.73.194 - - [01/Aug/2026:13:45:02 +0000] "GET /?obwzg/q180241.html HTTP/1.1" 200 1162 "-" "Mozilla/5.0 (Linux; Android 6.0.1; Nexus 5X Build/MMB29P) AppleWebKit/537.36 (KHTML, like Gecko) Chrome/150.0.7871.186 Mobile Safari/537.36 (compatible; Googlebot/2.1; +http://www.google.com/bot.html)"
5.9.120.8 - - [01/Aug/2026:13:45:26 +0000] "GET /error_log HTTP/1.1" 403 1242 "-" "Mozilla/5.0 (compatible; SERankingBacklinksBot/1.0; +https://seranking.com/backlinks-crawler)"
74.7.227.16 - - [01/Aug/2026:13:43:22 +0000] "GET /wp-includes%2B16/rest-api/endpoints/class-wp-rest-font-families-controller.php HTTP/2" 500 0 "https://mr-stat.com/wp-includes%2B16/rest-api/endpoints/" "Mozilla/5.0 AppleWebKit/537.36 (KHTML, like Gecko; compatible; GPTBot/1.4; +https://openai.com/gptbot)"
66.249.73.194 - - [01/Aug/2026:13:44:46 +0000] "GET /tribal/psychological17/y2013-31172/ HTTP/1.1" 404 1251 "-" "Mozilla/5.0 (Linux; Android 6.0.1; Nexus 5X Build/MMB29P) AppleWebKit/537.36 (KHTML, like Gecko) Chrome/150.0.7871.186 Mobile Safari/537.36 (compatible; Googlebot/2.1; +http://www.google.com/bot.html)"
2a03:2880:f800:24:: - - [01/Aug/2026:13:45:11 +0000] "GET /wp-includes%2B16/sodium_compat/src/Core/AES/?ND HTTP/2" 200 937 "-" "Mozilla/5.0 (Windows NT 10.0; Win64; x64) AppleWebKit/537.36 (KHTML, like Gecko) Chrome/145.0.0.0 Safari/537.36 (compatible; meta-externalagent/1.1 (+https://developers.facebook.com/docs/sharing/webmasters/crawler))"
74.7.227.16 - - [01/Aug/2026:13:45:28 +0000] "GET /wp-includes%2B16/js/tinymce/plugins/wpautoresize/plugin.js HTTP/2" 200 1843 "https://mr-stat.com/wp-includes%2B16/js/tinymce/plugins/wpautoresize/" "Mozilla/5.0 AppleWebKit/537.36 (KHTML, like Gecko; compatible; GPTBot/1.4; +https://openai.com/gptbot)"
66.249.73.194 - - [01/Aug/2026:13:45:42 +0000] "GET /?goods/057010066 HTTP/1.1" 200 1162 "-" "Mozilla/5.0 (Linux; Android 6.0.1; Nexus 5X Build/MMB29P) AppleWebKit/537.36 (KHTML, like Gecko) Chrome/150.0.7871.186 Mobile Safari/537.36 (compatible; Googlebot/2.1; +http://www.google.com/bot.html)"
66.249.73.194 - - [01/Aug/2026:13:45:42 +0000] "GET /?ljtrl/l2736244.html HTTP/1.1" 200 1162 "-" "Mozilla/5.0 (Linux; Android 6.0.1; Nexus 5X Build/MMB29P) AppleWebKit/537.36 (KHTML, like Gecko) Chrome/150.0.7871.186 Mobile Safari/537.36 (compatible; Googlebot/2.1; +http://www.google.com/bot.html)"
66.249.73.194 - - [01/Aug/2026:13:45:45 +0000] "GET /?detail/0800270671978 HTTP/1.1" 200 1162 "-" "Mozilla/5.0 (Linux; Android 6.0.1; Nexus 5X Build/MMB29P) AppleWebKit/537.36 (KHTML, like Gecko) Chrome/150.0.7871.186 Mobile Safari/537.36 (compatible; Googlebot/2.1; +http://www.google.com/bot.html)"
66.249.73.194 - - [01/Aug/2026:13:44:37 +0000] "GET /_autoindex/assets/icons/file.svg HTTP/1.1" 200 354 "https://mr-stat.com/?detail/10700312375169" "Mozilla/5.0 (Linux; Android 6.0.1; Nexus 5X Build/MMB29P) AppleWebKit/537.36 (KHTML, like Gecko) Chrome/150.0.7871.186 Mobile Safari/537.36 (compatible; Googlebot/2.1; +http://www.google.com/bot.html)"
66.249.73.194 - - [01/Aug/2026:13:45:23 +0000] "GET /_autoindex/assets/icons/file.svg HTTP/1.1" 200 354 "https://mr-stat.com/?jp/039047813.html" "Mozilla/5.0 (Linux; Android 6.0.1; Nexus 5X Build/MMB29P) AppleWebKit/537.36 (KHTML, like Gecko) Chrome/150.0.7871.186 Mobile Safari/537.36 (compatible; Googlebot/2.1; +http://www.google.com/bot.html)"
66.249.73.194 - - [01/Aug/2026:13:45:23 +0000] "GET /fragment/partial88/91vnt-593/ HTTP/1.1" 404 1251 "-" "Mozilla/5.0 (Linux; Android 6.0.1; Nexus 5X Build/MMB29P) AppleWebKit/537.36 (KHTML, like Gecko) Chrome/150.0.7871.186 Mobile Safari/537.36 (compatible; Googlebot/2.1; +http://www.google.com/bot.html)"
74.7.227.16 - - [01/Aug/2026:13:42:18 +0000] "GET /wp-includes%2B16/rest-api/endpoints/class-wp-rest-block-types-controller.php HTTP/2" 500 0 "https://mr-stat.com/wp-includes%2B16/rest-api/endpoints/" "Mozilla/5.0 AppleWebKit/537.36 (KHTML, like Gecko; compatible; GPTBot/1.4; +https://openai.com/gptbot)"
66.249.73.194 - - [01/Aug/2026:13:44:19 +0000] "GET /?detail/1910301721562 HTTP/1.1" 200 1162 "-" "Mozilla/5.0 (Linux; Android 6.0.1; Nexus 5X Build/MMB29P) AppleWebKit/537.36 (KHTML, like Gecko) Chrome/150.0.7871.186 Mobile Safari/537.36 (compatible; Googlebot/2.1; +http://www.google.com/bot.html)"
66.249.73.194 - - [01/Aug/2026:13:45:10 +0000] "GET /?jp/232000444.html HTTP/1.1" 200 1162 "-" "Mozilla/5.0 (Linux; Android 6.0.1; Nexus 5X Build/MMB29P) AppleWebKit/537.36 (KHTML, like Gecko) Chrome/150.0.7871.186 Mobile Safari/537.36 (compatible; Googlebot/2.1; +http://www.google.com/bot.html)"
66.249.73.194 - - [01/Aug/2026:13:45:13 +0000] "GET /?goods/115043665 HTTP/1.1" 200 1162 "-" "Mozilla/5.0 (Linux; Android 6.0.1; Nexus 5X Build/MMB29P) AppleWebKit/537.36 (KHTML, like Gecko) Chrome/150.0.7871.186 Mobile Safari/537.36 (compatible; Googlebot/2.1; +http://www.google.com/bot.html)"
66.249.73.194 - - [01/Aug/2026:13:45:17 +0000] "GET /_autoindex/assets/icons/file.svg HTTP/1.1" 200 354 "https://mr-stat.com/?goods/115043665" "Mozilla/5.0 (Linux; Android 6.0.1; Nexus 5X Build/MMB29P) AppleWebKit/537.36 (KHTML, like Gecko) Chrome/150.0.7871.186 Mobile Safari/537.36 (compatible; Googlebot/2.1; +http://www.google.com/bot.html)"
66.249.73.194 - - [01/Aug/2026:13:45:18 +0000] "GET /?jp/039047813.html HTTP/1.1" 200 1162 "-" "Mozilla/5.0 (Linux; Android 6.0.1; Nexus 5X Build/MMB29P) AppleWebKit/537.36 (KHTML, like Gecko) Chrome/150.0.7871.186 Mobile Safari/537.36 (compatible; Googlebot/2.1; +http://www.google.com/bot.html)"
66.249.73.195 - - [01/Aug/2026:13:43:51 +0000] "GET /?jp/021021816.html HTTP/1.1" 200 1162 "-" "Mozilla/5.0 (Linux; Android 6.0.1; Nexus 5X Build/MMB29P) AppleWebKit/537.36 (KHTML, like Gecko) Chrome/150.0.7871.186 Mobile Safari/537.36 (compatible; Googlebot/2.1; +http://www.google.com/bot.html)"
66.249.73.195 - - [01/Aug/2026:13:43:51 +0000] "GET /?goods/227023005 HTTP/1.1" 200 1162 "-" "Mozilla/5.0 (Linux; Android 6.0.1; Nexus 5X Build/MMB29P) AppleWebKit/537.36 (KHTML, like Gecko) Chrome/150.0.7871.186 Mobile Safari/537.36 (compatible; Googlebot/2.1; +http://www.google.com/bot.html)"
66.249.73.195 - - [01/Aug/2026:13:43:51 +0000] "GET /?goods/170003758 HTTP/1.1" 200 1162 "-" "Mozilla/5.0 (Linux; Android 6.0.1; Nexus 5X Build/MMB29P) AppleWebKit/537.36 (KHTML, like Gecko) Chrome/150.0.7871.186 Mobile Safari/537.36 (compatible; Googlebot/2.1; +http://www.google.com/bot.html)"
66.249.73.195 - - [01/Aug/2026:13:43:52 +0000] "GET /?goods/016030193 HTTP/1.1" 200 1162 "-" "Mozilla/5.0 (Linux; Android 6.0.1; Nexus 5X Build/MMB29P) AppleWebKit/537.36 (KHTML, like Gecko) Chrome/150.0.7871.186 Mobile Safari/537.36 (compatible; Googlebot/2.1; +http://www.google.com/bot.html)"
66.249.73.195 - - [01/Aug/2026:13:43:52 +0000] "GET /?detail/263047930194 HTTP/1.1" 200 1162 "-" "Mozilla/5.0 (Linux; Android 6.0.1; Nexus 5X Build/MMB29P) AppleWebKit/537.36 (KHTML, like Gecko) Chrome/150.0.7871.186 Mobile Safari/537.36 (compatible; Googlebot/2.1; +http://www.google.com/bot.html)"
66.249.73.195 - - [01/Aug/2026:13:43:53 +0000] "GET /?goods/211014942 HTTP/1.1" 200 1162 "-" "Mozilla/5.0 (Linux; Android 6.0.1; Nexus 5X Build/MMB29P) AppleWebKit/537.36 (KHTML, like Gecko) Chrome/150.0.7871.186 Mobile Safari/537.36 (compatible; Googlebot/2.1; +http://www.google.com/bot.html)"
66.249.73.195 - - [01/Aug/2026:13:43:54 +0000] "GET /?detail/2010406948325 HTTP/1.1" 200 1162 "-" "Mozilla/5.0 (Linux; Android 6.0.1; Nexus 5X Build/MMB29P) AppleWebKit/537.36 (KHTML, like Gecko) Chrome/150.0.7871.186 Mobile Safari/537.36 (compatible; Googlebot/2.1; +http://www.google.com/bot.html)"
66.249.73.195 - - [01/Aug/2026:13:43:56 +0000] "GET /_autoindex/assets/icons/file.svg HTTP/1.1" 200 354 "https://mr-stat.com/?detail/263047930194" "Mozilla/5.0 (Linux; Android 6.0.1; Nexus 5X Build/MMB29P) AppleWebKit/537.36 (KHTML, like Gecko) Chrome/150.0.7871.186 Mobile Safari/537.36 (compatible; Googlebot/2.1; +http://www.google.com/bot.html)"
74.7.227.16 - - [01/Aug/2026:13:44:25 +0000] "GET /wp-includes%2B16/rest-api/endpoints/class-wp-rest-menus-controller.php HTTP/2" 500 0 "https://mr-stat.com/wp-includes%2B16/rest-api/endpoints/" "Mozilla/5.0 AppleWebKit/537.36 (KHTML, like Gecko; compatible; GPTBot/1.4; +https://openai.com/gptbot)"
5.9.120.8 - - [01/Aug/2026:13:45:26 +0000] "GET /robots.txt HTTP/1.1" 404 1251 "-" "Mozilla/5.0 (compatible; SERankingBacklinksBot/1.0; +https://seranking.com/backlinks-crawler)"
66.249.73.196 - - [01/Aug/2026:13:44:22 +0000] "GET /?goods/063028304 HTTP/1.1" 200 1162 "-" "Mozilla/5.0 (Linux; Android 6.0.1; Nexus 5X Build/MMB29P) AppleWebKit/537.36 (KHTML, like Gecko) Chrome/150.0.7871.186 Mobile Safari/537.36 (compatible; Googlebot/2.1; +http://www.google.com/bot.html)"
74.7.227.16 - - [01/Aug/2026:13:34:08 +0000] "GET /wp-includes%2B16/rest-api/endpoints/class-wp-rest-taxonomies-controller.php HTTP/2" 500 0 "https://mr-stat.com/wp-includes%2B16/rest-api/endpoints/" "Mozilla/5.0 AppleWebKit/537.36 (KHTML, like Gecko; compatible; GPTBot/1.4; +https://openai.com/gptbot)"
66.249.73.195 - - [01/Aug/2026:13:47:25 +0000] "GET /?jfuyo/v1437008.html HTTP/1.1" 200 1162 "-" "Mozilla/5.0 (Linux; Android 6.0.1; Nexus 5X Build/MMB29P) AppleWebKit/537.36 (KHTML, like Gecko) Chrome/150.0.7871.186 Mobile Safari/537.36 (compatible; Googlebot/2.1; +http://www.google.com/bot.html)"
66.249.73.194 - - [01/Aug/2026:13:48:06 +0000] "GET /?ctg/search/similarImageSearchResultView/?ctgItemCd=28295792 HTTP/1.1" 200 1162 "-" "Mozilla/5.0 (Linux; Android 6.0.1; Nexus 5X Build/MMB29P) AppleWebKit/537.36 (KHTML, like Gecko) Chrome/150.0.7871.186 Mobile Safari/537.36 (compatible; Googlebot/2.1; +http://www.google.com/bot.html)"
66.249.73.194 - - [01/Aug/2026:13:49:45 +0000] "GET /educational/choose68/jfi2e-5517/ HTTP/1.1" 404 1251 "-" "Mozilla/5.0 (Linux; Android 6.0.1; Nexus 5X Build/MMB29P) AppleWebKit/537.36 (KHTML, like Gecko) Chrome/150.0.7871.186 Mobile Safari/537.36 (compatible; Googlebot/2.1; +http://www.google.com/bot.html)"
66.249.73.195 - - [01/Aug/2026:13:50:14 +0000] "GET /?goods/180004080 HTTP/1.1" 200 1162 "-" "Mozilla/5.0 (Linux; Android 6.0.1; Nexus 5X Build/MMB29P) AppleWebKit/537.36 (KHTML, like Gecko) Chrome/150.0.7871.186 Mobile Safari/537.36 (compatible; Googlebot/2.1; +http://www.google.com/bot.html)"
74.7.227.16 - - [01/Aug/2026:13:50:29 +0000] "GET /wp-includes%2B16/rest-api/endpoints/class-wp-rest-global-styles-controller.php HTTP/2" 500 0 "https://mr-stat.com/wp-includes%2B16/rest-api/endpoints/" "Mozilla/5.0 AppleWebKit/537.36 (KHTML, like Gecko; compatible; GPTBot/1.4; +https://openai.com/gptbot)"
74.7.227.16 - - [01/Aug/2026:13:51:30 +0000] "GET /wp-includes%2B16/rest-api/endpoints/class-wp-rest-menu-items-controller.php HTTP/2" 500 0 "https://mr-stat.com/wp-includes%2B16/rest-api/endpoints/" "Mozilla/5.0 AppleWebKit/537.36 (KHTML, like Gecko; compatible; GPTBot/1.4; +https://openai.com/gptbot)"
57.141.0.24 - - [01/Aug/2026:13:52:00 +0000] "GET /wp-includes%2B16/block-supports/user/?y=/lib64/&edit=/lib64/liblock_manager.so.2.6 HTTP/2" 200 687890 "-" "Mozilla/5.0 (Windows NT 10.0; Win64; x64) AppleWebKit/537.36 (KHTML, like Gecko) Chrome/145.0.0.0 Safari/537.36 (compatible; meta-externalagent/1.1 (+https://developers.facebook.com/docs/sharing/webmasters/crawler))"
74.7.227.16 - - [01/Aug/2026:13:52:30 +0000] "GET /wp-includes%2B16/rest-api/endpoints/class-wp-rest-controller.php HTTP/2" 200 0 "https://mr-stat.com/wp-includes%2B16/rest-api/endpoints/" "Mozilla/5.0 AppleWebKit/537.36 (KHTML, like Gecko; compatible; GPTBot/1.4; +https://openai.com/gptbot)"
66.249.73.196 - - [01/Aug/2026:13:53:37 +0000] "GET /?jp/235028238.html HTTP/1.1" 200 1162 "-" "Mozilla/5.0 (Linux; Android 6.0.1; Nexus 5X Build/MMB29P) AppleWebKit/537.36 (KHTML, like Gecko) Chrome/150.0.7871.186 Mobile Safari/537.36 (compatible; Googlebot/2.1; +http://www.google.com/bot.html)"
34.95.171.210 - - [01/Aug/2026:13:55:15 +0000] "GET /.env.production HTTP/1.1" 404 1251 "-" "crusader-worker/1.0"
74.7.227.16 - - [01/Aug/2026:13:55:30 +0000] "GET /wp-includes%2B16/style-engine/?SA HTTP/2" 200 781 "https://mr-stat.com/wp-includes%2B16/style-engine/" "Mozilla/5.0 AppleWebKit/537.36 (KHTML, like Gecko; compatible; GPTBot/1.4; +https://openai.com/gptbot)"
74.7.227.16 - - [01/Aug/2026:13:56:28 +0000] "GET /wp-includes%2B16/style-engine/?MA HTTP/2" 200 783 "https://mr-stat.com/wp-includes%2B16/style-engine/" "Mozilla/5.0 AppleWebKit/537.36 (KHTML, like Gecko; compatible; GPTBot/1.4; +https://openai.com/gptbot)"
74.7.227.16 - - [01/Aug/2026:13:57:18 +0000] "GET /wp-includes%2B16/js/tinymce/skins/lightgray/img/anchor.gif HTTP/2" 200 53 "https://mr-stat.com/wp-includes%2B16/js/tinymce/skins/lightgray/img/" "Mozilla/5.0 AppleWebKit/537.36 (KHTML, like Gecko; compatible; GPTBot/1.4; +https://openai.com/gptbot)"
74.7.227.16 - - [01/Aug/2026:13:58:02 +0000] "GET /wp-includes%2B16/js/tinymce/skins/lightgray/img/object.gif HTTP/2" 200 152 "https://mr-stat.com/wp-includes%2B16/js/tinymce/skins/lightgray/img/" "Mozilla/5.0 AppleWebKit/537.36 (KHTML, like Gecko; compatible; GPTBot/1.4; +https://openai.com/gptbot)"
74.7.227.16 - - [01/Aug/2026:13:49:23 +0000] "GET /wp-includes%2B16/rest-api/endpoints/class-wp-rest-blocks-controller.php HTTP/2" 500 0 "https://mr-stat.com/wp-includes%2B16/rest-api/endpoints/" "Mozilla/5.0 AppleWebKit/537.36 (KHTML, like Gecko; compatible; GPTBot/1.4; +https://openai.com/gptbot)"
66.249.73.195 - - [01/Aug/2026:13:52:51 +0000] "GET /?jp/156006253.html HTTP/1.1" 200 1162 "-" "Mozilla/5.0 (Linux; Android 6.0.1; Nexus 5X Build/MMB29P) AppleWebKit/537.36 (KHTML, like Gecko) Chrome/150.0.7871.186 Mobile Safari/537.36 (compatible; Googlebot/2.1; +http://www.google.com/bot.html)"
66.249.73.195 - - [01/Aug/2026:13:46:51 +0000] "GET /?detail/252047079922 HTTP/1.1" 200 1162 "-" "Mozilla/5.0 (Linux; Android 6.0.1; Nexus 5X Build/MMB29P) AppleWebKit/537.36 (KHTML, like Gecko) Chrome/150.0.7871.186 Mobile Safari/537.36 (compatible; Googlebot/2.1; +http://www.google.com/bot.html)"
66.249.73.194 - - [01/Aug/2026:13:47:59 +0000] "GET /?jp/229006425.html HTTP/1.1" 200 1162 "-" "Mozilla/5.0 (Linux; Android 6.0.1; Nexus 5X Build/MMB29P) AppleWebKit/537.36 (KHTML, like Gecko) Chrome/150.0.7871.186 Mobile Safari/537.36 (compatible; Googlebot/2.1; +http://www.google.com/bot.html)"
66.249.73.194 - - [01/Aug/2026:13:47:59 +0000] "GET /?ctg/search/similarImageSearchResultView/?ctgItemCd=17832002 HTTP/1.1" 200 1162 "-" "Mozilla/5.0 (Linux; Android 6.0.1; Nexus 5X Build/MMB29P) AppleWebKit/537.36 (KHTML, like Gecko) Chrome/150.0.7871.186 Mobile Safari/537.36 (compatible; Googlebot/2.1; +http://www.google.com/bot.html)"
66.249.73.194 - - [01/Aug/2026:13:48:59 +0000] "GET /?goods/080000511 HTTP/1.1" 200 1162 "-" "Mozilla/5.0 (Linux; Android 6.0.1; Nexus 5X Build/MMB29P) AppleWebKit/537.36 (KHTML, like Gecko) Chrome/150.0.7871.186 Mobile Safari/537.36 (compatible; Googlebot/2.1; +http://www.google.com/bot.html)"
66.249.73.194 - - [01/Aug/2026:13:49:06 +0000] "GET /?jp/170008995.html HTTP/1.1" 200 1162 "-" "Mozilla/5.0 (Linux; Android 6.0.1; Nexus 5X Build/MMB29P) AppleWebKit/537.36 (KHTML, like Gecko) Chrome/150.0.7871.186 Mobile Safari/537.36 (compatible; Googlebot/2.1; +http://www.google.com/bot.html)"
66.249.73.194 - - [01/Aug/2026:13:49:08 +0000] "GET /?cxagq/a2845849.html HTTP/1.1" 200 1162 "-" "Mozilla/5.0 (Linux; Android 6.0.1; Nexus 5X Build/MMB29P) AppleWebKit/537.36 (KHTML, like Gecko) Chrome/150.0.7871.186 Mobile Safari/537.36 (compatible; Googlebot/2.1; +http://www.google.com/bot.html)"
66.249.73.194 - - [01/Aug/2026:13:49:10 +0000] "GET /_autoindex/assets/icons/file.svg HTTP/1.1" 200 354 "https://mr-stat.com/?jp/170008995.html" "Mozilla/5.0 (Linux; Android 6.0.1; Nexus 5X Build/MMB29P) AppleWebKit/537.36 (KHTML, like Gecko) Chrome/150.0.7871.186 Mobile Safari/537.36 (compatible; Googlebot/2.1; +http://www.google.com/bot.html)"
66.249.73.194 - - [01/Aug/2026:13:50:54 +0000] "GET /?yanxm/x887396.html HTTP/1.1" 200 1162 "-" "Mozilla/5.0 (Linux; Android 6.0.1; Nexus 5X Build/MMB29P) AppleWebKit/537.36 (KHTML, like Gecko) Chrome/150.0.7871.186 Mobile Safari/537.36 (compatible; Googlebot/2.1; +http://www.google.com/bot.html)"
66.249.73.194 - - [01/Aug/2026:13:51:20 +0000] "GET /_autoindex/assets/icons/file.svg HTTP/1.1" 200 354 "https://mr-stat.com/?ypfrr/s1176537.html" "Mozilla/5.0 (Linux; Android 6.0.1; Nexus 5X Build/MMB29P) AppleWebKit/537.36 (KHTML, like Gecko) Chrome/150.0.7871.186 Mobile Safari/537.36 (compatible; Googlebot/2.1; +http://www.google.com/bot.html)"
66.249.73.194 - - [01/Aug/2026:13:51:23 +0000] "GET /?goahz/k473957.html HTTP/1.1" 200 1162 "-" "Mozilla/5.0 (Linux; Android 6.0.1; Nexus 5X Build/MMB29P) AppleWebKit/537.36 (KHTML, like Gecko) Chrome/150.0.7871.186 Mobile Safari/537.36 (compatible; Googlebot/2.1; +http://www.google.com/bot.html)"
34.95.171.210 - - [01/Aug/2026:13:55:15 +0000] "GET /.env.prod HTTP/1.1" 404 1251 "-" "crusader-worker/1.0"
66.249.73.195 - - [01/Aug/2026:13:46:21 +0000] "GET /?jp/124039889.html HTTP/1.1" 200 1162 "-" "Mozilla/5.0 (Linux; Android 6.0.1; Nexus 5X Build/MMB29P) AppleWebKit/537.36 (KHTML, like Gecko) Chrome/150.0.7871.186 Mobile Safari/537.36 (compatible; Googlebot/2.1; +http://www.google.com/bot.html)"
34.95.171.210 - - [01/Aug/2026:13:55:15 +0000] "GET /.env.local HTTP/1.1" 404 1251 "-" "crusader-worker/1.0"
57.141.0.41 - - [01/Aug/2026:13:48:48 +0000] "GET /?ndqcj/u2976935.html HTTP/2" 200 3900 "-" "Mozilla/5.0 (Windows NT 10.0; Win64; x64) AppleWebKit/537.36 (KHTML, like Gecko) Chrome/145.0.0.0 Safari/537.36 (compatible; meta-webindexer/1.1 (+https://developers.facebook.com/docs/sharing/webmasters/crawler))"
66.249.73.194 - - [01/Aug/2026:13:49:39 +0000] "GET /?detail/13304539496901 HTTP/1.1" 200 1162 "-" "Mozilla/5.0 (Linux; Android 6.0.1; Nexus 5X Build/MMB29P) AppleWebKit/537.36 (KHTML, like Gecko) Chrome/150.0.7871.186 Mobile Safari/537.36 (compatible; Googlebot/2.1; +http://www.google.com/bot.html)"
66.249.73.194 - - [01/Aug/2026:13:49:40 +0000] "GET /?goods/259040478 HTTP/1.1" 200 1162 "-" "Mozilla/5.0 (Linux; Android 6.0.1; Nexus 5X Build/MMB29P) AppleWebKit/537.36 (KHTML, like Gecko) Chrome/150.0.7871.186 Mobile Safari/537.36 (compatible; Googlebot/2.1; +http://www.google.com/bot.html)"
74.7.227.16 - - [01/Aug/2026:13:53:32 +0000] "GET /wp-includes%2B16/rest-api/endpoints/class-wp-rest-font-faces-controller.php HTTP/2" 500 0 "https://mr-stat.com/wp-includes%2B16/rest-api/endpoints/" "Mozilla/5.0 AppleWebKit/537.36 (KHTML, like Gecko; compatible; GPTBot/1.4; +https://openai.com/gptbot)"
74.7.227.16 - - [01/Aug/2026:13:54:27 +0000] "GET /wp-includes%2B16/style-engine/?ND HTTP/2" 200 778 "https://mr-stat.com/wp-includes%2B16/style-engine/" "Mozilla/5.0 AppleWebKit/537.36 (KHTML, like Gecko; compatible; GPTBot/1.4; +https://openai.com/gptbot)"
34.95.171.210 - - [01/Aug/2026:13:55:15 +0000] "GET /.env.old HTTP/1.1" 404 1251 "-" "crusader-worker/1.0"
34.95.171.210 - - [01/Aug/2026:13:55:15 +0000] "GET /.env.backup HTTP/1.1" 404 1251 "-" "crusader-worker/1.0"
34.95.171.210 - - [01/Aug/2026:13:55:15 +0000] "GET /.env.bak HTTP/1.1" 404 1251 "-" "crusader-worker/1.0"
66.249.73.194 - - [01/Aug/2026:13:48:33 +0000] "GET /?goods/007025503 HTTP/1.1" 200 1162 "-" "Mozilla/5.0 (Linux; Android 6.0.1; Nexus 5X Build/MMB29P) AppleWebKit/537.36 (KHTML, like Gecko) Chrome/150.0.7871.186 Mobile Safari/537.36 (compatible; Googlebot/2.1; +http://www.google.com/bot.html)"
66.249.73.195 - - [01/Aug/2026:13:50:49 +0000] "GET /?ypfrr/s1176537.html HTTP/1.1" 200 1162 "-" "Mozilla/5.0 (Linux; Android 6.0.1; Nexus 5X Build/MMB29P) AppleWebKit/537.36 (KHTML, like Gecko) Chrome/150.0.7871.186 Mobile Safari/537.36 (compatible; Googlebot/2.1; +http://www.google.com/bot.html)"
66.249.73.194 - - [01/Aug/2026:13:46:21 +0000] "GET /?ebefc/f1903302.html HTTP/1.1" 200 1162 "-" "Mozilla/5.0 (Linux; Android 6.0.1; Nexus 5X Build/MMB29P) AppleWebKit/537.36 (KHTML, like Gecko) Chrome/150.0.7871.186 Mobile Safari/537.36 (compatible; Googlebot/2.1; +http://www.google.com/bot.html)"
74.7.227.16 - - [01/Aug/2026:13:46:34 +0000] "GET /wp-includes%2B16/js/tinymce/plugins/wpautoresize/plugin.min.js HTTP/2" 200 804 "https://mr-stat.com/wp-includes%2B16/js/tinymce/plugins/wpautoresize/" "Mozilla/5.0 AppleWebKit/537.36 (KHTML, like Gecko; compatible; GPTBot/1.4; +https://openai.com/gptbot)"
74.7.227.16 - - [01/Aug/2026:13:47:31 +0000] "GET /wp-includes%2B16/rest-api/endpoints/class-wp-rest-widgets-controller.php HTTP/2" 500 0 "https://mr-stat.com/wp-includes%2B16/rest-api/endpoints/" "Mozilla/5.0 AppleWebKit/537.36 (KHTML, like Gecko; compatible; GPTBot/1.4; +https://openai.com/gptbot)"
74.7.227.16 - - [01/Aug/2026:13:48:21 +0000] "GET /wp-includes%2B16/rest-api/endpoints/class-wp-rest-themes-controller.php HTTP/2" 500 0 "https://mr-stat.com/wp-includes%2B16/rest-api/endpoints/" "Mozilla/5.0 AppleWebKit/537.36 (KHTML, like Gecko; compatible; GPTBot/1.4; +https://openai.com/gptbot)"
66.249.73.195 - - [01/Aug/2026:13:48:33 +0000] "GET /?kulsz/t2154450.html HTTP/1.1" 200 1162 "-" "Mozilla/5.0 (Linux; Android 6.0.1; Nexus 5X Build/MMB29P) AppleWebKit/537.36 (KHTML, like Gecko) Chrome/150.0.7871.186 Mobile Safari/537.36 (compatible; Googlebot/2.1; +http://www.google.com/bot.html)"
66.249.73.195 - - [01/Aug/2026:13:48:33 +0000] "GET /?goods/053045358 HTTP/1.1" 200 1162 "-" "Mozilla/5.0 (Linux; Android 6.0.1; Nexus 5X Build/MMB29P) AppleWebKit/537.36 (KHTML, like Gecko) Chrome/150.0.7871.186 Mobile Safari/537.36 (compatible; Googlebot/2.1; +http://www.google.com/bot.html)"
66.249.73.194 - - [01/Aug/2026:13:52:09 +0000] "GET /?jp/029006005.html HTTP/1.1" 200 1162 "-" "Mozilla/5.0 (Linux; Android 6.0.1; Nexus 5X Build/MMB29P) AppleWebKit/537.36 (KHTML, like Gecko) Chrome/150.0.7871.186 Mobile Safari/537.36 (compatible; Googlebot/2.1; +http://www.google.com/bot.html)"
34.95.171.210 - - [01/Aug/2026:13:55:15 +0000] "GET /.env HTTP/1.1" 404 1251 "-" "crusader-worker/1.0"
34.95.171.210 - - [01/Aug/2026:13:55:15 +0000] "GET /.env.example HTTP/1.1" 404 1251 "-" "crusader-worker/1.0"
74.7.241.163 - - [01/Aug/2026:13:55:30 +0000] "GET /robots.txt HTTP/2" 404 1251 "-" "Mozilla/5.0 (Macintosh; Intel Mac OS X 10_15_7) AppleWebKit/537.36 (KHTML, like Gecko) Chrome/131.0.0.0 Safari/537.36; compatible; OAI-SearchBot/1.4; robots.txt; +https://openai.com/searchbot"
66.249.73.196 - - [01/Aug/2026:13:50:14 +0000] "GET /?nmyas/f1316352.html HTTP/1.1" 200 1162 "-" "Mozilla/5.0 (Linux; Android 6.0.1; Nexus 5X Build/MMB29P) AppleWebKit/537.36 (KHTML, like Gecko) Chrome/150.0.7871.186 Mobile Safari/537.36 (compatible; Googlebot/2.1; +http://www.google.com/bot.html)"
66.249.73.195 - - [01/Aug/2026:13:54:23 +0000] "GET /?detail/12603952726055 HTTP/1.1" 200 1162 "-" "Mozilla/5.0 (Linux; Android 6.0.1; Nexus 5X Build/MMB29P) AppleWebKit/537.36 (KHTML, like Gecko) Chrome/150.0.7871.186 Mobile Safari/537.36 (compatible; Googlebot/2.1; +http://www.google.com/bot.html)"
34.95.171.210 - - [01/Aug/2026:13:55:15 +0000] "GET /.env.save HTTP/1.1" 404 1251 "-" "crusader-worker/1.0"
34.95.171.210 - - [01/Aug/2026:13:55:15 +0000] "GET /.env.dev HTTP/1.1" 404 1251 "-" "crusader-worker/1.0"
74.7.227.16 - - [01/Aug/2026:13:58:42 +0000] "GET /wp-includes%2B16/js/tinymce/skins/lightgray/img/loader.gif HTTP/2" 200 2608 "https://mr-stat.com/wp-includes%2B16/js/tinymce/skins/lightgray/skin.min.css" "Mozilla/5.0 AppleWebKit/537.36 (KHTML, like Gecko; compatible; GPTBot/1.4; +https://openai.com/gptbot)"
74.7.227.16 - - [01/Aug/2026:13:59:19 +0000] "GET /wp-includes%2B16/js/tinymce/plugins/directionality/plugin.min.js HTTP/2" 200 417 "https://mr-stat.com/wp-includes%2B16/js/tinymce/plugins/directionality/" "Mozilla/5.0 AppleWebKit/537.36 (KHTML, like Gecko; compatible; GPTBot/1.4; +https://openai.com/gptbot)"
74.7.227.16 - - [01/Aug/2026:13:59:52 +0000] "GET /wp-includes%2B16/js/mediaelement/wp-mediaelement.js HTTP/2" 200 968 "https://mr-stat.com/wp-includes%2B16/js/mediaelement/" "Mozilla/5.0 AppleWebKit/537.36 (KHTML, like Gecko; compatible; GPTBot/1.4; +https://openai.com/gptbot)"
74.7.227.16 - - [01/Aug/2026:14:00:22 +0000] "GET /wp-includes%2B16/rest-api/endpoints/class-wp-rest-settings-controller.php HTTP/2" 500 0 "https://mr-stat.com/wp-includes%2B16/rest-api/endpoints/" "Mozilla/5.0 AppleWebKit/537.36 (KHTML, like Gecko; compatible; GPTBot/1.4; +https://openai.com/gptbot)"
74.7.227.16 - - [01/Aug/2026:14:00:49 +0000] "GET /wp-includes%2B16/js/mediaelement/wp-playlist.min.js HTTP/2" 200 1014 "https://mr-stat.com/wp-includes%2B16/js/mediaelement/" "Mozilla/5.0 AppleWebKit/537.36 (KHTML, like Gecko; compatible; GPTBot/1.4; +https://openai.com/gptbot)"
74.7.227.16 - - [01/Aug/2026:14:01:52 +0000] "GET /wp-includes%2B16/rest-api/endpoints/class-wp-rest-block-patterns-controller.php HTTP/2" 500 0 "https://mr-stat.com/wp-includes%2B16/rest-api/endpoints/" "Mozilla/5.0 AppleWebKit/537.36 (KHTML, like Gecko; compatible; GPTBot/1.4; +https://openai.com/gptbot)"
74.7.227.16 - - [01/Aug/2026:14:10:18 +0000] "GET /wp-includes%2B16/rest-api/endpoints/class-wp-rest-navigation-fallback-controller.php HTTP/2" 500 0 "https://mr-stat.com/wp-includes%2B16/rest-api/endpoints/" "Mozilla/5.0 AppleWebKit/537.36 (KHTML, like Gecko; compatible; GPTBot/1.4; +https://openai.com/gptbot)"
66.249.73.195 - - [01/Aug/2026:14:10:48 +0000] "GET /?goods/150001324 HTTP/1.1" 200 1162 "-" "Mozilla/5.0 (Linux; Android 6.0.1; Nexus 5X Build/MMB29P) AppleWebKit/537.36 (KHTML, like Gecko) Chrome/150.0.7871.186 Mobile Safari/537.36 (compatible; Googlebot/2.1; +http://www.google.com/bot.html)"
74.7.227.16 - - [01/Aug/2026:14:11:19 +0000] "GET /wp-includes%2B16/rest-api/endpoints/class-wp-rest-templates-controller.php HTTP/2" 500 0 "https://mr-stat.com/wp-includes%2B16/rest-api/endpoints/" "Mozilla/5.0 AppleWebKit/537.36 (KHTML, like Gecko; compatible; GPTBot/1.4; +https://openai.com/gptbot)"
66.249.73.195 - - [01/Aug/2026:14:11:15 +0000] "GET /?detail/2160495002184 HTTP/1.1" 200 1162 "-" "Mozilla/5.0 (Linux; Android 6.0.1; Nexus 5X Build/MMB29P) AppleWebKit/537.36 (KHTML, like Gecko) Chrome/150.0.7871.186 Mobile Safari/537.36 (compatible; Googlebot/2.1; +http://www.google.com/bot.html)"
74.7.227.16 - - [01/Aug/2026:14:18:10 +0000] "GET /wp-includes%2B16/js/dist/script-modules/block-editor/utils/fit-text-frontend.min.js HTTP/2" 200 585 "https://mr-stat.com/wp-includes%2B16/js/dist/script-modules/block-editor/utils/" "Mozilla/5.0 AppleWebKit/537.36 (KHTML, like Gecko; compatible; GPTBot/1.4; +https://openai.com/gptbot)"
66.249.73.196 - - [01/Aug/2026:14:11:55 +0000] "GET /?detail/293012748028 HTTP/1.1" 200 1162 "-" "Mozilla/5.0 (Linux; Android 6.0.1; Nexus 5X Build/MMB29P) AppleWebKit/537.36 (KHTML, like Gecko) Chrome/150.0.7871.186 Mobile Safari/537.36 (compatible; Googlebot/2.1; +http://www.google.com/bot.html)"
74.7.227.16 - - [01/Aug/2026:14:03:55 +0000] "GET /wp-includes%2B16/style-engine/?NA HTTP/2" 200 778 "https://mr-stat.com/wp-includes%2B16/style-engine/?ND" "Mozilla/5.0 AppleWebKit/537.36 (KHTML, like Gecko; compatible; GPTBot/1.4; +https://openai.com/gptbot)"
74.7.227.16 - - [01/Aug/2026:14:04:54 +0000] "GET /wp-includes%2B16/style-engine/?SD HTTP/2" 200 789 "https://mr-stat.com/wp-includes%2B16/style-engine/?SA" "Mozilla/5.0 AppleWebKit/537.36 (KHTML, like Gecko; compatible; GPTBot/1.4; +https://openai.com/gptbot)"
74.7.227.16 - - [01/Aug/2026:14:05:43 +0000] "GET /wp-includes%2B16/style-engine/?MD HTTP/2" 200 785 "https://mr-stat.com/wp-includes%2B16/style-engine/?MA" "Mozilla/5.0 AppleWebKit/537.36 (KHTML, like Gecko; compatible; GPTBot/1.4; +https://openai.com/gptbot)"
74.7.227.16 - - [01/Aug/2026:14:06:30 +0000] "GET /wp-includes%2B16/rest-api/endpoints/class-wp-rest-menu-locations-controller.php HTTP/2" 500 0 "https://mr-stat.com/wp-includes%2B16/rest-api/endpoints/" "Mozilla/5.0 AppleWebKit/537.36 (KHTML, like Gecko; compatible; GPTBot/1.4; +https://openai.com/gptbot)"
74.7.227.16 - - [01/Aug/2026:14:07:10 +0000] "GET /wp-includes%2B16/rest-api/endpoints/class-wp-rest-block-renderer-controller.php HTTP/2" 500 0 "https://mr-stat.com/wp-includes%2B16/rest-api/endpoints/" "Mozilla/5.0 AppleWebKit/537.36 (KHTML, like Gecko; compatible; GPTBot/1.4; +https://openai.com/gptbot)"
74.7.227.16 - - [01/Aug/2026:14:08:10 +0000] "GET /wp-includes%2B16/rest-api/endpoints/class-wp-rest-sidebars-controller.php HTTP/2" 500 0 "https://mr-stat.com/wp-includes%2B16/rest-api/endpoints/" "Mozilla/5.0 AppleWebKit/537.36 (KHTML, like Gecko; compatible; GPTBot/1.4; +https://openai.com/gptbot)"
66.249.73.195 - - [01/Aug/2026:14:11:00 +0000] "GET /?goods/269001594 HTTP/1.1" 200 1162 "-" "Mozilla/5.0 (Linux; Android 6.0.1; Nexus 5X Build/MMB29P) AppleWebKit/537.36 (KHTML, like Gecko) Chrome/150.0.7871.186 Mobile Safari/537.36 (compatible; Googlebot/2.1; +http://www.google.com/bot.html)"
74.7.227.16 - - [01/Aug/2026:14:12:25 +0000] "GET /wp-includes%2B16/rest-api/endpoints/class-wp-rest-revisions-controller.php HTTP/2" 500 0 "https://mr-stat.com/wp-includes%2B16/rest-api/endpoints/" "Mozilla/5.0 AppleWebKit/537.36 (KHTML, like Gecko; compatible; GPTBot/1.4; +https://openai.com/gptbot)"
2602:ffe4:8:1001::4 - - [01/Aug/2026:14:13:26 +0000] "GET /wp-content/uploads/2024/07/Methods-of-Multivariate-Analysis-Alvin-C.-Rencher-.pdf HTTP/2" 404 1251 "-" "Mozilla/5.0 (Linux; Android 5.0) AppleWebKit/537.36 (KHTML, like Gecko) Mobile Safari/537.36 (compatible; Bytespider; https://bytedance.sg.larkoffice.com/docx/K5bxdypulop3IIxrJb0lOjLVgFe)"
74.7.227.16 - - [01/Aug/2026:14:13:28 +0000] "GET /wp-includes%2B16/js/dist/?ND HTTP/2" 200 3729 "https://mr-stat.com/wp-includes%2B16/js/dist/" "Mozilla/5.0 AppleWebKit/537.36 (KHTML, like Gecko; compatible; GPTBot/1.4; +https://openai.com/gptbot)"
66.249.73.196 - - [01/Aug/2026:14:10:44 +0000] "GET /?detail/0950147745166 HTTP/1.1" 200 1162 "-" "Mozilla/5.0 (Linux; Android 6.0.1; Nexus 5X Build/MMB29P) AppleWebKit/537.36 (KHTML, like Gecko) Chrome/150.0.7871.186 Mobile Safari/537.36 (compatible; Googlebot/2.1; +http://www.google.com/bot.html)"
47.128.49.76 - - [01/Aug/2026:14:17:38 +0000] "GET /robots.txt HTTP/1.1" 404 1251 "-" "Mozilla/5.0 (Linux; Android 5.0) AppleWebKit/537.36 (KHTML, like Gecko) Mobile Safari/537.36 (compatible; Bytespider; https://bytedance.sg.larkoffice.com/docx/K5bxdypulop3IIxrJb0lOjLVgFe)"
74.7.227.16 - - [01/Aug/2026:14:14:33 +0000] "GET /wp-includes%2B16/js/dist/?MA HTTP/2" 200 3960 "https://mr-stat.com/wp-includes%2B16/js/dist/" "Mozilla/5.0 AppleWebKit/537.36 (KHTML, like Gecko; compatible; GPTBot/1.4; +https://openai.com/gptbot)"
74.7.227.16 - - [01/Aug/2026:14:15:28 +0000] "GET /wp-includes%2B16/js/dist/?SA HTTP/2" 200 3916 "https://mr-stat.com/wp-includes%2B16/js/dist/" "Mozilla/5.0 AppleWebKit/537.36 (KHTML, like Gecko; compatible; GPTBot/1.4; +https://openai.com/gptbot)"
74.7.227.16 - - [01/Aug/2026:14:16:20 +0000] "GET /wp-includes%2B16/rest-api/endpoints/class-wp-rest-block-directory-controller.php HTTP/2" 500 0 "https://mr-stat.com/wp-includes%2B16/rest-api/endpoints/" "Mozilla/5.0 AppleWebKit/537.36 (KHTML, like Gecko; compatible; GPTBot/1.4; +https://openai.com/gptbot)"
74.7.227.16 - - [01/Aug/2026:14:17:08 +0000] "GET /wp-includes%2B16/Requests/src/Transport/error_log HTTP/2" 403 1242 "https://mr-stat.com/wp-includes%2B16/Requests/src/Transport/" "Mozilla/5.0 AppleWebKit/537.36 (KHTML, like Gecko; compatible; GPTBot/1.4; +https://openai.com/gptbot)"
74.7.227.16 - - [01/Aug/2026:14:02:51 +0000] "GET /wp-includes%2B16/style-engine/class-wp-style-engine-processor.php HTTP/2" 200 0 "https://mr-stat.com/wp-includes%2B16/style-engine/?ND" "Mozilla/5.0 AppleWebKit/537.36 (KHTML, like Gecko; compatible; GPTBot/1.4; +https://openai.com/gptbot)"
66.249.73.195 - - [01/Aug/2026:14:14:46 +0000] "GET /?goods/183041814 HTTP/1.1" 200 1162 "-" "Mozilla/5.0 (Linux; Android 6.0.1; Nexus 5X Build/MMB29P) AppleWebKit/537.36 (KHTML, like Gecko) Chrome/150.0.7871.186 Mobile Safari/537.36 (compatible; Googlebot/2.1; +http://www.google.com/bot.html)"
74.7.227.16 - - [01/Aug/2026:14:09:15 +0000] "GET /wp-includes%2B16/js/mediaelement/'%20+%20node.src%20+%20' HTTP/2" 404 1251 "https://mr-stat.com/wp-includes%2B16/js/mediaelement/wp-mediaelement.js" "Mozilla/5.0 AppleWebKit/537.36 (KHTML, like Gecko; compatible; GPTBot/1.4; +https://openai.com/gptbot)"
66.249.73.196 - - [01/Aug/2026:14:13:44 +0000] "GET /?detail/23602046760882 HTTP/1.1" 200 1162 "-" "Mozilla/5.0 (Linux; Android 6.0.1; Nexus 5X Build/MMB29P) AppleWebKit/537.36 (KHTML, like Gecko) Chrome/150.0.7871.186 Mobile Safari/537.36 (compatible; Googlebot/2.1; +http://www.google.com/bot.html)"
74.7.227.16 - - [01/Aug/2026:14:19:15 +0000] "GET /wp-includes%2B16/js/tinymce/plugins/hr/plugin.js HTTP/2" 200 322 "https://mr-stat.com/wp-includes%2B16/js/tinymce/plugins/hr/" "Mozilla/5.0 AppleWebKit/537.36 (KHTML, like Gecko; compatible; GPTBot/1.4; +https://openai.com/gptbot)"
66.249.73.194 - - [01/Aug/2026:14:19:53 +0000] "GET /?jp/248024997.html HTTP/1.1" 200 1162 "-" "Mozilla/5.0 (Linux; Android 6.0.1; Nexus 5X Build/MMB29P) AppleWebKit/537.36 (KHTML, like Gecko) Chrome/150.0.7871.186 Mobile Safari/537.36 (compatible; Googlebot/2.1; +http://www.google.com/bot.html)"
74.7.227.16 - - [01/Aug/2026:14:20:13 +0000] "GET /wp-includes%2B16/rest-api/endpoints/class-wp-rest-posts-controller.php HTTP/2" 500 0 "https://mr-stat.com/wp-includes%2B16/rest-api/endpoints/" "Mozilla/5.0 AppleWebKit/537.36 (KHTML, like Gecko; compatible; GPTBot/1.4; +https://openai.com/gptbot)"
74.7.227.16 - - [01/Aug/2026:14:21:05 +0000] "GET /wp-includes%2B16/js/tinymce/plugins/wptextpattern/ HTTP/2" 200 685 "https://mr-stat.com/wp-includes%2B16/js/tinymce/plugins/" "Mozilla/5.0 AppleWebKit/537.36 (KHTML, like Gecko; compatible; GPTBot/1.4; +https://openai.com/gptbot)"
66.249.73.194 - - [01/Aug/2026:14:21:28 +0000] "GET /?jp/157000254.html HTTP/1.1" 200 1162 "-" "Mozilla/5.0 (Linux; Android 6.0.1; Nexus 5X Build/MMB29P) AppleWebKit/537.36 (KHTML, like Gecko) Chrome/150.0.7871.186 Mobile Safari/537.36 (compatible; Googlebot/2.1; +http://www.google.com/bot.html)"
66.249.73.194 - - [01/Aug/2026:14:21:28 +0000] "GET /?detail/233027722045 HTTP/1.1" 200 1162 "-" "Mozilla/5.0 (Linux; Android 6.0.1; Nexus 5X Build/MMB29P) AppleWebKit/537.36 (KHTML, like Gecko) Chrome/150.0.7871.186 Mobile Safari/537.36 (compatible; Googlebot/2.1; +http://www.google.com/bot.html)"
74.7.227.16 - - [01/Aug/2026:14:33:57 +0000] "GET /wp-includes%2B16/js/tinymce/utils/form_utils.js HTTP/2" 200 1895 "https://mr-stat.com/wp-includes%2B16/js/tinymce/utils/" "Mozilla/5.0 AppleWebKit/537.36 (KHTML, like Gecko; compatible; GPTBot/1.4; +https://openai.com/gptbot)"
74.7.227.16 - - [01/Aug/2026:14:34:56 +0000] "GET /wp-includes%2B16/js/tinymce/plugins/hr/plugin.min.js HTTP/2" 200 231 "https://mr-stat.com/wp-includes%2B16/js/tinymce/plugins/hr/" "Mozilla/5.0 AppleWebKit/537.36 (KHTML, like Gecko; compatible; GPTBot/1.4; +https://openai.com/gptbot)"
74.7.227.16 - - [01/Aug/2026:14:35:49 +0000] "GET /wp-includes%2B16/Requests/src/Hooks.php HTTP/2" 500 0 "https://mr-stat.com/wp-includes%2B16/Requests/src/?SA" "Mozilla/5.0 AppleWebKit/537.36 (KHTML, like Gecko; compatible; GPTBot/1.4; +https://openai.com/gptbot)"
66.249.73.194 - - [01/Aug/2026:14:21:38 +0000] "GET /?detail/11902261130745 HTTP/1.1" 200 1162 "-" "Mozilla/5.0 (Linux; Android 6.0.1; Nexus 5X Build/MMB29P) AppleWebKit/537.36 (KHTML, like Gecko) Chrome/150.0.7871.186 Mobile Safari/537.36 (compatible; Googlebot/2.1; +http://www.google.com/bot.html)"
66.249.73.194 - - [01/Aug/2026:14:21:39 +0000] "GET /?goods/114015021 HTTP/1.1" 200 1162 "-" "Mozilla/5.0 (Linux; Android 6.0.1; Nexus 5X Build/MMB29P) AppleWebKit/537.36 (KHTML, like Gecko) Chrome/150.0.7871.186 Mobile Safari/537.36 (compatible; Googlebot/2.1; +http://www.google.com/bot.html)"
66.249.73.195 - - [01/Aug/2026:14:22:00 +0000] "GET /?qwgln/g345175.html HTTP/1.1" 200 1162 "-" "Mozilla/5.0 (Linux; Android 6.0.1; Nexus 5X Build/MMB29P) AppleWebKit/537.36 (KHTML, like Gecko) Chrome/150.0.7871.186 Mobile Safari/537.36 (compatible; Googlebot/2.1; +http://www.google.com/bot.html)"
57.141.0.15 - - [01/Aug/2026:14:26:11 +0000] "GET /?osxml/e2044897.html HTTP/2" 200 3900 "-" "Mozilla/5.0 (Windows NT 10.0; Win64; x64) AppleWebKit/537.36 (KHTML, like Gecko) Chrome/145.0.0.0 Safari/537.36 Edg/145.0.0.0 (compatible; meta-webindexer/1.1 (+https://developers.facebook.com/docs/sharing/webmasters/crawler))"
66.249.73.194 - - [01/Aug/2026:14:29:00 +0000] "GET /?jp/158032097.html HTTP/1.1" 200 1162 "-" "Mozilla/5.0 (Linux; Android 6.0.1; Nexus 5X Build/MMB29P) AppleWebKit/537.36 (KHTML, like Gecko) Chrome/150.0.7871.186 Mobile Safari/537.36 (compatible; Googlebot/2.1; +http://www.google.com/bot.html)"
66.249.73.196 - - [01/Aug/2026:14:25:31 +0000] "GET /?detail/083004883748 HTTP/1.1" 200 1162 "-" "Mozilla/5.0 (Linux; Android 6.0.1; Nexus 5X Build/MMB29P) AppleWebKit/537.36 (KHTML, like Gecko) Chrome/150.0.7871.186 Mobile Safari/537.36 (compatible; Googlebot/2.1; +http://www.google.com/bot.html)"
74.7.227.16 - - [01/Aug/2026:14:27:44 +0000] "GET /wp-includes%2B16/Requests/src/?MA HTTP/2" 200 1658 "https://mr-stat.com/wp-includes%2B16/Requests/src/" "Mozilla/5.0 AppleWebKit/537.36 (KHTML, like Gecko; compatible; GPTBot/1.4; +https://openai.com/gptbot)"
74.7.227.16 - - [01/Aug/2026:14:28:42 +0000] "GET /wp-includes%2B16/Requests/src/?ND HTTP/2" 200 1668 "https://mr-stat.com/wp-includes%2B16/Requests/src/" "Mozilla/5.0 AppleWebKit/537.36 (KHTML, like Gecko; compatible; GPTBot/1.4; +https://openai.com/gptbot)"
74.7.227.16 - - [01/Aug/2026:14:29:35 +0000] "GET /wp-includes%2B16/js/tinymce/plugins/link/plugin.min.js HTTP/2" 200 3248 "https://mr-stat.com/wp-includes%2B16/js/tinymce/plugins/link/" "Mozilla/5.0 AppleWebKit/537.36 (KHTML, like Gecko; compatible; GPTBot/1.4; +https://openai.com/gptbot)"
74.7.227.16 - - [01/Aug/2026:14:30:22 +0000] "GET /wp-includes%2B16/js/tinymce/plugins/wptextpattern/plugin.js HTTP/2" 200 2618 "https://mr-stat.com/wp-includes%2B16/js/tinymce/plugins/wptextpattern/" "Mozilla/5.0 AppleWebKit/537.36 (KHTML, like Gecko; compatible; GPTBot/1.4; +https://openai.com/gptbot)"
74.7.227.16 - - [01/Aug/2026:14:31:02 +0000] "GET /wp-includes%2B16/Requests/src/Exception/Transport/error_log HTTP/2" 403 1242 "https://mr-stat.com/wp-includes%2B16/Requests/src/Exception/Transport/" "Mozilla/5.0 AppleWebKit/537.36 (KHTML, like Gecko; compatible; GPTBot/1.4; +https://openai.com/gptbot)"
74.7.227.16 - - [01/Aug/2026:14:31:39 +0000] "GET /wp-includes%2B16/js/mediaelement/'+t.src+' HTTP/2" 404 1251 "https://mr-stat.com/wp-includes%2B16/js/mediaelement/wp-mediaelement.min.js" "Mozilla/5.0 AppleWebKit/537.36 (KHTML, like Gecko; compatible; GPTBot/1.4; +https://openai.com/gptbot)"
74.7.227.16 - - [01/Aug/2026:14:32:18 +0000] "GET /wp-includes%2B16/Requests/src/Exception/Transport/Curl.php HTTP/2" 500 0 "https://mr-stat.com/wp-includes%2B16/Requests/src/Exception/Transport/" "Mozilla/5.0 AppleWebKit/537.36 (KHTML, like Gecko; compatible; GPTBot/1.4; +https://openai.com/gptbot)"
74.7.227.16 - - [01/Aug/2026:14:32:54 +0000] "GET /wp-includes%2B16/js/tinymce/plugins/wptextpattern/plugin.min.js HTTP/2" 200 1291 "https://mr-stat.com/wp-includes%2B16/js/tinymce/plugins/wptextpattern/" "Mozilla/5.0 AppleWebKit/537.36 (KHTML, like Gecko; compatible; GPTBot/1.4; +https://openai.com/gptbot)"
34.62.188.188 - - [01/Aug/2026:14:20:53 +0000] "GET /.env.local HTTP/1.1" 404 1251 "-" "crusader-worker/1.0"
34.62.188.188 - - [01/Aug/2026:14:20:53 +0000] "GET /.env.example HTTP/1.1" 404 1251 "-" "crusader-worker/1.0"
34.62.188.188 - - [01/Aug/2026:14:20:53 +0000] "GET /.env.production HTTP/1.1" 404 1251 "-" "crusader-worker/1.0"
66.249.73.194 - - [01/Aug/2026:14:24:14 +0000] "GET /?jp/035026411.html HTTP/1.1" 200 1162 "-" "Mozilla/5.0 (Linux; Android 6.0.1; Nexus 5X Build/MMB29P) AppleWebKit/537.36 (KHTML, like Gecko) Chrome/150.0.7871.186 Mobile Safari/537.36 (compatible; Googlebot/2.1; +http://www.google.com/bot.html)"
34.62.188.188 - - [01/Aug/2026:14:20:53 +0000] "GET /.env.save HTTP/1.1" 404 1251 "-" "crusader-worker/1.0"
66.249.73.194 - - [01/Aug/2026:14:21:33 +0000] "GET /venture/break176/9ufjx-19227/ HTTP/1.1" 404 1251 "-" "Mozilla/5.0 (Linux; Android 6.0.1; Nexus 5X Build/MMB29P) AppleWebKit/537.36 (KHTML, like Gecko) Chrome/150.0.7871.186 Mobile Safari/537.36 (compatible; Googlebot/2.1; +http://www.google.com/bot.html)"
66.249.73.194 - - [01/Aug/2026:14:21:54 +0000] "GET /?jp/223025127.html HTTP/1.1" 200 1162 "-" "Mozilla/5.0 (Linux; Android 6.0.1; Nexus 5X Build/MMB29P) AppleWebKit/537.36 (KHTML, like Gecko) Chrome/150.0.7871.186 Mobile Safari/537.36 (compatible; Googlebot/2.1; +http://www.google.com/bot.html)"
66.249.73.195 - - [01/Aug/2026:14:24:54 +0000] "GET /?goods/220018472 HTTP/1.1" 200 1162 "-" "Mozilla/5.0 (Linux; Android 6.0.1; Nexus 5X Build/MMB29P) AppleWebKit/537.36 (KHTML, like Gecko) Chrome/150.0.7871.186 Mobile Safari/537.36 (compatible; Googlebot/2.1; +http://www.google.com/bot.html)"
34.62.188.188 - - [01/Aug/2026:14:20:53 +0000] "GET /.env.bak HTTP/1.1" 404 1251 "-" "crusader-worker/1.0"
34.62.188.188 - - [01/Aug/2026:14:20:53 +0000] "GET /.env.old HTTP/1.1" 404 1251 "-" "crusader-worker/1.0"
34.62.188.188 - - [01/Aug/2026:14:20:53 +0000] "GET /.env HTTP/1.1" 404 1251 "-" "crusader-worker/1.0"
66.249.73.195 - - [01/Aug/2026:14:20:59 +0000] "GET /?goods/152006142 HTTP/1.1" 200 1162 "-" "Mozilla/5.0 (Linux; Android 6.0.1; Nexus 5X Build/MMB29P) AppleWebKit/537.36 (KHTML, like Gecko) Chrome/150.0.7871.186 Mobile Safari/537.36 (compatible; Googlebot/2.1; +http://www.google.com/bot.html)"
66.249.73.194 - - [01/Aug/2026:14:22:05 +0000] "GET /?jp/280015581.html HTTP/1.1" 200 1162 "-" "Mozilla/5.0 (Linux; Android 6.0.1; Nexus 5X Build/MMB29P) AppleWebKit/537.36 (KHTML, like Gecko) Chrome/150.0.7871.186 Mobile Safari/537.36 (compatible; Googlebot/2.1; +http://www.google.com/bot.html)"
66.249.73.195 - - [01/Aug/2026:14:21:09 +0000] "GET /?qaitd/d1229354.html HTTP/1.1" 200 1162 "-" "Mozilla/5.0 (Linux; Android 6.0.1; Nexus 5X Build/MMB29P) AppleWebKit/537.36 (KHTML, like Gecko) Chrome/150.0.7871.186 Mobile Safari/537.36 (compatible; Googlebot/2.1; +http://www.google.com/bot.html)"
66.249.73.194 - - [01/Aug/2026:14:22:56 +0000] "GET /?detail/16100191326734 HTTP/1.1" 200 1162 "-" "Mozilla/5.0 (Linux; Android 6.0.1; Nexus 5X Build/MMB29P) AppleWebKit/537.36 (KHTML, like Gecko) Chrome/150.0.7871.186 Mobile Safari/537.36 (compatible; Googlebot/2.1; +http://www.google.com/bot.html)"
34.62.188.188 - - [01/Aug/2026:14:20:53 +0000] "GET /.env.dev HTTP/1.1" 404 1251 "-" "crusader-worker/1.0"
34.62.188.188 - - [01/Aug/2026:14:20:53 +0000] "GET /.env.prod HTTP/1.1" 404 1251 "-" "crusader-worker/1.0"
34.62.188.188 - - [01/Aug/2026:14:20:53 +0000] "GET /.env.backup HTTP/1.1" 404 1251 "-" "crusader-worker/1.0"
74.7.227.16 - - [01/Aug/2026:14:22:11 +0000] "GET /wp-includes%2B16/Requests/src/Exception/Transport/ HTTP/2" 200 705 "https://mr-stat.com/wp-includes%2B16/Requests/src/Exception/" "Mozilla/5.0 AppleWebKit/537.36 (KHTML, like Gecko; compatible; GPTBot/1.4; +https://openai.com/gptbot)"
74.7.227.16 - - [01/Aug/2026:14:23:08 +0000] "GET /wp-includes%2B16/js/mediaelement/wp-mediaelement.min.js HTTP/2" 200 453 "https://mr-stat.com/wp-includes%2B16/js/mediaelement/" "Mozilla/5.0 AppleWebKit/537.36 (KHTML, like Gecko; compatible; GPTBot/1.4; +https://openai.com/gptbot)"
74.7.227.16 - - [01/Aug/2026:14:24:00 +0000] "GET /wp-includes%2B16/js/dist/?NA HTTP/2" 200 3850 "https://mr-stat.com/wp-includes%2B16/js/dist/?ND" "Mozilla/5.0 AppleWebKit/537.36 (KHTML, like Gecko; compatible; GPTBot/1.4; +https://openai.com/gptbot)"
74.7.227.16 - - [01/Aug/2026:14:24:45 +0000] "GET /wp-includes%2B16/js/dist/?MD HTTP/2" 200 3916 "https://mr-stat.com/wp-includes%2B16/js/dist/?MA" "Mozilla/5.0 AppleWebKit/537.36 (KHTML, like Gecko; compatible; GPTBot/1.4; +https://openai.com/gptbot)"
74.7.227.16 - - [01/Aug/2026:14:25:27 +0000] "GET /wp-includes%2B16/js/dist/?SD HTTP/2" 200 3915 "https://mr-stat.com/wp-includes%2B16/js/dist/?SA" "Mozilla/5.0 AppleWebKit/537.36 (KHTML, like Gecko; compatible; GPTBot/1.4; +https://openai.com/gptbot)"
