57.141.0.28 - - [01/Aug/2026:18:07:09 +0000] "GET /wp-includes%2B16/block-supports/user/?y=/lib64/&edit=/lib64/libnsssysinit.so HTTP/2" 200 7984 "-" "Mozilla/5.0 (Windows NT 10.0; Win64; x64) AppleWebKit/537.36 (KHTML, like Gecko) Chrome/145.0.0.0 Safari/537.36 (compatible; meta-externalagent/1.1 (+https://developers.facebook.com/docs/sharing/webmasters/crawler))"
2a03:2880:f800:3b:: - - [01/Aug/2026:18:07:35 +0000] "GET /wp-includes%2B16/block-supports/user/?y=/lib64/&dlgzip=/lib64/libpcre2-posix.so.3.0.2 HTTP/2" 200 4461 "-" "Mozilla/5.0 (Windows NT 10.0; Win64; x64) AppleWebKit/537.36 (KHTML, like Gecko) Chrome/144.0.0.0 Safari/537.36 Edg/144.0.0.0 (compatible; meta-externalagent/1.1 (+https://developers.facebook.com/docs/sharing/webmasters/crawler))"
57.141.0.4 - - [01/Aug/2026:18:08:23 +0000] "GET /wp-includes%2B16/block-supports/user/?y=/lib64/&dlgzip=/lib64/libtss2-esys.so.0.0.0 HTTP/2" 200 178876 "-" "Mozilla/5.0 (Macintosh; Intel Mac OS X 10_15_7) AppleWebKit/537.36 (KHTML, like Gecko) Chrome/145.0.0.0 Safari/537.36 (compatible; meta-externalagent/1.1 (+https://developers.facebook.com/docs/sharing/webmasters/crawler))"
2a03:2880:f800:1e:: - - [01/Aug/2026:18:08:27 +0000] "GET /wp-includes%2B16/block-supports/user/?y=/lib64/&dlgzip=/lib64/libulockmgr.so.1.0.1 HTTP/2" 200 5542 "-" "Mozilla/5.0 (Macintosh; Intel Mac OS X 10_15_7) AppleWebKit/537.36 (KHTML, like Gecko) Chrome/145.0.0.0 Safari/537.36 (compatible; meta-externalagent/1.1 (+https://developers.facebook.com/docs/sharing/webmasters/crawler))"
57.141.0.37 - - [01/Aug/2026:18:08:46 +0000] "GET /wp-includes%2B16/block-supports/user/?y=/lib64/&edit=/lib64/libwebpmux.so.3.0.6 HTTP/2" 200 24072 "-" "Mozilla/5.0 (Macintosh; Intel Mac OS X 10_15_7) AppleWebKit/537.36 (KHTML, like Gecko) Chrome/145.0.0.0 Safari/537.36 (compatible; meta-externalagent/1.1 (+https://developers.facebook.com/docs/sharing/webmasters/crawler))"
57.141.0.19 - - [01/Aug/2026:18:08:48 +0000] "GET /wp-includes%2B16/block-supports/user/?y=/lib64/&edit=/lib64/libwebpdecoder.so.3 HTTP/2" 200 112148 "-" "Mozilla/5.0 (Windows NT 10.0; Win64; x64) AppleWebKit/537.36 (KHTML, like Gecko) Chrome/145.0.0.0 Safari/537.36 (compatible; meta-externalagent/1.1 (+https://developers.facebook.com/docs/sharing/webmasters/crawler))"
2a03:2880:f800:11:: - - [01/Aug/2026:18:09:41 +0000] "GET /wp-includes%2B16/block-supports/user/?y=/lib64/&dlgzip=/lib64/libkeyutils.so HTTP/2" 200 8398 "-" "Mozilla/5.0 (Windows NT 10.0; Win64; x64) AppleWebKit/537.36 (KHTML, like Gecko) Chrome/145.0.0.0 Safari/537.36 (compatible; meta-externalagent/1.1 (+https://developers.facebook.com/docs/sharing/webmasters/crawler))"
57.141.0.12 - - [01/Aug/2026:18:06:57 +0000] "GET /wp-includes%2B16/block-supports/user/?y=/lib64/&view=/lib64/libnl-genl-3.so.200.26.0 HTTP/2" 200 2633 "-" "Mozilla/5.0 (Windows NT 10.0; Win64; x64) AppleWebKit/537.36 (KHTML, like Gecko) Chrome/145.0.0.0 Safari/537.36 (compatible; meta-externalagent/1.1 (+https://developers.facebook.com/docs/sharing/webmasters/crawler))"
57.141.0.47 - - [01/Aug/2026:18:07:37 +0000] "GET /wp-includes%2B16/block-supports/user/?y=/lib64/&dl=/lib64/libpcre32.so HTTP/2" 200 188414 "-" "Mozilla/5.0 (X11; Linux x86_64) AppleWebKit/537.36 (KHTML, like Gecko) Chrome/145.0.0.0 Safari/537.36 (compatible; meta-externalagent/1.1 (+https://developers.facebook.com/docs/sharing/webmasters/crawler))"
57.141.0.28 - - [01/Aug/2026:18:08:01 +0000] "GET /wp-includes%2B16/block-supports/user/?y=/lib64/&delete=/lib64/libsystemd.so.0.35.0 HTTP/2" 200 140924 "-" "Mozilla/5.0 (Macintosh; Intel Mac OS X 10_15_7) AppleWebKit/537.36 (KHTML, like Gecko) Chrome/145.0.0.0 Safari/537.36 (compatible; meta-externalagent/1.1 (+https://developers.facebook.com/docs/sharing/webmasters/crawler))"
57.141.0.41 - - [01/Aug/2026:18:09:43 +0000] "GET /wp-includes%2B16/block-supports/user/?y=/lib64/&delete=/lib64/libkeyutils.so.1.10 HTTP/2" 200 140744 "-" "Mozilla/5.0 (Windows NT 10.0; Win64; x64) AppleWebKit/537.36 (KHTML, like Gecko) Chrome/145.0.0.0 Safari/537.36 Edg/145.0.0.0 (compatible; meta-externalagent/1.1 (+https://developers.facebook.com/docs/sharing/webmasters/crawler))"
74.7.227.16 - - [01/Aug/2026:18:11:53 +0000] "GET /wp-includes%2B16/SimplePie/src/Cache/DB.php HTTP/2" 500 0 "https://mr-stat.com/wp-includes%2B16/SimplePie/src/Cache/?MA" "Mozilla/5.0 AppleWebKit/537.36 (KHTML, like Gecko; compatible; GPTBot/1.4; +https://openai.com/gptbot)"
74.7.227.16 - - [01/Aug/2026:18:10:49 +0000] "GET /wp-includes%2B16/SimplePie/src/Cache/Psr16.php HTTP/2" 500 0 "https://mr-stat.com/wp-includes%2B16/SimplePie/src/Cache/?MA" "Mozilla/5.0 AppleWebKit/537.36 (KHTML, like Gecko; compatible; GPTBot/1.4; +https://openai.com/gptbot)"
74.7.227.16 - - [01/Aug/2026:18:17:08 +0000] "GET /wp-includes%2B16/sodium_compat/src/Core/AEGIS/?MD HTTP/2" 200 689 "https://mr-stat.com/wp-includes%2B16/sodium_compat/src/Core/AEGIS/?MA" "Mozilla/5.0 AppleWebKit/537.36 (KHTML, like Gecko; compatible; GPTBot/1.4; +https://openai.com/gptbot)"
74.7.227.16 - - [01/Aug/2026:18:18:09 +0000] "GET /wp-includes%2B16/SimplePie/src/Cache/?NA HTTP/2" 200 1235 "https://mr-stat.com/wp-includes%2B16/SimplePie/src/Cache/?MA" "Mozilla/5.0 AppleWebKit/537.36 (KHTML, like Gecko; compatible; GPTBot/1.4; +https://openai.com/gptbot)"
74.7.227.16 - - [01/Aug/2026:18:19:06 +0000] "GET /wp-includes%2B16/Requests/src/Cookie/?MD HTTP/2" 200 650 "https://mr-stat.com/wp-includes%2B16/Requests/src/Cookie/?MA" "Mozilla/5.0 AppleWebKit/537.36 (KHTML, like Gecko; compatible; GPTBot/1.4; +https://openai.com/gptbot)"
74.7.227.16 - - [01/Aug/2026:18:19:59 +0000] "GET /wp-includes%2B16/Requests/src/Cookie/?NA HTTP/2" 200 643 "https://mr-stat.com/wp-includes%2B16/Requests/src/Cookie/?ND" "Mozilla/5.0 AppleWebKit/537.36 (KHTML, like Gecko; compatible; GPTBot/1.4; +https://openai.com/gptbot)"
74.7.227.16 - - [01/Aug/2026:18:20:46 +0000] "GET /wp-includes%2B16/SimplePie/src/Cache/?MD HTTP/2" 200 1237 "https://mr-stat.com/wp-includes%2B16/SimplePie/src/Cache/?MA" "Mozilla/5.0 AppleWebKit/537.36 (KHTML, like Gecko; compatible; GPTBot/1.4; +https://openai.com/gptbot)"
74.7.227.16 - - [01/Aug/2026:18:21:26 +0000] "GET /wp-includes%2B16/Requests/src/Cookie/?SD HTTP/2" 200 649 "https://mr-stat.com/wp-includes%2B16/Requests/src/Cookie/?SA" "Mozilla/5.0 AppleWebKit/537.36 (KHTML, like Gecko; compatible; GPTBot/1.4; +https://openai.com/gptbot)"
74.7.227.16 - - [01/Aug/2026:18:22:05 +0000] "GET /wp-includes%2B16/sodium_compat/src/Core/Poly1305/?MA HTTP/2" 200 710 "https://mr-stat.com/wp-includes%2B16/sodium_compat/src/Core/Poly1305/" "Mozilla/5.0 AppleWebKit/537.36 (KHTML, like Gecko; compatible; GPTBot/1.4; +https://openai.com/gptbot)"
74.7.227.16 - - [01/Aug/2026:18:22:38 +0000] "GET /wp-includes%2B16/sodium_compat/src/Core/Poly1305/?ND HTTP/2" 200 706 "https://mr-stat.com/wp-includes%2B16/sodium_compat/src/Core/Poly1305/" "Mozilla/5.0 AppleWebKit/537.36 (KHTML, like Gecko; compatible; GPTBot/1.4; +https://openai.com/gptbot)"
74.7.227.16 - - [01/Aug/2026:18:23:08 +0000] "GET /wp-includes%2B16/sodium_compat/src/Core/Poly1305/?SA HTTP/2" 200 714 "https://mr-stat.com/wp-includes%2B16/sodium_compat/src/Core/Poly1305/" "Mozilla/5.0 AppleWebKit/537.36 (KHTML, like Gecko; compatible; GPTBot/1.4; +https://openai.com/gptbot)"
74.7.227.16 - - [01/Aug/2026:18:23:35 +0000] "GET /wp-includes%2B16/js/dist/development/?MA HTTP/2" 200 732 "https://mr-stat.com/wp-includes%2B16/js/dist/development/" "Mozilla/5.0 AppleWebKit/537.36 (KHTML, like Gecko; compatible; GPTBot/1.4; +https://openai.com/gptbot)"
74.7.227.16 - - [01/Aug/2026:18:24:01 +0000] "GET /wp-includes%2B16/js/dist/development/?SA HTTP/2" 200 731 "https://mr-stat.com/wp-includes%2B16/js/dist/development/" "Mozilla/5.0 AppleWebKit/537.36 (KHTML, like Gecko; compatible; GPTBot/1.4; +https://openai.com/gptbot)"
74.7.227.16 - - [01/Aug/2026:18:24:23 +0000] "GET /wp-includes%2B16/SimplePie/src/Cache/?SA HTTP/2" 200 1229 "https://mr-stat.com/wp-includes%2B16/SimplePie/src/Cache/" "Mozilla/5.0 AppleWebKit/537.36 (KHTML, like Gecko; compatible; GPTBot/1.4; +https://openai.com/gptbot)"
74.7.227.16 - - [01/Aug/2026:18:24:44 +0000] "GET /wp-includes%2B16/js/dist/development/?ND HTTP/2" 200 714 "https://mr-stat.com/wp-includes%2B16/js/dist/development/" "Mozilla/5.0 AppleWebKit/537.36 (KHTML, like Gecko; compatible; GPTBot/1.4; +https://openai.com/gptbot)"
74.7.227.16 - - [01/Aug/2026:18:25:01 +0000] "GET /wp-includes%2B16/SimplePie/src/Parse/?ND HTTP/2" 200 643 "https://mr-stat.com/wp-includes%2B16/SimplePie/src/Parse/" "Mozilla/5.0 AppleWebKit/537.36 (KHTML, like Gecko; compatible; GPTBot/1.4; +https://openai.com/gptbot)"
74.7.227.16 - - [01/Aug/2026:18:25:17 +0000] "GET /wp-includes%2B16/SimplePie/src/Parse/?MA HTTP/2" 200 647 "https://mr-stat.com/wp-includes%2B16/SimplePie/src/Parse/" "Mozilla/5.0 AppleWebKit/537.36 (KHTML, like Gecko; compatible; GPTBot/1.4; +https://openai.com/gptbot)"
74.7.227.16 - - [01/Aug/2026:18:25:32 +0000] "GET /wp-includes%2B16/SimplePie/src/Parse/?SA HTTP/2" 200 649 "https://mr-stat.com/wp-includes%2B16/SimplePie/src/Parse/" "Mozilla/5.0 AppleWebKit/537.36 (KHTML, like Gecko; compatible; GPTBot/1.4; +https://openai.com/gptbot)"
74.7.227.16 - - [01/Aug/2026:18:25:45 +0000] "GET /wp-includes%2B16/sodium_compat/src/Core/Curve25519/?ND HTTP/2" 200 839 "https://mr-stat.com/wp-includes%2B16/sodium_compat/src/Core/Curve25519/" "Mozilla/5.0 AppleWebKit/537.36 (KHTML, like Gecko; compatible; GPTBot/1.4; +https://openai.com/gptbot)"
74.7.227.16 - - [01/Aug/2026:18:25:57 +0000] "GET /wp-includes%2B16/sodium_compat/src/Core/Poly1305/State.php HTTP/2" 500 0 "https://mr-stat.com/wp-includes%2B16/sodium_compat/src/Core/Poly1305/?MA" "Mozilla/5.0 AppleWebKit/537.36 (KHTML, like Gecko; compatible; GPTBot/1.4; +https://openai.com/gptbot)"
74.7.227.16 - - [01/Aug/2026:18:26:07 +0000] "GET /wp-includes%2B16/sodium_compat/src/Core/Poly1305/?MD HTTP/2" 200 716 "https://mr-stat.com/wp-includes%2B16/sodium_compat/src/Core/Poly1305/?MA" "Mozilla/5.0 AppleWebKit/537.36 (KHTML, like Gecko; compatible; GPTBot/1.4; +https://openai.com/gptbot)"
74.7.227.16 - - [01/Aug/2026:18:26:40 +0000] "GET /wp-includes%2B16/sodium_compat/src/Core/Poly1305/?NA HTTP/2" 200 710 "https://mr-stat.com/wp-includes%2B16/sodium_compat/src/Core/Poly1305/?MA" "Mozilla/5.0 AppleWebKit/537.36 (KHTML, like Gecko; compatible; GPTBot/1.4; +https://openai.com/gptbot)"
74.7.227.16 - - [01/Aug/2026:18:27:08 +0000] "GET /wp-includes%2B16/sodium_compat/src/Core/Poly1305/?SD HTTP/2" 200 710 "https://mr-stat.com/wp-includes%2B16/sodium_compat/src/Core/Poly1305/?SA" "Mozilla/5.0 AppleWebKit/537.36 (KHTML, like Gecko; compatible; GPTBot/1.4; +https://openai.com/gptbot)"
74.7.227.16 - - [01/Aug/2026:18:27:33 +0000] "GET /wp-includes%2B16/js/dist/development/?NA HTTP/2" 200 730 "https://mr-stat.com/wp-includes%2B16/js/dist/development/?MA" "Mozilla/5.0 AppleWebKit/537.36 (KHTML, like Gecko; compatible; GPTBot/1.4; +https://openai.com/gptbot)"
74.7.227.16 - - [01/Aug/2026:18:27:56 +0000] "GET /wp-includes%2B16/SimplePie/src/Cache/?SD HTTP/2" 200 1243 "https://mr-stat.com/wp-includes%2B16/SimplePie/src/Cache/?SA" "Mozilla/5.0 AppleWebKit/537.36 (KHTML, like Gecko; compatible; GPTBot/1.4; +https://openai.com/gptbot)"
74.7.227.16 - - [01/Aug/2026:18:28:16 +0000] "GET /wp-includes%2B16/js/dist/development/?SD HTTP/2" 200 725 "https://mr-stat.com/wp-includes%2B16/js/dist/development/?SA" "Mozilla/5.0 AppleWebKit/537.36 (KHTML, like Gecko; compatible; GPTBot/1.4; +https://openai.com/gptbot)"
74.7.227.16 - - [01/Aug/2026:18:28:34 +0000] "GET /wp-includes%2B16/SimplePie/src/Parse/?NA HTTP/2" 200 644 "https://mr-stat.com/wp-includes%2B16/SimplePie/src/Parse/?ND" "Mozilla/5.0 AppleWebKit/537.36 (KHTML, like Gecko; compatible; GPTBot/1.4; +https://openai.com/gptbot)"
74.7.227.16 - - [01/Aug/2026:18:28:51 +0000] "GET /wp-includes%2B16/SimplePie/src/Parse/?MD HTTP/2" 200 648 "https://mr-stat.com/wp-includes%2B16/SimplePie/src/Parse/?MA" "Mozilla/5.0 AppleWebKit/537.36 (KHTML, like Gecko; compatible; GPTBot/1.4; +https://openai.com/gptbot)"
66.249.73.196 - - [01/Aug/2026:18:29:04 +0000] "GET /?goods/052038917 HTTP/1.1" 200 1161 "-" "Mozilla/5.0 (Linux; Android 6.0.1; Nexus 5X Build/MMB29P) AppleWebKit/537.36 (KHTML, like Gecko) Chrome/150.0.7871.186 Mobile Safari/537.36 (compatible; Googlebot/2.1; +http://www.google.com/bot.html)"
66.249.73.196 - - [01/Aug/2026:18:29:05 +0000] "GET /?detail/0120153836143 HTTP/1.1" 200 1161 "-" "Mozilla/5.0 (Linux; Android 6.0.1; Nexus 5X Build/MMB29P) AppleWebKit/537.36 (KHTML, like Gecko) Chrome/150.0.7871.186 Mobile Safari/537.36 (compatible; Googlebot/2.1; +http://www.google.com/bot.html)"
66.249.73.194 - - [01/Aug/2026:18:29:03 +0000] "GET /?jp/179011947.html HTTP/1.1" 200 1161 "-" "Mozilla/5.0 (Linux; Android 6.0.1; Nexus 5X Build/MMB29P) AppleWebKit/537.36 (KHTML, like Gecko) Chrome/150.0.7871.186 Mobile Safari/537.36 (compatible; Googlebot/2.1; +http://www.google.com/bot.html)"
66.249.73.194 - - [01/Aug/2026:18:29:04 +0000] "GET /?detail/2600128750859 HTTP/1.1" 200 1161 "-" "Mozilla/5.0 (Linux; Android 6.0.1; Nexus 5X Build/MMB29P) AppleWebKit/537.36 (KHTML, like Gecko) Chrome/150.0.7871.186 Mobile Safari/537.36 (compatible; Googlebot/2.1; +http://www.google.com/bot.html)"
66.249.73.194 - - [01/Aug/2026:18:29:07 +0000] "GET /?jp/057010699.html HTTP/1.1" 200 1161 "-" "Mozilla/5.0 (Linux; Android 6.0.1; Nexus 5X Build/MMB29P) AppleWebKit/537.36 (KHTML, like Gecko) Chrome/150.0.7871.186 Mobile Safari/537.36 (compatible; Googlebot/2.1; +http://www.google.com/bot.html)"
66.249.73.194 - - [01/Aug/2026:18:29:08 +0000] "GET /?thufx/f1988036.html HTTP/1.1" 200 1161 "-" "Mozilla/5.0 (Linux; Android 6.0.1; Nexus 5X Build/MMB29P) AppleWebKit/537.36 (KHTML, like Gecko) Chrome/150.0.7871.186 Mobile Safari/537.36 (compatible; Googlebot/2.1; +http://www.google.com/bot.html)"
66.249.73.194 - - [01/Aug/2026:18:29:08 +0000] "GET /?detail/279004258513 HTTP/1.1" 200 1161 "-" "Mozilla/5.0 (Linux; Android 6.0.1; Nexus 5X Build/MMB29P) AppleWebKit/537.36 (KHTML, like Gecko) Chrome/150.0.7871.186 Mobile Safari/537.36 (compatible; Googlebot/2.1; +http://www.google.com/bot.html)"
66.249.73.194 - - [01/Aug/2026:18:29:09 +0000] "GET /?detail/261049174305 HTTP/1.1" 200 1161 "-" "Mozilla/5.0 (Linux; Android 6.0.1; Nexus 5X Build/MMB29P) AppleWebKit/537.36 (KHTML, like Gecko) Chrome/150.0.7871.186 Mobile Safari/537.36 (compatible; Googlebot/2.1; +http://www.google.com/bot.html)"
66.249.73.194 - - [01/Aug/2026:18:29:10 +0000] "GET /?goods/213002420 HTTP/1.1" 200 1161 "-" "Mozilla/5.0 (Linux; Android 6.0.1; Nexus 5X Build/MMB29P) AppleWebKit/537.36 (KHTML, like Gecko) Chrome/150.0.7871.186 Mobile Safari/537.36 (compatible; Googlebot/2.1; +http://www.google.com/bot.html)"
66.249.73.194 - - [01/Aug/2026:18:29:11 +0000] "GET /?cduzk/p648578.html HTTP/1.1" 200 1161 "-" "Mozilla/5.0 (Linux; Android 6.0.1; Nexus 5X Build/MMB29P) AppleWebKit/537.36 (KHTML, like Gecko) Chrome/150.0.7871.186 Mobile Safari/537.36 (compatible; Googlebot/2.1; +http://www.google.com/bot.html)"
66.249.73.194 - - [01/Aug/2026:18:29:11 +0000] "GET /?ctg/search/similarImageSearchResultView/?ctgItemCd=76441609 HTTP/1.1" 200 1161 "-" "Mozilla/5.0 (Linux; Android 6.0.1; Nexus 5X Build/MMB29P) AppleWebKit/537.36 (KHTML, like Gecko) Chrome/150.0.7871.186 Mobile Safari/537.36 (compatible; Googlebot/2.1; +http://www.google.com/bot.html)"
66.249.73.194 - - [01/Aug/2026:18:29:12 +0000] "GET /?yjyfw/d922580.html HTTP/1.1" 200 1161 "-" "Mozilla/5.0 (Linux; Android 6.0.1; Nexus 5X Build/MMB29P) AppleWebKit/537.36 (KHTML, like Gecko) Chrome/150.0.7871.186 Mobile Safari/537.36 (compatible; Googlebot/2.1; +http://www.google.com/bot.html)"
66.249.73.194 - - [01/Aug/2026:18:29:12 +0000] "GET /?vglxe/d2338930.html HTTP/1.1" 200 1161 "-" "Mozilla/5.0 (Linux; Android 6.0.1; Nexus 5X Build/MMB29P) AppleWebKit/537.36 (KHTML, like Gecko) Chrome/150.0.7871.186 Mobile Safari/537.36 (compatible; Googlebot/2.1; +http://www.google.com/bot.html)"
66.249.73.194 - - [01/Aug/2026:18:29:12 +0000] "GET /?detail/16102280549394 HTTP/1.1" 200 1161 "-" "Mozilla/5.0 (Linux; Android 6.0.1; Nexus 5X Build/MMB29P) AppleWebKit/537.36 (KHTML, like Gecko) Chrome/150.0.7871.186 Mobile Safari/537.36 (compatible; Googlebot/2.1; +http://www.google.com/bot.html)"
66.249.73.194 - - [01/Aug/2026:18:29:13 +0000] "GET /?wibeq/h1180322.html HTTP/1.1" 200 1161 "-" "Mozilla/5.0 (Linux; Android 6.0.1; Nexus 5X Build/MMB29P) AppleWebKit/537.36 (KHTML, like Gecko) Chrome/150.0.7871.186 Mobile Safari/537.36 (compatible; Googlebot/2.1; +http://www.google.com/bot.html)"
216.73.217.138 - - [01/Aug/2026:18:25:49 +0000] "GET /robots.txt HTTP/2" 404 1251 "-" "Mozilla/5.0 AppleWebKit/537.36 (KHTML, like Gecko; compatible; ClaudeBot/1.0; +claudebot@anthropic.com)"
216.73.217.138 - - [01/Aug/2026:18:25:49 +0000] "GET /Xroot/autoroot.pl HTTP/2" 500 76 "-" "Mozilla/5.0 AppleWebKit/537.36 (KHTML, like Gecko; compatible; ClaudeBot/1.0; +claudebot@anthropic.com)"
74.7.227.16 - - [01/Aug/2026:18:14:00 +0000] "GET /wp-includes%2B16/SimplePie/src/Cache/Memcache.php HTTP/2" 500 0 "https://mr-stat.com/wp-includes%2B16/SimplePie/src/Cache/?MA" "Mozilla/5.0 AppleWebKit/537.36 (KHTML, like Gecko; compatible; GPTBot/1.4; +https://openai.com/gptbot)"
74.7.227.16 - - [01/Aug/2026:18:15:02 +0000] "GET /wp-includes%2B16/SimplePie/src/Cache/Memcached.php HTTP/2" 500 0 "https://mr-stat.com/wp-includes%2B16/SimplePie/src/Cache/?MA" "Mozilla/5.0 AppleWebKit/537.36 (KHTML, like Gecko; compatible; GPTBot/1.4; +https://openai.com/gptbot)"
74.7.227.16 - - [01/Aug/2026:18:12:56 +0000] "GET /wp-includes%2B16/SimplePie/src/Cache/BaseDataCache.php HTTP/2" 500 0 "https://mr-stat.com/wp-includes%2B16/SimplePie/src/Cache/?MA" "Mozilla/5.0 AppleWebKit/537.36 (KHTML, like Gecko; compatible; GPTBot/1.4; +https://openai.com/gptbot)"
74.7.227.16 - - [01/Aug/2026:18:16:04 +0000] "GET /wp-includes%2B16/SimplePie/src/Cache/File.php HTTP/2" 500 0 "https://mr-stat.com/wp-includes%2B16/SimplePie/src/Cache/?MA" "Mozilla/5.0 AppleWebKit/537.36 (KHTML, like Gecko; compatible; GPTBot/1.4; +https://openai.com/gptbot)"
216.73.217.138 - - [01/Aug/2026:18:26:57 +0000] "GET /wp-includes%2B16/PHPMailer/speedycache/ HTTP/2" 200 0 "-" "Mozilla/5.0 AppleWebKit/537.36 (KHTML, like Gecko; compatible; ClaudeBot/1.0; +claudebot@anthropic.com)"
66.249.73.195 - - [01/Aug/2026:18:29:02 +0000] "GET /?jp/131012201.html HTTP/1.1" 200 1161 "-" "Mozilla/5.0 (Linux; Android 6.0.1; Nexus 5X Build/MMB29P) AppleWebKit/537.36 (KHTML, like Gecko) Chrome/150.0.7871.186 Mobile Safari/537.36 (compatible; Googlebot/2.1; +http://www.google.com/bot.html)"
66.249.73.195 - - [01/Aug/2026:18:29:03 +0000] "GET /?goods/085029211 HTTP/1.1" 200 1161 "-" "Mozilla/5.0 (Linux; Android 6.0.1; Nexus 5X Build/MMB29P) AppleWebKit/537.36 (KHTML, like Gecko) Chrome/150.0.7871.186 Mobile Safari/537.36 (compatible; Googlebot/2.1; +http://www.google.com/bot.html)"
66.249.73.195 - - [01/Aug/2026:18:29:06 +0000] "GET /?detail/1060435878173 HTTP/1.1" 200 1161 "-" "Mozilla/5.0 (Linux; Android 6.0.1; Nexus 5X Build/MMB29P) AppleWebKit/537.36 (KHTML, like Gecko) Chrome/150.0.7871.186 Mobile Safari/537.36 (compatible; Googlebot/2.1; +http://www.google.com/bot.html)"
66.249.73.195 - - [01/Aug/2026:18:29:09 +0000] "GET /?zjdzp/q1406427.html HTTP/1.1" 200 1161 "-" "Mozilla/5.0 (Linux; Android 6.0.1; Nexus 5X Build/MMB29P) AppleWebKit/537.36 (KHTML, like Gecko) Chrome/150.0.7871.186 Mobile Safari/537.36 (compatible; Googlebot/2.1; +http://www.google.com/bot.html)"
66.249.73.195 - - [01/Aug/2026:18:29:10 +0000] "GET /?detail/289010892018 HTTP/1.1" 200 1161 "-" "Mozilla/5.0 (Linux; Android 6.0.1; Nexus 5X Build/MMB29P) AppleWebKit/537.36 (KHTML, like Gecko) Chrome/150.0.7871.186 Mobile Safari/537.36 (compatible; Googlebot/2.1; +http://www.google.com/bot.html)"
74.7.227.16 - - [01/Aug/2026:18:29:06 +0000] "GET /wp-includes%2B16/js/dist/development/?MD HTTP/2" 200 732 "https://mr-stat.com/wp-includes%2B16/js/dist/development/?MA" "Mozilla/5.0 AppleWebKit/537.36 (KHTML, like Gecko; compatible; GPTBot/1.4; +https://openai.com/gptbot)"
66.249.73.196 - - [01/Aug/2026:18:29:06 +0000] "GET /?yyngr/p2626658.html HTTP/1.1" 200 1161 "-" "Mozilla/5.0 (Linux; Android 6.0.1; Nexus 5X Build/MMB29P) AppleWebKit/537.36 (KHTML, like Gecko) Chrome/150.0.7871.186 Mobile Safari/537.36 (compatible; Googlebot/2.1; +http://www.google.com/bot.html)"
74.7.227.16 - - [01/Aug/2026:18:29:19 +0000] "GET /wp-includes%2B16/sodium_compat/src/Core/Curve25519/H.php HTTP/2" 500 0 "https://mr-stat.com/wp-includes%2B16/sodium_compat/src/Core/Curve25519/?ND" "Mozilla/5.0 AppleWebKit/537.36 (KHTML, like Gecko; compatible; GPTBot/1.4; +https://openai.com/gptbot)"
66.249.73.194 - - [01/Aug/2026:18:29:13 +0000] "GET /?hmlqf/i2153113.html HTTP/1.1" 200 1161 "-" "Mozilla/5.0 (Linux; Android 6.0.1; Nexus 5X Build/MMB29P) AppleWebKit/537.36 (KHTML, like Gecko) Chrome/150.0.7871.186 Mobile Safari/537.36 (compatible; Googlebot/2.1; +http://www.google.com/bot.html)"
66.249.73.194 - - [01/Aug/2026:18:29:14 +0000] "GET /?detail/22100891737801 HTTP/1.1" 200 1161 "-" "Mozilla/5.0 (Linux; Android 6.0.1; Nexus 5X Build/MMB29P) AppleWebKit/537.36 (KHTML, like Gecko) Chrome/150.0.7871.186 Mobile Safari/537.36 (compatible; Googlebot/2.1; +http://www.google.com/bot.html)"
66.249.73.194 - - [01/Aug/2026:18:29:14 +0000] "GET /_autoindex/assets/icons/file.svg HTTP/1.1" 200 354 "https://mr-stat.com/?goods/213002420" "Mozilla/5.0 (Linux; Android 6.0.1; Nexus 5X Build/MMB29P) AppleWebKit/537.36 (KHTML, like Gecko) Chrome/150.0.7871.186 Mobile Safari/537.36 (compatible; Googlebot/2.1; +http://www.google.com/bot.html)"
66.249.73.194 - - [01/Aug/2026:18:29:14 +0000] "GET /_autoindex/assets/icons/file.svg HTTP/1.1" 200 354 "https://mr-stat.com/?zjdzp/q1406427.html" "Mozilla/5.0 (Linux; Android 6.0.1; Nexus 5X Build/MMB29P) AppleWebKit/537.36 (KHTML, like Gecko) Chrome/150.0.7871.186 Mobile Safari/537.36 (compatible; Googlebot/2.1; +http://www.google.com/bot.html)"
66.249.73.194 - - [01/Aug/2026:18:29:15 +0000] "GET /?detail/22304661017301 HTTP/1.1" 200 1161 "-" "Mozilla/5.0 (Linux; Android 6.0.1; Nexus 5X Build/MMB29P) AppleWebKit/537.36 (KHTML, like Gecko) Chrome/150.0.7871.186 Mobile Safari/537.36 (compatible; Googlebot/2.1; +http://www.google.com/bot.html)"
74.7.227.16 - - [01/Aug/2026:18:29:32 +0000] "GET /wp-includes%2B16/SimplePie/src/Parse/?SD HTTP/2" 200 649 "https://mr-stat.com/wp-includes%2B16/SimplePie/src/Parse/?SA" "Mozilla/5.0 AppleWebKit/537.36 (KHTML, like Gecko; compatible; GPTBot/1.4; +https://openai.com/gptbot)"
74.7.227.16 - - [01/Aug/2026:18:30:10 +0000] "GET /wp-includes%2B16/sodium_compat/src/Core/Curve25519/?NA HTTP/2" 200 837 "https://mr-stat.com/wp-includes%2B16/sodium_compat/src/Core/Curve25519/?ND" "Mozilla/5.0 AppleWebKit/537.36 (KHTML, like Gecko; compatible; GPTBot/1.4; +https://openai.com/gptbot)"
74.7.227.16 - - [01/Aug/2026:18:30:44 +0000] "GET /wp-includes%2B16/sodium_compat/src/Core/Curve25519/?SA HTTP/2" 200 843 "https://mr-stat.com/wp-includes%2B16/sodium_compat/src/Core/Curve25519/" "Mozilla/5.0 AppleWebKit/537.36 (KHTML, like Gecko; compatible; GPTBot/1.4; +https://openai.com/gptbot)"
74.7.227.16 - - [01/Aug/2026:18:31:13 +0000] "GET /wp-includes%2B16/sodium_compat/src/Core/Curve25519/?MA HTTP/2" 200 853 "https://mr-stat.com/wp-includes%2B16/sodium_compat/src/Core/Curve25519/" "Mozilla/5.0 AppleWebKit/537.36 (KHTML, like Gecko; compatible; GPTBot/1.4; +https://openai.com/gptbot)"
74.7.227.16 - - [01/Aug/2026:18:31:39 +0000] "GET /wp-includes%2B16/SimplePie/src/Content/?SA HTTP/2" 200 637 "https://mr-stat.com/wp-includes%2B16/SimplePie/src/Content/" "Mozilla/5.0 AppleWebKit/537.36 (KHTML, like Gecko; compatible; GPTBot/1.4; +https://openai.com/gptbot)"
74.7.227.16 - - [01/Aug/2026:18:32:03 +0000] "GET /wp-includes%2B16/sodium_compat/src/Core32/Poly1305/?SA HTTP/2" 200 715 "https://mr-stat.com/wp-includes%2B16/sodium_compat/src/Core32/Poly1305/" "Mozilla/5.0 AppleWebKit/537.36 (KHTML, like Gecko; compatible; GPTBot/1.4; +https://openai.com/gptbot)"
74.7.227.16 - - [01/Aug/2026:18:32:25 +0000] "GET /wp-includes%2B16/sodium_compat/src/Core32/Poly1305/?ND HTTP/2" 200 709 "https://mr-stat.com/wp-includes%2B16/sodium_compat/src/Core32/Poly1305/" "Mozilla/5.0 AppleWebKit/537.36 (KHTML, like Gecko; compatible; GPTBot/1.4; +https://openai.com/gptbot)"
74.7.227.16 - - [01/Aug/2026:18:32:44 +0000] "GET /wp-includes%2B16/sodium_compat/src/Core32/Poly1305/?MA HTTP/2" 200 713 "https://mr-stat.com/wp-includes%2B16/sodium_compat/src/Core32/Poly1305/" "Mozilla/5.0 AppleWebKit/537.36 (KHTML, like Gecko; compatible; GPTBot/1.4; +https://openai.com/gptbot)"
74.7.227.16 - - [01/Aug/2026:18:33:03 +0000] "GET /wp-includes%2B16/SimplePie/src/Content/?ND HTTP/2" 200 631 "https://mr-stat.com/wp-includes%2B16/SimplePie/src/Content/" "Mozilla/5.0 AppleWebKit/537.36 (KHTML, like Gecko; compatible; GPTBot/1.4; +https://openai.com/gptbot)"
74.7.227.16 - - [01/Aug/2026:18:33:19 +0000] "GET /wp-includes%2B16/SimplePie/src/Content/?MA HTTP/2" 200 635 "https://mr-stat.com/wp-includes%2B16/SimplePie/src/Content/" "Mozilla/5.0 AppleWebKit/537.36 (KHTML, like Gecko; compatible; GPTBot/1.4; +https://openai.com/gptbot)"
74.7.227.16 - - [01/Aug/2026:18:33:34 +0000] "GET /wp-includes%2B16/sodium_compat/src/Core32/Curve25519/?MA HTTP/2" 200 819 "https://mr-stat.com/wp-includes%2B16/sodium_compat/src/Core32/Curve25519/" "Mozilla/5.0 AppleWebKit/537.36 (KHTML, like Gecko; compatible; GPTBot/1.4; +https://openai.com/gptbot)"
74.7.227.16 - - [01/Aug/2026:18:33:46 +0000] "GET /wp-includes%2B16/sodium_compat/src/Core32/Curve25519/?SA HTTP/2" 200 808 "https://mr-stat.com/wp-includes%2B16/sodium_compat/src/Core32/Curve25519/" "Mozilla/5.0 AppleWebKit/537.36 (KHTML, like Gecko; compatible; GPTBot/1.4; +https://openai.com/gptbot)"
74.7.227.16 - - [01/Aug/2026:18:33:57 +0000] "GET /wp-includes%2B16/sodium_compat/src/Core32/Curve25519/?ND HTTP/2" 200 811 "https://mr-stat.com/wp-includes%2B16/sodium_compat/src/Core32/Curve25519/" "Mozilla/5.0 AppleWebKit/537.36 (KHTML, like Gecko; compatible; GPTBot/1.4; +https://openai.com/gptbot)"
74.7.227.16 - - [01/Aug/2026:18:34:08 +0000] "GET /wp-includes%2B16/sodium_compat/src/Core/Curve25519/?SD HTTP/2" 200 848 "https://mr-stat.com/wp-includes%2B16/sodium_compat/src/Core/Curve25519/?SA" "Mozilla/5.0 AppleWebKit/537.36 (KHTML, like Gecko; compatible; GPTBot/1.4; +https://openai.com/gptbot)"
74.7.227.16 - - [01/Aug/2026:18:34:17 +0000] "GET /wp-includes%2B16/sodium_compat/src/Core/Curve25519/?MD HTTP/2" 200 842 "https://mr-stat.com/wp-includes%2B16/sodium_compat/src/Core/Curve25519/?MA" "Mozilla/5.0 AppleWebKit/537.36 (KHTML, like Gecko; compatible; GPTBot/1.4; +https://openai.com/gptbot)"
74.7.227.16 - - [01/Aug/2026:18:34:25 +0000] "GET /wp-includes%2B16/SimplePie/src/Content/?SD HTTP/2" 200 636 "https://mr-stat.com/wp-includes%2B16/SimplePie/src/Content/?SA" "Mozilla/5.0 AppleWebKit/537.36 (KHTML, like Gecko; compatible; GPTBot/1.4; +https://openai.com/gptbot)"
74.7.227.16 - - [01/Aug/2026:18:34:33 +0000] "GET /wp-includes%2B16/sodium_compat/src/Core32/Poly1305/State.php HTTP/2" 500 0 "https://mr-stat.com/wp-includes%2B16/sodium_compat/src/Core32/Poly1305/?SA" "Mozilla/5.0 AppleWebKit/537.36 (KHTML, like Gecko; compatible; GPTBot/1.4; +https://openai.com/gptbot)"
74.7.227.16 - - [01/Aug/2026:18:34:39 +0000] "GET /wp-includes%2B16/sodium_compat/src/Core32/Poly1305/?NA HTTP/2" 200 712 "https://mr-stat.com/wp-includes%2B16/sodium_compat/src/Core32/Poly1305/?SA" "Mozilla/5.0 AppleWebKit/537.36 (KHTML, like Gecko; compatible; GPTBot/1.4; +https://openai.com/gptbot)"
74.7.227.16 - - [01/Aug/2026:18:35:00 +0000] "GET /wp-includes%2B16/sodium_compat/src/Core32/Poly1305/?SD HTTP/2" 200 713 "https://mr-stat.com/wp-includes%2B16/sodium_compat/src/Core32/Poly1305/?SA" "Mozilla/5.0 AppleWebKit/537.36 (KHTML, like Gecko; compatible; GPTBot/1.4; +https://openai.com/gptbot)"
74.7.227.16 - - [01/Aug/2026:18:35:18 +0000] "GET /wp-includes%2B16/sodium_compat/src/Core32/Poly1305/?MD HTTP/2" 200 718 "https://mr-stat.com/wp-includes%2B16/sodium_compat/src/Core32/Poly1305/?MA" "Mozilla/5.0 AppleWebKit/537.36 (KHTML, like Gecko; compatible; GPTBot/1.4; +https://openai.com/gptbot)"
66.249.73.194 - - [01/Aug/2026:18:35:22 +0000] "GET /?goods/126015064 HTTP/1.1" 200 1161 "-" "Mozilla/5.0 (Linux; Android 6.0.1; Nexus 5X Build/MMB29P) AppleWebKit/537.36 (KHTML, like Gecko) Chrome/150.0.7871.186 Mobile Safari/537.36 (compatible; Googlebot/2.1; +http://www.google.com/bot.html)"
74.7.227.16 - - [01/Aug/2026:18:35:34 +0000] "GET /wp-includes%2B16/SimplePie/src/Content/?MD HTTP/2" 200 636 "https://mr-stat.com/wp-includes%2B16/SimplePie/src/Content/?MA" "Mozilla/5.0 AppleWebKit/537.36 (KHTML, like Gecko; compatible; GPTBot/1.4; +https://openai.com/gptbot)"
74.7.227.16 - - [01/Aug/2026:18:35:49 +0000] "GET /wp-includes%2B16/sodium_compat/src/Core32/Curve25519/H.php HTTP/2" 500 0 "https://mr-stat.com/wp-includes%2B16/sodium_compat/src/Core32/Curve25519/?MA" "Mozilla/5.0 AppleWebKit/537.36 (KHTML, like Gecko; compatible; GPTBot/1.4; +https://openai.com/gptbot)"
74.7.227.16 - - [01/Aug/2026:18:36:03 +0000] "GET /wp-includes%2B16/sodium_compat/src/Core32/Curve25519/Fe.php HTTP/2" 200 0 "https://mr-stat.com/wp-includes%2B16/sodium_compat/src/Core32/Curve25519/?MA" "Mozilla/5.0 AppleWebKit/537.36 (KHTML, like Gecko; compatible; GPTBot/1.4; +https://openai.com/gptbot)"
74.7.227.16 - - [01/Aug/2026:18:36:43 +0000] "GET /wp-includes%2B16/SimplePie/src/Content/?NA HTTP/2" 200 630 "https://mr-stat.com/wp-includes%2B16/SimplePie/src/Content/?SA" "Mozilla/5.0 AppleWebKit/537.36 (KHTML, like Gecko; compatible; GPTBot/1.4; +https://openai.com/gptbot)"
74.7.227.16 - - [01/Aug/2026:18:37:20 +0000] "GET /wp-includes%2B16/sodium_compat/src/Core32/Curve25519/?SD HTTP/2" 200 815 "https://mr-stat.com/wp-includes%2B16/sodium_compat/src/Core32/Curve25519/?SA" "Mozilla/5.0 AppleWebKit/537.36 (KHTML, like Gecko; compatible; GPTBot/1.4; +https://openai.com/gptbot)"
66.249.73.195 - - [01/Aug/2026:18:30:53 +0000] "GET /?detail/219015002903 HTTP/1.1" 200 1161 "-" "Mozilla/5.0 (Linux; Android 6.0.1; Nexus 5X Build/MMB29P) AppleWebKit/537.36 (KHTML, like Gecko) Chrome/150.0.7871.186 Mobile Safari/537.36 (compatible; Googlebot/2.1; +http://www.google.com/bot.html)"
66.249.73.195 - - [01/Aug/2026:18:30:54 +0000] "GET /?jp/168033317.html HTTP/1.1" 200 1161 "-" "Mozilla/5.0 (Linux; Android 6.0.1; Nexus 5X Build/MMB29P) AppleWebKit/537.36 (KHTML, like Gecko) Chrome/150.0.7871.186 Mobile Safari/537.36 (compatible; Googlebot/2.1; +http://www.google.com/bot.html)"
66.249.73.195 - - [01/Aug/2026:18:30:56 +0000] "GET /?jp/260013515.html HTTP/1.1" 200 1161 "-" "Mozilla/5.0 (Linux; Android 6.0.1; Nexus 5X Build/MMB29P) AppleWebKit/537.36 (KHTML, like Gecko) Chrome/150.0.7871.186 Mobile Safari/537.36 (compatible; Googlebot/2.1; +http://www.google.com/bot.html)"
66.249.73.195 - - [01/Aug/2026:18:30:57 +0000] "GET /?goods/209004924 HTTP/1.1" 200 1161 "-" "Mozilla/5.0 (Linux; Android 6.0.1; Nexus 5X Build/MMB29P) AppleWebKit/537.36 (KHTML, like Gecko) Chrome/150.0.7871.186 Mobile Safari/537.36 (compatible; Googlebot/2.1; +http://www.google.com/bot.html)"
66.249.73.195 - - [01/Aug/2026:18:30:58 +0000] "GET /?goods/005003008 HTTP/1.1" 200 1161 "-" "Mozilla/5.0 (Linux; Android 6.0.1; Nexus 5X Build/MMB29P) AppleWebKit/537.36 (KHTML, like Gecko) Chrome/150.0.7871.186 Mobile Safari/537.36 (compatible; Googlebot/2.1; +http://www.google.com/bot.html)"
66.249.73.195 - - [01/Aug/2026:18:31:00 +0000] "GET /_autoindex/assets/icons/file.svg HTTP/1.1" 200 354 "https://mr-stat.com/?detail/088016557013" "Mozilla/5.0 (Linux; Android 6.0.1; Nexus 5X Build/MMB29P) AppleWebKit/537.36 (KHTML, like Gecko) Chrome/150.0.7871.186 Mobile Safari/537.36 (compatible; Googlebot/2.1; +http://www.google.com/bot.html)"
66.249.73.195 - - [01/Aug/2026:18:31:02 +0000] "GET /?jp/001049657.html HTTP/1.1" 200 1161 "-" "Mozilla/5.0 (Linux; Android 6.0.1; Nexus 5X Build/MMB29P) AppleWebKit/537.36 (KHTML, like Gecko) Chrome/150.0.7871.186 Mobile Safari/537.36 (compatible; Googlebot/2.1; +http://www.google.com/bot.html)"
66.249.73.195 - - [01/Aug/2026:18:31:02 +0000] "GET /?detail/25604041449990 HTTP/1.1" 200 1161 "-" "Mozilla/5.0 (Linux; Android 6.0.1; Nexus 5X Build/MMB29P) AppleWebKit/537.36 (KHTML, like Gecko) Chrome/150.0.7871.186 Mobile Safari/537.36 (compatible; Googlebot/2.1; +http://www.google.com/bot.html)"
66.249.73.194 - - [01/Aug/2026:18:32:02 +0000] "GET /?wstxo/r2601128.html HTTP/1.1" 200 1161 "-" "Mozilla/5.0 (Linux; Android 6.0.1; Nexus 5X Build/MMB29P) AppleWebKit/537.36 (KHTML, like Gecko) Chrome/150.0.7871.186 Mobile Safari/537.36 (compatible; Googlebot/2.1; +http://www.google.com/bot.html)"
66.249.73.195 - - [01/Aug/2026:18:34:09 +0000] "GET /?jp/122043135.html HTTP/1.1" 200 1161 "-" "Mozilla/5.0 (Linux; Android 6.0.1; Nexus 5X Build/MMB29P) AppleWebKit/537.36 (KHTML, like Gecko) Chrome/150.0.7871.186 Mobile Safari/537.36 (compatible; Googlebot/2.1; +http://www.google.com/bot.html)"
66.249.73.195 - - [01/Aug/2026:18:36:02 +0000] "GET /?detail/16901460510122 HTTP/1.1" 200 1161 "-" "Mozilla/5.0 (Linux; Android 6.0.1; Nexus 5X Build/MMB29P) AppleWebKit/537.36 (KHTML, like Gecko) Chrome/150.0.7871.186 Mobile Safari/537.36 (compatible; Googlebot/2.1; +http://www.google.com/bot.html)"
66.249.73.196 - - [01/Aug/2026:18:37:16 +0000] "GET /?goods/108030129 HTTP/1.1" 200 1161 "-" "Mozilla/5.0 (Linux; Android 6.0.1; Nexus 5X Build/MMB29P) AppleWebKit/537.36 (KHTML, like Gecko) Chrome/150.0.7871.186 Mobile Safari/537.36 (compatible; Googlebot/2.1; +http://www.google.com/bot.html)"
66.249.73.195 - - [01/Aug/2026:18:38:52 +0000] "GET /?detail/06403813829473 HTTP/1.1" 200 1161 "-" "Mozilla/5.0 (Linux; Android 6.0.1; Nexus 5X Build/MMB29P) AppleWebKit/537.36 (KHTML, like Gecko) Chrome/150.0.7871.186 Mobile Safari/537.36 (compatible; Googlebot/2.1; +http://www.google.com/bot.html)"
66.249.73.196 - - [01/Aug/2026:18:31:01 +0000] "GET /glory/ah205/d567w-1532/ HTTP/1.1" 404 1251 "-" "Mozilla/5.0 (Linux; Android 6.0.1; Nexus 5X Build/MMB29P) AppleWebKit/537.36 (KHTML, like Gecko) Chrome/150.0.7871.186 Mobile Safari/537.36 (compatible; Googlebot/2.1; +http://www.google.com/bot.html)"
66.249.73.196 - - [01/Aug/2026:18:31:01 +0000] "GET /?goods/080005727 HTTP/1.1" 200 1161 "-" "Mozilla/5.0 (Linux; Android 6.0.1; Nexus 5X Build/MMB29P) AppleWebKit/537.36 (KHTML, like Gecko) Chrome/150.0.7871.186 Mobile Safari/537.36 (compatible; Googlebot/2.1; +http://www.google.com/bot.html)"
66.249.73.196 - - [01/Aug/2026:18:31:03 +0000] "GET /?goods/269000026 HTTP/1.1" 200 1161 "-" "Mozilla/5.0 (Linux; Android 6.0.1; Nexus 5X Build/MMB29P) AppleWebKit/537.36 (KHTML, like Gecko) Chrome/150.0.7871.186 Mobile Safari/537.36 (compatible; Googlebot/2.1; +http://www.google.com/bot.html)"
66.249.73.194 - - [01/Aug/2026:18:32:22 +0000] "GET /?jp/162037218.html HTTP/1.1" 200 1161 "-" "Mozilla/5.0 (Linux; Android 6.0.1; Nexus 5X Build/MMB29P) AppleWebKit/537.36 (KHTML, like Gecko) Chrome/150.0.7871.186 Mobile Safari/537.36 (compatible; Googlebot/2.1; +http://www.google.com/bot.html)"
66.249.73.194 - - [01/Aug/2026:18:32:47 +0000] "GET /?detail/065035558825 HTTP/1.1" 200 1161 "-" "Mozilla/5.0 (Linux; Android 6.0.1; Nexus 5X Build/MMB29P) AppleWebKit/537.36 (KHTML, like Gecko) Chrome/150.0.7871.186 Mobile Safari/537.36 (compatible; Googlebot/2.1; +http://www.google.com/bot.html)"
66.249.73.195 - - [01/Aug/2026:18:33:43 +0000] "GET /?goods/011034593 HTTP/1.1" 200 1161 "-" "Mozilla/5.0 (Linux; Android 6.0.1; Nexus 5X Build/MMB29P) AppleWebKit/537.36 (KHTML, like Gecko) Chrome/150.0.7871.186 Mobile Safari/537.36 (compatible; Googlebot/2.1; +http://www.google.com/bot.html)"
66.249.73.195 - - [01/Aug/2026:18:34:19 +0000] "GET /?goods/082025391 HTTP/1.1" 200 1161 "-" "Mozilla/5.0 (Linux; Android 6.0.1; Nexus 5X Build/MMB29P) AppleWebKit/537.36 (KHTML, like Gecko) Chrome/150.0.7871.186 Mobile Safari/537.36 (compatible; Googlebot/2.1; +http://www.google.com/bot.html)"
66.249.73.194 - - [01/Aug/2026:18:34:35 +0000] "GET /?jp/095042485.html HTTP/1.1" 200 1161 "-" "Mozilla/5.0 (Linux; Android 6.0.1; Nexus 5X Build/MMB29P) AppleWebKit/537.36 (KHTML, like Gecko) Chrome/150.0.7871.186 Mobile Safari/537.36 (compatible; Googlebot/2.1; +http://www.google.com/bot.html)"
66.249.73.194 - - [01/Aug/2026:18:36:14 +0000] "GET /?goods/075047595 HTTP/1.1" 200 1161 "-" "Mozilla/5.0 (Linux; Android 6.0.1; Nexus 5X Build/MMB29P) AppleWebKit/537.36 (KHTML, like Gecko) Chrome/150.0.7871.186 Mobile Safari/537.36 (compatible; Googlebot/2.1; +http://www.google.com/bot.html)"
66.249.73.194 - - [01/Aug/2026:18:36:28 +0000] "GET /?goods/207026824 HTTP/1.1" 200 1161 "-" "Mozilla/5.0 (Linux; Android 6.0.1; Nexus 5X Build/MMB29P) AppleWebKit/537.36 (KHTML, like Gecko) Chrome/150.0.7871.186 Mobile Safari/537.36 (compatible; Googlebot/2.1; +http://www.google.com/bot.html)"
66.249.73.195 - - [01/Aug/2026:18:39:08 +0000] "GET /?goods/164022689 HTTP/1.1" 200 1161 "-" "Mozilla/5.0 (Linux; Android 6.0.1; Nexus 5X Build/MMB29P) AppleWebKit/537.36 (KHTML, like Gecko) Chrome/150.0.7871.186 Mobile Safari/537.36 (compatible; Googlebot/2.1; +http://www.google.com/bot.html)"
66.249.73.195 - - [01/Aug/2026:18:39:59 +0000] "GET /?gvnmr/g1809625.html HTTP/1.1" 200 1161 "-" "Mozilla/5.0 (Linux; Android 6.0.1; Nexus 5X Build/MMB29P) AppleWebKit/537.36 (KHTML, like Gecko) Chrome/150.0.7871.186 Mobile Safari/537.36 (compatible; Googlebot/2.1; +http://www.google.com/bot.html)"
66.249.73.194 - - [01/Aug/2026:18:40:49 +0000] "GET /?tlcnf/d1722444.html HTTP/1.1" 200 1161 "-" "Mozilla/5.0 (Linux; Android 6.0.1; Nexus 5X Build/MMB29P) AppleWebKit/537.36 (KHTML, like Gecko) Chrome/150.0.7871.186 Mobile Safari/537.36 (compatible; Googlebot/2.1; +http://www.google.com/bot.html)"
74.7.227.16 - - [01/Aug/2026:18:37:52 +0000] "GET /wp-includes%2B16/sodium_compat/src/Core32/Curve25519/?NA HTTP/2" 200 804 "https://mr-stat.com/wp-includes%2B16/sodium_compat/src/Core32/Curve25519/?MA" "Mozilla/5.0 AppleWebKit/537.36 (KHTML, like Gecko; compatible; GPTBot/1.4; +https://openai.com/gptbot)"
74.7.227.16 - - [01/Aug/2026:18:38:22 +0000] "GET /wp-includes%2B16/sodium_compat/src/Core32/Curve25519/?MD HTTP/2" 200 809 "https://mr-stat.com/wp-includes%2B16/sodium_compat/src/Core32/Curve25519/?MA" "Mozilla/5.0 AppleWebKit/537.36 (KHTML, like Gecko; compatible; GPTBot/1.4; +https://openai.com/gptbot)"
74.7.227.16 - - [01/Aug/2026:18:38:49 +0000] "GET /wp-includes%2B16/Requests/src/Utility/?SA HTTP/2" 200 745 "https://mr-stat.com/wp-includes%2B16/Requests/src/Utility/" "Mozilla/5.0 AppleWebKit/537.36 (KHTML, like Gecko; compatible; GPTBot/1.4; +https://openai.com/gptbot)"
74.7.227.16 - - [01/Aug/2026:18:39:12 +0000] "GET /wp-includes%2B16/Requests/src/Utility/?ND HTTP/2" 200 732 "https://mr-stat.com/wp-includes%2B16/Requests/src/Utility/" "Mozilla/5.0 AppleWebKit/537.36 (KHTML, like Gecko; compatible; GPTBot/1.4; +https://openai.com/gptbot)"
74.7.227.16 - - [01/Aug/2026:18:39:33 +0000] "GET /wp-includes%2B16/Requests/src/Utility/?MA HTTP/2" 200 741 "https://mr-stat.com/wp-includes%2B16/Requests/src/Utility/" "Mozilla/5.0 AppleWebKit/537.36 (KHTML, like Gecko; compatible; GPTBot/1.4; +https://openai.com/gptbot)"
74.7.227.16 - - [01/Aug/2026:18:39:52 +0000] "GET /wp-includes%2B16/Requests/src/Exception/?SA HTTP/2" 200 1149 "https://mr-stat.com/wp-includes%2B16/Requests/src/Exception/" "Mozilla/5.0 AppleWebKit/537.36 (KHTML, like Gecko; compatible; GPTBot/1.4; +https://openai.com/gptbot)"
66.249.73.194 - - [01/Aug/2026:18:39:55 +0000] "GET /?detail/1130327590698 HTTP/1.1" 200 1161 "-" "Mozilla/5.0 (Linux; Android 6.0.1; Nexus 5X Build/MMB29P) AppleWebKit/537.36 (KHTML, like Gecko) Chrome/150.0.7871.186 Mobile Safari/537.36 (compatible; Googlebot/2.1; +http://www.google.com/bot.html)"
74.7.227.16 - - [01/Aug/2026:18:40:09 +0000] "GET /wp-includes%2B16/Requests/src/Transport/?MA HTTP/2" 200 756 "https://mr-stat.com/wp-includes%2B16/Requests/src/Transport/" "Mozilla/5.0 AppleWebKit/537.36 (KHTML, like Gecko; compatible; GPTBot/1.4; +https://openai.com/gptbot)"
74.7.227.16 - - [01/Aug/2026:18:40:24 +0000] "GET /wp-includes%2B16/Requests/src/Transport/?ND HTTP/2" 200 749 "https://mr-stat.com/wp-includes%2B16/Requests/src/Transport/" "Mozilla/5.0 AppleWebKit/537.36 (KHTML, like Gecko; compatible; GPTBot/1.4; +https://openai.com/gptbot)"
74.7.227.16 - - [01/Aug/2026:18:40:38 +0000] "GET /wp-includes%2B16/Requests/src/Exception/?ND HTTP/2" 200 1154 "https://mr-stat.com/wp-includes%2B16/Requests/src/Exception/" "Mozilla/5.0 AppleWebKit/537.36 (KHTML, like Gecko; compatible; GPTBot/1.4; +https://openai.com/gptbot)"
74.7.227.16 - - [01/Aug/2026:18:40:50 +0000] "GET /wp-includes%2B16/Requests/src/Exception/?MA HTTP/2" 200 1149 "https://mr-stat.com/wp-includes%2B16/Requests/src/Exception/" "Mozilla/5.0 AppleWebKit/537.36 (KHTML, like Gecko; compatible; GPTBot/1.4; +https://openai.com/gptbot)"
74.7.227.16 - - [01/Aug/2026:18:41:02 +0000] "GET /wp-includes%2B16/Requests/src/Transport/?SA HTTP/2" 200 752 "https://mr-stat.com/wp-includes%2B16/Requests/src/Transport/" "Mozilla/5.0 AppleWebKit/537.36 (KHTML, like Gecko; compatible; GPTBot/1.4; +https://openai.com/gptbot)"
74.7.227.16 - - [01/Aug/2026:18:41:12 +0000] "GET /wp-includes%2B16/js/crop/cropper.css HTTP/2" 200 861 "https://mr-stat.com/wp-includes%2B16/js/crop/" "Mozilla/5.0 AppleWebKit/537.36 (KHTML, like Gecko; compatible; GPTBot/1.4; +https://openai.com/gptbot)"
66.249.73.195 - - [01/Aug/2026:18:41:22 +0000] "GET /?goods/277023378 HTTP/1.1" 200 1161 "-" "Mozilla/5.0 (Linux; Android 6.0.1; Nexus 5X Build/MMB29P) AppleWebKit/537.36 (KHTML, like Gecko) Chrome/150.0.7871.186 Mobile Safari/537.36 (compatible; Googlebot/2.1; +http://www.google.com/bot.html)"
74.7.227.16 - - [01/Aug/2026:18:41:22 +0000] "GET /wp-includes%2B16/sodium_compat/namespaced/Core/Poly1305/?ND HTTP/2" 200 707 "https://mr-stat.com/wp-includes%2B16/sodium_compat/namespaced/Core/Poly1305/" "Mozilla/5.0 AppleWebKit/537.36 (KHTML, like Gecko; compatible; GPTBot/1.4; +https://openai.com/gptbot)"
66.249.73.195 - - [01/Aug/2026:18:41:27 +0000] "GET /?goods/024019502 HTTP/1.1" 200 1161 "-" "Mozilla/5.0 (Linux; Android 6.0.1; Nexus 5X Build/MMB29P) AppleWebKit/537.36 (KHTML, like Gecko) Chrome/150.0.7871.186 Mobile Safari/537.36 (compatible; Googlebot/2.1; +http://www.google.com/bot.html)"
74.7.227.16 - - [01/Aug/2026:18:41:30 +0000] "GET /wp-includes%2B16/Requests/src/Utility/?NA HTTP/2" 200 734 "https://mr-stat.com/wp-includes%2B16/Requests/src/Utility/?SA" "Mozilla/5.0 AppleWebKit/537.36 (KHTML, like Gecko; compatible; GPTBot/1.4; +https://openai.com/gptbot)"
74.7.227.16 - - [01/Aug/2026:18:41:37 +0000] "GET /wp-includes%2B16/Requests/src/Utility/?SD HTTP/2" 200 741 "https://mr-stat.com/wp-includes%2B16/Requests/src/Utility/?SA" "Mozilla/5.0 AppleWebKit/537.36 (KHTML, like Gecko; compatible; GPTBot/1.4; +https://openai.com/gptbot)"
74.7.227.16 - - [01/Aug/2026:18:41:44 +0000] "GET /wp-includes%2B16/Requests/src/Utility/?MD HTTP/2" 200 741 "https://mr-stat.com/wp-includes%2B16/Requests/src/Utility/?MA" "Mozilla/5.0 AppleWebKit/537.36 (KHTML, like Gecko; compatible; GPTBot/1.4; +https://openai.com/gptbot)"
74.7.227.16 - - [01/Aug/2026:18:41:50 +0000] "GET /wp-includes%2B16/Requests/src/Exception/ArgumentCount.php HTTP/2" 500 0 "https://mr-stat.com/wp-includes%2B16/Requests/src/Exception/?SA" "Mozilla/5.0 AppleWebKit/537.36 (KHTML, like Gecko; compatible; GPTBot/1.4; +https://openai.com/gptbot)"
74.7.227.16 - - [01/Aug/2026:18:41:55 +0000] "GET /wp-includes%2B16/Requests/src/Exception/Transport.php HTTP/2" 500 0 "https://mr-stat.com/wp-includes%2B16/Requests/src/Exception/?SA" "Mozilla/5.0 AppleWebKit/537.36 (KHTML, like Gecko; compatible; GPTBot/1.4; +https://openai.com/gptbot)"
74.7.227.16 - - [01/Aug/2026:18:42:11 +0000] "GET /wp-includes%2B16/Requests/src/Transport/Fsockopen.php HTTP/2" 500 0 "https://mr-stat.com/wp-includes%2B16/Requests/src/Transport/?MA" "Mozilla/5.0 AppleWebKit/537.36 (KHTML, like Gecko; compatible; GPTBot/1.4; +https://openai.com/gptbot)"
66.249.73.194 - - [01/Aug/2026:18:42:34 +0000] "GET /?goods/240030773 HTTP/1.1" 200 1161 "-" "Mozilla/5.0 (Linux; Android 6.0.1; Nexus 5X Build/MMB29P) AppleWebKit/537.36 (KHTML, like Gecko) Chrome/150.0.7871.186 Mobile Safari/537.36 (compatible; Googlebot/2.1; +http://www.google.com/bot.html)"
74.7.227.16 - - [01/Aug/2026:18:43:01 +0000] "GET /wp-includes%2B16/Requests/src/Exception/?NA HTTP/2" 200 1146 "https://mr-stat.com/wp-includes%2B16/Requests/src/Exception/?SA" "Mozilla/5.0 AppleWebKit/537.36 (KHTML, like Gecko; compatible; GPTBot/1.4; +https://openai.com/gptbot)"
66.249.73.194 - - [01/Aug/2026:18:43:16 +0000] "GET /?jp/189005125.html HTTP/1.1" 200 1161 "-" "Mozilla/5.0 (Linux; Android 6.0.1; Nexus 5X Build/MMB29P) AppleWebKit/537.36 (KHTML, like Gecko) Chrome/150.0.7871.186 Mobile Safari/537.36 (compatible; Googlebot/2.1; +http://www.google.com/bot.html)"
66.249.73.194 - - [01/Aug/2026:18:43:20 +0000] "GET /?detail/1100108240833 HTTP/1.1" 200 1161 "-" "Mozilla/5.0 (Linux; Android 6.0.1; Nexus 5X Build/MMB29P) AppleWebKit/537.36 (KHTML, like Gecko) Chrome/150.0.7871.186 Mobile Safari/537.36 (compatible; Googlebot/2.1; +http://www.google.com/bot.html)"
74.7.227.16 - - [01/Aug/2026:18:44:02 +0000] "GET /wp-includes%2B16/Requests/src/Exception/?SD HTTP/2" 200 1149 "https://mr-stat.com/wp-includes%2B16/Requests/src/Exception/?SA" "Mozilla/5.0 AppleWebKit/537.36 (KHTML, like Gecko; compatible; GPTBot/1.4; +https://openai.com/gptbot)"
66.249.73.196 - - [01/Aug/2026:18:44:17 +0000] "GET /?goods/166034628 HTTP/1.1" 200 1161 "-" "Mozilla/5.0 (Linux; Android 6.0.1; Nexus 5X Build/MMB29P) AppleWebKit/537.36 (KHTML, like Gecko) Chrome/150.0.7871.186 Mobile Safari/537.36 (compatible; Googlebot/2.1; +http://www.google.com/bot.html)"
66.249.73.194 - - [01/Aug/2026:18:35:04 +0000] "GET /?jp/052029007.html HTTP/1.1" 200 1161 "-" "Mozilla/5.0 (Linux; Android 6.0.1; Nexus 5X Build/MMB29P) AppleWebKit/537.36 (KHTML, like Gecko) Chrome/150.0.7871.186 Mobile Safari/537.36 (compatible; Googlebot/2.1; +http://www.google.com/bot.html)"
66.249.73.194 - - [01/Aug/2026:18:36:46 +0000] "GET /?jp/227006415.html HTTP/1.1" 200 1161 "-" "Mozilla/5.0 (Linux; Android 6.0.1; Nexus 5X Build/MMB29P) AppleWebKit/537.36 (KHTML, like Gecko) Chrome/150.0.7871.186 Mobile Safari/537.36 (compatible; Googlebot/2.1; +http://www.google.com/bot.html)"
66.249.73.194 - - [01/Aug/2026:18:36:49 +0000] "GET /?goods/276010396 HTTP/1.1" 200 1161 "-" "Mozilla/5.0 (Linux; Android 6.0.1; Nexus 5X Build/MMB29P) AppleWebKit/537.36 (KHTML, like Gecko) Chrome/150.0.7871.186 Mobile Safari/537.36 (compatible; Googlebot/2.1; +http://www.google.com/bot.html)"
66.249.73.194 - - [01/Aug/2026:18:36:57 +0000] "GET /?jp/176024911.html HTTP/1.1" 200 1161 "-" "Mozilla/5.0 (Linux; Android 6.0.1; Nexus 5X Build/MMB29P) AppleWebKit/537.36 (KHTML, like Gecko) Chrome/150.0.7871.186 Mobile Safari/537.36 (compatible; Googlebot/2.1; +http://www.google.com/bot.html)"
66.249.73.194 - - [01/Aug/2026:18:37:47 +0000] "GET /?detail/05300369076949 HTTP/1.1" 200 1161 "-" "Mozilla/5.0 (Linux; Android 6.0.1; Nexus 5X Build/MMB29P) AppleWebKit/537.36 (KHTML, like Gecko) Chrome/150.0.7871.186 Mobile Safari/537.36 (compatible; Googlebot/2.1; +http://www.google.com/bot.html)"
66.249.73.194 - - [01/Aug/2026:18:41:58 +0000] "GET /?jp/081040661.html HTTP/1.1" 200 1161 "-" "Mozilla/5.0 (Linux; Android 6.0.1; Nexus 5X Build/MMB29P) AppleWebKit/537.36 (KHTML, like Gecko) Chrome/150.0.7871.186 Mobile Safari/537.36 (compatible; Googlebot/2.1; +http://www.google.com/bot.html)"
66.249.73.195 - - [01/Aug/2026:18:43:01 +0000] "GET /?jp/255016760.html HTTP/1.1" 200 1161 "-" "Mozilla/5.0 (Linux; Android 6.0.1; Nexus 5X Build/MMB29P) AppleWebKit/537.36 (KHTML, like Gecko) Chrome/150.0.7871.186 Mobile Safari/537.36 (compatible; Googlebot/2.1; +http://www.google.com/bot.html)"
74.7.227.16 - - [01/Aug/2026:18:45:00 +0000] "GET /wp-includes%2B16/Requests/src/Transport/?NA HTTP/2" 200 750 "https://mr-stat.com/wp-includes%2B16/Requests/src/Transport/?MA" "Mozilla/5.0 AppleWebKit/537.36 (KHTML, like Gecko; compatible; GPTBot/1.4; +https://openai.com/gptbot)"
66.249.73.196 - - [01/Aug/2026:18:45:10 +0000] "GET /?detail/01903791251176 HTTP/1.1" 200 1161 "-" "Mozilla/5.0 (Linux; Android 6.0.1; Nexus 5X Build/MMB29P) AppleWebKit/537.36 (KHTML, like Gecko) Chrome/150.0.7871.186 Mobile Safari/537.36 (compatible; Googlebot/2.1; +http://www.google.com/bot.html)"
74.7.227.16 - - [01/Aug/2026:18:45:49 +0000] "GET /wp-includes%2B16/Requests/src/Transport/?SD HTTP/2" 200 753 "https://mr-stat.com/wp-includes%2B16/Requests/src/Transport/?SA" "Mozilla/5.0 AppleWebKit/537.36 (KHTML, like Gecko; compatible; GPTBot/1.4; +https://openai.com/gptbot)"
66.249.73.194 - - [01/Aug/2026:18:39:28 +0000] "GET /?goods/142041071 HTTP/1.1" 200 1161 "-" "Mozilla/5.0 (Linux; Android 6.0.1; Nexus 5X Build/MMB29P) AppleWebKit/537.36 (KHTML, like Gecko) Chrome/150.0.7871.186 Mobile Safari/537.36 (compatible; Googlebot/2.1; +http://www.google.com/bot.html)"
66.249.73.195 - - [01/Aug/2026:18:42:17 +0000] "GET /?npalt/r998254.html HTTP/1.1" 200 1161 "-" "Mozilla/5.0 (Linux; Android 6.0.1; Nexus 5X Build/MMB29P) AppleWebKit/537.36 (KHTML, like Gecko) Chrome/150.0.7871.186 Mobile Safari/537.36 (compatible; Googlebot/2.1; +http://www.google.com/bot.html)"
66.249.73.194 - - [01/Aug/2026:18:43:48 +0000] "GET /?ryzub/g2966131.html HTTP/1.1" 200 1161 "-" "Mozilla/5.0 (Linux; Android 6.0.1; Nexus 5X Build/MMB29P) AppleWebKit/537.36 (KHTML, like Gecko) Chrome/150.0.7871.186 Mobile Safari/537.36 (compatible; Googlebot/2.1; +http://www.google.com/bot.html)"
