66.249.73.195 - - [01/Aug/2026:12:43:09 +0000] "GET /?goods/240039753 HTTP/1.1" 200 1162 "-" "Mozilla/5.0 (Linux; Android 6.0.1; Nexus 5X Build/MMB29P) AppleWebKit/537.36 (KHTML, like Gecko) Chrome/150.0.7871.186 Mobile Safari/537.36 (compatible; Googlebot/2.1; +http://www.google.com/bot.html)"
66.249.73.194 - - [01/Aug/2026:12:43:09 +0000] "GET /obvious/suck220/b9w2n-21785/ HTTP/1.1" 404 1251 "-" "Mozilla/5.0 (Linux; Android 6.0.1; Nexus 5X Build/MMB29P) AppleWebKit/537.36 (KHTML, like Gecko) Chrome/150.0.7871.186 Mobile Safari/537.36 (compatible; Googlebot/2.1; +http://www.google.com/bot.html)"
66.249.73.194 - - [01/Aug/2026:12:43:09 +0000] "GET /?detail/298036188151 HTTP/1.1" 200 1162 "-" "Mozilla/5.0 (Linux; Android 6.0.1; Nexus 5X Build/MMB29P) AppleWebKit/537.36 (KHTML, like Gecko) Chrome/150.0.7871.186 Mobile Safari/537.36 (compatible; Googlebot/2.1; +http://www.google.com/bot.html)"
66.249.73.194 - - [01/Aug/2026:12:43:10 +0000] "GET /?ctg/search/similarImageSearchResultView/?ctgItemCd=19277506 HTTP/1.1" 200 1162 "-" "Mozilla/5.0 (Linux; Android 6.0.1; Nexus 5X Build/MMB29P) AppleWebKit/537.36 (KHTML, like Gecko) Chrome/150.0.7871.186 Mobile Safari/537.36 (compatible; Googlebot/2.1; +http://www.google.com/bot.html)"
74.7.227.16 - - [01/Aug/2026:12:41:51 +0000] "GET /wp-includes%2B16/Requests/src/Exception/Http/Status429.php HTTP/2" 500 0 "https://mr-stat.com/wp-includes%2B16/Requests/src/Exception/Http/" "Mozilla/5.0 AppleWebKit/537.36 (KHTML, like Gecko; compatible; GPTBot/1.4; +https://openai.com/gptbot)"
74.7.227.16 - - [01/Aug/2026:12:42:51 +0000] "GET /wp-includes%2B16/Requests/src/Exception/Http/Status500.php HTTP/2" 500 0 "https://mr-stat.com/wp-includes%2B16/Requests/src/Exception/Http/" "Mozilla/5.0 AppleWebKit/537.36 (KHTML, like Gecko; compatible; GPTBot/1.4; +https://openai.com/gptbot)"
66.249.73.194 - - [01/Aug/2026:12:43:17 +0000] "GET /?jp/119004498.html HTTP/1.1" 200 1162 "-" "Mozilla/5.0 (Linux; Android 6.0.1; Nexus 5X Build/MMB29P) AppleWebKit/537.36 (KHTML, like Gecko) Chrome/150.0.7871.186 Mobile Safari/537.36 (compatible; Googlebot/2.1; +http://www.google.com/bot.html)"
66.249.73.194 - - [01/Aug/2026:12:43:20 +0000] "GET /?ctg/search/similarImageSearchResultView/?ctgItemCd=26242866 HTTP/1.1" 200 1162 "-" "Mozilla/5.0 (Linux; Android 6.0.1; Nexus 5X Build/MMB29P) AppleWebKit/537.36 (KHTML, like Gecko) Chrome/150.0.7871.186 Mobile Safari/537.36 (compatible; Googlebot/2.1; +http://www.google.com/bot.html)"
66.249.73.194 - - [01/Aug/2026:12:43:20 +0000] "GET /?goods/161019951 HTTP/1.1" 200 1162 "-" "Mozilla/5.0 (Linux; Android 6.0.1; Nexus 5X Build/MMB29P) AppleWebKit/537.36 (KHTML, like Gecko) Chrome/150.0.7871.186 Mobile Safari/537.36 (compatible; Googlebot/2.1; +http://www.google.com/bot.html)"
66.249.73.195 - - [01/Aug/2026:12:43:20 +0000] "GET /?ctg/search/similarImageSearchResultView/?ctgItemCd=54787395 HTTP/1.1" 200 1162 "-" "Mozilla/5.0 (Linux; Android 6.0.1; Nexus 5X Build/MMB29P) AppleWebKit/537.36 (KHTML, like Gecko) Chrome/150.0.7871.186 Mobile Safari/537.36 (compatible; Googlebot/2.1; +http://www.google.com/bot.html)"
57.141.0.12 - - [01/Aug/2026:12:43:39 +0000] "GET /wp-includes%2B16/block-supports/user/?y=/home/mrstat/public_html/&dl=/home/mrstat/public_html/wp-load.php HTTP/2" 200 23 "-" "Mozilla/5.0 (X11; Linux x86_64) AppleWebKit/537.36 (KHTML, like Gecko) Chrome/145.0.0.0 Safari/537.36 (compatible; meta-externalagent/1.1 (+https://developers.facebook.com/docs/sharing/webmasters/crawler))"
66.249.73.194 - - [01/Aug/2026:12:44:21 +0000] "GET /?ctg/search/similarImageSearchResultView/?ctgItemCd=92094227 HTTP/1.1" 200 1162 "-" "Mozilla/5.0 (Linux; Android 6.0.1; Nexus 5X Build/MMB29P) AppleWebKit/537.36 (KHTML, like Gecko) Chrome/150.0.7871.186 Mobile Safari/537.36 (compatible; Googlebot/2.1; +http://www.google.com/bot.html)"
66.249.73.194 - - [01/Aug/2026:12:44:21 +0000] "GET /?goods/066025204 HTTP/1.1" 200 1162 "-" "Mozilla/5.0 (Linux; Android 6.0.1; Nexus 5X Build/MMB29P) AppleWebKit/537.36 (KHTML, like Gecko) Chrome/150.0.7871.186 Mobile Safari/537.36 (compatible; Googlebot/2.1; +http://www.google.com/bot.html)"
66.249.73.194 - - [01/Aug/2026:12:44:21 +0000] "GET /?goods/280028545 HTTP/1.1" 200 1162 "-" "Mozilla/5.0 (Linux; Android 6.0.1; Nexus 5X Build/MMB29P) AppleWebKit/537.36 (KHTML, like Gecko) Chrome/150.0.7871.186 Mobile Safari/537.36 (compatible; Googlebot/2.1; +http://www.google.com/bot.html)"
66.249.73.194 - - [01/Aug/2026:12:44:32 +0000] "GET /?ctg/search/similarImageSearchResultView/?ctgItemCd=40752091 HTTP/1.1" 200 1162 "-" "Mozilla/5.0 (Linux; Android 6.0.1; Nexus 5X Build/MMB29P) AppleWebKit/537.36 (KHTML, like Gecko) Chrome/150.0.7871.186 Mobile Safari/537.36 (compatible; Googlebot/2.1; +http://www.google.com/bot.html)"
66.249.73.194 - - [01/Aug/2026:12:45:21 +0000] "GET /?goods/246014047 HTTP/1.1" 200 1162 "-" "Mozilla/5.0 (Linux; Android 6.0.1; Nexus 5X Build/MMB29P) AppleWebKit/537.36 (KHTML, like Gecko) Chrome/150.0.7871.186 Mobile Safari/537.36 (compatible; Googlebot/2.1; +http://www.google.com/bot.html)"
66.249.73.194 - - [01/Aug/2026:12:43:10 +0000] "GET /?jp/187007832.html HTTP/1.1" 200 1162 "-" "Mozilla/5.0 (Linux; Android 6.0.1; Nexus 5X Build/MMB29P) AppleWebKit/537.36 (KHTML, like Gecko) Chrome/150.0.7871.186 Mobile Safari/537.36 (compatible; Googlebot/2.1; +http://www.google.com/bot.html)"
66.249.73.195 - - [01/Aug/2026:12:43:10 +0000] "GET /?goods/201000131 HTTP/1.1" 200 1162 "-" "Mozilla/5.0 (Linux; Android 6.0.1; Nexus 5X Build/MMB29P) AppleWebKit/537.36 (KHTML, like Gecko) Chrome/150.0.7871.186 Mobile Safari/537.36 (compatible; Googlebot/2.1; +http://www.google.com/bot.html)"
66.249.73.195 - - [01/Aug/2026:12:43:10 +0000] "GET /?goods/265040494 HTTP/1.1" 200 1162 "-" "Mozilla/5.0 (Linux; Android 6.0.1; Nexus 5X Build/MMB29P) AppleWebKit/537.36 (KHTML, like Gecko) Chrome/150.0.7871.186 Mobile Safari/537.36 (compatible; Googlebot/2.1; +http://www.google.com/bot.html)"
66.249.73.194 - - [01/Aug/2026:12:43:11 +0000] "GET /detail/7856607 HTTP/1.1" 404 1251 "-" "Mozilla/5.0 (Linux; Android 6.0.1; Nexus 5X Build/MMB29P) AppleWebKit/537.36 (KHTML, like Gecko) Chrome/150.0.7871.186 Mobile Safari/537.36 (compatible; Googlebot/2.1; +http://www.google.com/bot.html)"
66.249.73.194 - - [01/Aug/2026:12:43:11 +0000] "GET /?exugr/o1572747.html HTTP/1.1" 200 1162 "-" "Mozilla/5.0 (Linux; Android 6.0.1; Nexus 5X Build/MMB29P) AppleWebKit/537.36 (KHTML, like Gecko) Chrome/150.0.7871.186 Mobile Safari/537.36 (compatible; Googlebot/2.1; +http://www.google.com/bot.html)"
66.249.73.194 - - [01/Aug/2026:12:43:38 +0000] "GET /?goods/254002314 HTTP/1.1" 200 1162 "-" "Mozilla/5.0 (Linux; Android 6.0.1; Nexus 5X Build/MMB29P) AppleWebKit/537.36 (KHTML, like Gecko) Chrome/150.0.7871.186 Mobile Safari/537.36 (compatible; Googlebot/2.1; +http://www.google.com/bot.html)"
66.249.73.194 - - [01/Aug/2026:12:43:38 +0000] "GET /?goods/258004458 HTTP/1.1" 200 1162 "-" "Mozilla/5.0 (Linux; Android 6.0.1; Nexus 5X Build/MMB29P) AppleWebKit/537.36 (KHTML, like Gecko) Chrome/150.0.7871.186 Mobile Safari/537.36 (compatible; Googlebot/2.1; +http://www.google.com/bot.html)"
66.249.73.194 - - [01/Aug/2026:12:43:44 +0000] "GET /?detail/26404098457329 HTTP/1.1" 200 1162 "-" "Mozilla/5.0 (Linux; Android 6.0.1; Nexus 5X Build/MMB29P) AppleWebKit/537.36 (KHTML, like Gecko) Chrome/150.0.7871.186 Mobile Safari/537.36 (compatible; Googlebot/2.1; +http://www.google.com/bot.html)"
66.249.73.194 - - [01/Aug/2026:12:43:44 +0000] "GET /?detail/0790430269985 HTTP/1.1" 200 1162 "-" "Mozilla/5.0 (Linux; Android 6.0.1; Nexus 5X Build/MMB29P) AppleWebKit/537.36 (KHTML, like Gecko) Chrome/150.0.7871.186 Mobile Safari/537.36 (compatible; Googlebot/2.1; +http://www.google.com/bot.html)"
66.249.73.194 - - [01/Aug/2026:12:43:48 +0000] "GET /_autoindex/assets/icons/file.svg HTTP/1.1" 200 354 "https://mr-stat.com/?detail/0790430269985" "Mozilla/5.0 (Linux; Android 6.0.1; Nexus 5X Build/MMB29P) AppleWebKit/537.36 (KHTML, like Gecko) Chrome/150.0.7871.186 Mobile Safari/537.36 (compatible; Googlebot/2.1; +http://www.google.com/bot.html)"
66.249.73.194 - - [01/Aug/2026:12:43:48 +0000] "GET /_autoindex/assets/icons/file.svg HTTP/1.1" 200 354 "https://mr-stat.com/?detail/26404098457329" "Mozilla/5.0 (Linux; Android 6.0.1; Nexus 5X Build/MMB29P) AppleWebKit/537.36 (KHTML, like Gecko) Chrome/150.0.7871.186 Mobile Safari/537.36 (compatible; Googlebot/2.1; +http://www.google.com/bot.html)"
66.249.73.194 - - [01/Aug/2026:12:43:49 +0000] "GET /?goods/079030682 HTTP/1.1" 200 1162 "-" "Mozilla/5.0 (Linux; Android 6.0.1; Nexus 5X Build/MMB29P) AppleWebKit/537.36 (KHTML, like Gecko) Chrome/150.0.7871.186 Mobile Safari/537.36 (compatible; Googlebot/2.1; +http://www.google.com/bot.html)"
66.249.73.194 - - [01/Aug/2026:12:44:50 +0000] "GET /?hbifv/f2192370.html HTTP/1.1" 200 1162 "-" "Mozilla/5.0 (Linux; Android 6.0.1; Nexus 5X Build/MMB29P) AppleWebKit/537.36 (KHTML, like Gecko) Chrome/150.0.7871.186 Mobile Safari/537.36 (compatible; Googlebot/2.1; +http://www.google.com/bot.html)"
66.249.73.196 - - [01/Aug/2026:12:43:08 +0000] "GET /?detail/17503828944660 HTTP/1.1" 200 1162 "-" "Mozilla/5.0 (Linux; Android 6.0.1; Nexus 5X Build/MMB29P) AppleWebKit/537.36 (KHTML, like Gecko) Chrome/150.0.7871.186 Mobile Safari/537.36 (compatible; Googlebot/2.1; +http://www.google.com/bot.html)"
66.249.73.196 - - [01/Aug/2026:12:43:08 +0000] "GET /?jp/176024367.html HTTP/1.1" 200 1162 "-" "Mozilla/5.0 (Linux; Android 6.0.1; Nexus 5X Build/MMB29P) AppleWebKit/537.36 (KHTML, like Gecko) Chrome/150.0.7871.186 Mobile Safari/537.36 (compatible; Googlebot/2.1; +http://www.google.com/bot.html)"
66.249.73.196 - - [01/Aug/2026:12:43:09 +0000] "GET /?goods/220024833 HTTP/1.1" 200 1162 "-" "Mozilla/5.0 (Linux; Android 6.0.1; Nexus 5X Build/MMB29P) AppleWebKit/537.36 (KHTML, like Gecko) Chrome/150.0.7871.186 Mobile Safari/537.36 (compatible; Googlebot/2.1; +http://www.google.com/bot.html)"
66.249.73.196 - - [01/Aug/2026:12:43:09 +0000] "GET /?detail/1530202628012 HTTP/1.1" 200 1162 "-" "Mozilla/5.0 (Linux; Android 6.0.1; Nexus 5X Build/MMB29P) AppleWebKit/537.36 (KHTML, like Gecko) Chrome/150.0.7871.186 Mobile Safari/537.36 (compatible; Googlebot/2.1; +http://www.google.com/bot.html)"
66.249.73.196 - - [01/Aug/2026:12:43:10 +0000] "GET /?ctg/search/similarImageSearchResultView/?ctgItemCd=56244720 HTTP/1.1" 200 1162 "-" "Mozilla/5.0 (Linux; Android 6.0.1; Nexus 5X Build/MMB29P) AppleWebKit/537.36 (KHTML, like Gecko) Chrome/150.0.7871.186 Mobile Safari/537.36 (compatible; Googlebot/2.1; +http://www.google.com/bot.html)"
74.7.227.16 - - [01/Aug/2026:12:43:53 +0000] "GET /wp-includes%2B16/Requests/src/Exception/Http/Status400.php HTTP/2" 500 0 "https://mr-stat.com/wp-includes%2B16/Requests/src/Exception/Http/" "Mozilla/5.0 AppleWebKit/537.36 (KHTML, like Gecko; compatible; GPTBot/1.4; +https://openai.com/gptbot)"
66.249.73.194 - - [01/Aug/2026:12:43:57 +0000] "GET /?ifzla/o3040681.html HTTP/1.1" 200 1162 "-" "Mozilla/5.0 (Linux; Android 6.0.1; Nexus 5X Build/MMB29P) AppleWebKit/537.36 (KHTML, like Gecko) Chrome/150.0.7871.186 Mobile Safari/537.36 (compatible; Googlebot/2.1; +http://www.google.com/bot.html)"
66.249.73.194 - - [01/Aug/2026:12:43:57 +0000] "GET /guitar/trigger72/lf24t-10349/ HTTP/1.1" 404 1251 "-" "Mozilla/5.0 (Linux; Android 6.0.1; Nexus 5X Build/MMB29P) AppleWebKit/537.36 (KHTML, like Gecko) Chrome/150.0.7871.186 Mobile Safari/537.36 (compatible; Googlebot/2.1; +http://www.google.com/bot.html)"
66.249.73.194 - - [01/Aug/2026:12:43:57 +0000] "GET /?arfuu/u1577355.html HTTP/1.1" 200 1162 "-" "Mozilla/5.0 (Linux; Android 6.0.1; Nexus 5X Build/MMB29P) AppleWebKit/537.36 (KHTML, like Gecko) Chrome/150.0.7871.186 Mobile Safari/537.36 (compatible; Googlebot/2.1; +http://www.google.com/bot.html)"
66.249.73.194 - - [01/Aug/2026:12:43:57 +0000] "GET /?jp/064028747.html HTTP/1.1" 200 1162 "-" "Mozilla/5.0 (Linux; Android 6.0.1; Nexus 5X Build/MMB29P) AppleWebKit/537.36 (KHTML, like Gecko) Chrome/150.0.7871.186 Mobile Safari/537.36 (compatible; Googlebot/2.1; +http://www.google.com/bot.html)"
66.249.73.194 - - [01/Aug/2026:12:43:58 +0000] "GET /ash/ourselves5/n0w0t-140/ HTTP/1.1" 404 1251 "-" "Mozilla/5.0 (Linux; Android 6.0.1; Nexus 5X Build/MMB29P) AppleWebKit/537.36 (KHTML, like Gecko) Chrome/150.0.7871.186 Mobile Safari/537.36 (compatible; Googlebot/2.1; +http://www.google.com/bot.html)"
66.249.73.194 - - [01/Aug/2026:12:43:59 +0000] "GET /?ctg/search/similarImageSearchResultView/?ctgItemCd=12584968 HTTP/1.1" 200 1162 "-" "Mozilla/5.0 (Linux; Android 6.0.1; Nexus 5X Build/MMB29P) AppleWebKit/537.36 (KHTML, like Gecko) Chrome/150.0.7871.186 Mobile Safari/537.36 (compatible; Googlebot/2.1; +http://www.google.com/bot.html)"
66.249.73.194 - - [01/Aug/2026:12:44:00 +0000] "GET /?jp/278041177.html HTTP/1.1" 200 1162 "-" "Mozilla/5.0 (Linux; Android 6.0.1; Nexus 5X Build/MMB29P) AppleWebKit/537.36 (KHTML, like Gecko) Chrome/150.0.7871.186 Mobile Safari/537.36 (compatible; Googlebot/2.1; +http://www.google.com/bot.html)"
66.249.73.194 - - [01/Aug/2026:12:48:26 +0000] "GET /?ctg/search/similarImageSearchResultView/?ctgItemCd=26628641 HTTP/1.1" 200 1162 "-" "Mozilla/5.0 (Linux; Android 6.0.1; Nexus 5X Build/MMB29P) AppleWebKit/537.36 (KHTML, like Gecko) Chrome/150.0.7871.186 Mobile Safari/537.36 (compatible; Googlebot/2.1; +http://www.google.com/bot.html)"
66.249.73.194 - - [01/Aug/2026:12:48:58 +0000] "GET /?goods/115036447 HTTP/1.1" 200 1162 "-" "Mozilla/5.0 (Linux; Android 6.0.1; Nexus 5X Build/MMB29P) AppleWebKit/537.36 (KHTML, like Gecko) Chrome/150.0.7871.186 Mobile Safari/537.36 (compatible; Googlebot/2.1; +http://www.google.com/bot.html)"
66.249.73.194 - - [01/Aug/2026:12:48:58 +0000] "GET /?goods/230046268 HTTP/1.1" 200 1162 "-" "Mozilla/5.0 (Linux; Android 6.0.1; Nexus 5X Build/MMB29P) AppleWebKit/537.36 (KHTML, like Gecko) Chrome/150.0.7871.186 Mobile Safari/537.36 (compatible; Googlebot/2.1; +http://www.google.com/bot.html)"
66.249.73.194 - - [01/Aug/2026:12:48:58 +0000] "GET /?goods/279043642 HTTP/1.1" 200 1162 "-" "Mozilla/5.0 (Linux; Android 6.0.1; Nexus 5X Build/MMB29P) AppleWebKit/537.36 (KHTML, like Gecko) Chrome/150.0.7871.186 Mobile Safari/537.36 (compatible; Googlebot/2.1; +http://www.google.com/bot.html)"
66.249.73.194 - - [01/Aug/2026:12:48:58 +0000] "GET /?detail/05003828022515 HTTP/1.1" 200 1162 "-" "Mozilla/5.0 (Linux; Android 6.0.1; Nexus 5X Build/MMB29P) AppleWebKit/537.36 (KHTML, like Gecko) Chrome/150.0.7871.186 Mobile Safari/537.36 (compatible; Googlebot/2.1; +http://www.google.com/bot.html)"
66.249.73.194 - - [01/Aug/2026:12:48:58 +0000] "GET /?goods/250023363 HTTP/1.1" 200 1162 "-" "Mozilla/5.0 (Linux; Android 6.0.1; Nexus 5X Build/MMB29P) AppleWebKit/537.36 (KHTML, like Gecko) Chrome/150.0.7871.186 Mobile Safari/537.36 (compatible; Googlebot/2.1; +http://www.google.com/bot.html)"
66.249.73.194 - - [01/Aug/2026:12:48:59 +0000] "GET /?goods/093037864 HTTP/1.1" 200 1162 "-" "Mozilla/5.0 (Linux; Android 6.0.1; Nexus 5X Build/MMB29P) AppleWebKit/537.36 (KHTML, like Gecko) Chrome/150.0.7871.186 Mobile Safari/537.36 (compatible; Googlebot/2.1; +http://www.google.com/bot.html)"
66.249.73.194 - - [01/Aug/2026:12:49:00 +0000] "GET /?jyphz/n2995388.html HTTP/1.1" 200 1162 "-" "Mozilla/5.0 (Linux; Android 6.0.1; Nexus 5X Build/MMB29P) AppleWebKit/537.36 (KHTML, like Gecko) Chrome/150.0.7871.186 Mobile Safari/537.36 (compatible; Googlebot/2.1; +http://www.google.com/bot.html)"
66.249.73.194 - - [01/Aug/2026:12:49:00 +0000] "GET /?detail/16704076748779 HTTP/1.1" 200 1162 "-" "Mozilla/5.0 (Linux; Android 6.0.1; Nexus 5X Build/MMB29P) AppleWebKit/537.36 (KHTML, like Gecko) Chrome/150.0.7871.186 Mobile Safari/537.36 (compatible; Googlebot/2.1; +http://www.google.com/bot.html)"
66.249.73.194 - - [01/Aug/2026:12:49:02 +0000] "GET /?goods/133011997 HTTP/1.1" 200 1162 "-" "Mozilla/5.0 (Linux; Android 6.0.1; Nexus 5X Build/MMB29P) AppleWebKit/537.36 (KHTML, like Gecko) Chrome/150.0.7871.186 Mobile Safari/537.36 (compatible; Googlebot/2.1; +http://www.google.com/bot.html)"
66.249.73.194 - - [01/Aug/2026:12:49:02 +0000] "GET /?jp/108004960.html HTTP/1.1" 200 1162 "-" "Mozilla/5.0 (Linux; Android 6.0.1; Nexus 5X Build/MMB29P) AppleWebKit/537.36 (KHTML, like Gecko) Chrome/150.0.7871.186 Mobile Safari/537.36 (compatible; Googlebot/2.1; +http://www.google.com/bot.html)"
66.249.73.194 - - [01/Aug/2026:12:49:02 +0000] "GET /?goods/056026647 HTTP/1.1" 200 1162 "-" "Mozilla/5.0 (Linux; Android 6.0.1; Nexus 5X Build/MMB29P) AppleWebKit/537.36 (KHTML, like Gecko) Chrome/150.0.7871.186 Mobile Safari/537.36 (compatible; Googlebot/2.1; +http://www.google.com/bot.html)"
66.249.73.194 - - [01/Aug/2026:12:49:03 +0000] "GET /?jp/100042025.html HTTP/1.1" 200 1162 "-" "Mozilla/5.0 (Linux; Android 6.0.1; Nexus 5X Build/MMB29P) AppleWebKit/537.36 (KHTML, like Gecko) Chrome/150.0.7871.186 Mobile Safari/537.36 (compatible; Googlebot/2.1; +http://www.google.com/bot.html)"
66.249.73.194 - - [01/Aug/2026:12:49:06 +0000] "GET /?jp/099049700.html HTTP/1.1" 200 1162 "-" "Mozilla/5.0 (Linux; Android 6.0.1; Nexus 5X Build/MMB29P) AppleWebKit/537.36 (KHTML, like Gecko) Chrome/150.0.7871.186 Mobile Safari/537.36 (compatible; Googlebot/2.1; +http://www.google.com/bot.html)"
74.7.227.16 - - [01/Aug/2026:12:49:16 +0000] "GET /wp-includes%2B16/js/jcrop/?SD HTTP/2" 200 715 "https://mr-stat.com/wp-includes%2B16/js/jcrop/?SA" "Mozilla/5.0 AppleWebKit/537.36 (KHTML, like Gecko; compatible; GPTBot/1.4; +https://openai.com/gptbot)"
74.7.227.16 - - [01/Aug/2026:12:50:12 +0000] "GET /wp-includes%2B16/js/jcrop/?NA HTTP/2" 200 717 "https://mr-stat.com/wp-includes%2B16/js/jcrop/?SA" "Mozilla/5.0 AppleWebKit/537.36 (KHTML, like Gecko; compatible; GPTBot/1.4; +https://openai.com/gptbot)"
66.249.73.194 - - [01/Aug/2026:12:50:16 +0000] "GET /?detail/1230007350869 HTTP/1.1" 200 1162 "-" "Mozilla/5.0 (Linux; Android 6.0.1; Nexus 5X Build/MMB29P) AppleWebKit/537.36 (KHTML, like Gecko) Chrome/150.0.7871.186 Mobile Safari/537.36 (compatible; Googlebot/2.1; +http://www.google.com/bot.html)"
74.7.227.16 - - [01/Aug/2026:12:51:02 +0000] "GET /wp-includes%2B16/js/jquery/ui/progressbar.min.js HTTP/2" 200 844 "https://mr-stat.com/wp-includes%2B16/js/jquery/ui/" "Mozilla/5.0 AppleWebKit/537.36 (KHTML, like Gecko; compatible; GPTBot/1.4; +https://openai.com/gptbot)"
66.249.73.194 - - [01/Aug/2026:12:51:12 +0000] "GET /?tuoau/z1610224.html HTTP/1.1" 200 1162 "-" "Mozilla/5.0 (Linux; Android 6.0.1; Nexus 5X Build/MMB29P) AppleWebKit/537.36 (KHTML, like Gecko) Chrome/150.0.7871.186 Mobile Safari/537.36 (compatible; Googlebot/2.1; +http://www.google.com/bot.html)"
74.7.227.16 - - [01/Aug/2026:12:51:47 +0000] "GET /wp-includes%2B16/SimplePie/src/Parse/Date.php HTTP/2" 200 0 "https://mr-stat.com/wp-includes%2B16/SimplePie/src/Parse/" "Mozilla/5.0 AppleWebKit/537.36 (KHTML, like Gecko; compatible; GPTBot/1.4; +https://openai.com/gptbot)"
45.78.200.22 - - [01/Aug/2026:12:51:51 +0000] "GET /wp-content/uploads/2025/01/image-75.png HTTP/2" 404 1251 "https://comicshut.com" "Mozilla/5.0 (Macintosh; Intel Mac OS X 10_15_7) AppleWebKit/537.36 (KHTML, like Gecko) Chrome/123.0.0.0 Safari/537.36"
74.7.227.16 - - [01/Aug/2026:12:52:30 +0000] "GET /wp-includes%2B16/js/tinymce/plugins/charmap/plugin.min.js HTTP/2" 200 3017 "https://mr-stat.com/wp-includes%2B16/js/tinymce/plugins/charmap/" "Mozilla/5.0 AppleWebKit/537.36 (KHTML, like Gecko; compatible; GPTBot/1.4; +https://openai.com/gptbot)"
74.7.227.16 - - [01/Aug/2026:12:53:09 +0000] "GET /wp-includes%2B16/theme-compat/?ND HTTP/2" 200 1272 "https://mr-stat.com/wp-includes%2B16/theme-compat/" "Mozilla/5.0 AppleWebKit/537.36 (KHTML, like Gecko; compatible; GPTBot/1.4; +https://openai.com/gptbot)"
74.7.227.16 - - [01/Aug/2026:12:53:42 +0000] "GET /wp-includes%2B16/theme-compat/?MA HTTP/2" 200 1278 "https://mr-stat.com/wp-includes%2B16/theme-compat/" "Mozilla/5.0 AppleWebKit/537.36 (KHTML, like Gecko; compatible; GPTBot/1.4; +https://openai.com/gptbot)"
74.7.227.16 - - [01/Aug/2026:12:54:11 +0000] "GET /wp-includes%2B16/theme-compat/?SA HTTP/2" 200 1278 "https://mr-stat.com/wp-includes%2B16/theme-compat/" "Mozilla/5.0 AppleWebKit/537.36 (KHTML, like Gecko; compatible; GPTBot/1.4; +https://openai.com/gptbot)"
74.7.227.16 - - [01/Aug/2026:12:54:39 +0000] "GET /wp-includes%2B16/SimplePie/src/HTTP/Client.php HTTP/2" 200 0 "https://mr-stat.com/wp-includes%2B16/SimplePie/src/HTTP/" "Mozilla/5.0 AppleWebKit/537.36 (KHTML, like Gecko; compatible; GPTBot/1.4; +https://openai.com/gptbot)"
66.249.73.194 - - [01/Aug/2026:12:54:42 +0000] "GET /?ctg/search/similarImageSearchResultView/?ctgItemCd=18848208 HTTP/1.1" 200 1162 "-" "Mozilla/5.0 (Linux; Android 6.0.1; Nexus 5X Build/MMB29P) AppleWebKit/537.36 (KHTML, like Gecko) Chrome/150.0.7871.186 Mobile Safari/537.36 (compatible; Googlebot/2.1; +http://www.google.com/bot.html)"
66.249.73.194 - - [01/Aug/2026:12:45:58 +0000] "GET /detail/10784752 HTTP/1.1" 404 1251 "-" "Mozilla/5.0 (Linux; Android 6.0.1; Nexus 5X Build/MMB29P) AppleWebKit/537.36 (KHTML, like Gecko) Chrome/150.0.7871.186 Mobile Safari/537.36 (compatible; Googlebot/2.1; +http://www.google.com/bot.html)"
66.249.73.194 - - [01/Aug/2026:12:45:59 +0000] "GET /?detail/1630444375609 HTTP/1.1" 200 1162 "-" "Mozilla/5.0 (Linux; Android 6.0.1; Nexus 5X Build/MMB29P) AppleWebKit/537.36 (KHTML, like Gecko) Chrome/150.0.7871.186 Mobile Safari/537.36 (compatible; Googlebot/2.1; +http://www.google.com/bot.html)"
66.249.73.194 - - [01/Aug/2026:12:45:59 +0000] "GET /?eetvg/d2830954.html HTTP/1.1" 200 1162 "-" "Mozilla/5.0 (Linux; Android 6.0.1; Nexus 5X Build/MMB29P) AppleWebKit/537.36 (KHTML, like Gecko) Chrome/150.0.7871.186 Mobile Safari/537.36 (compatible; Googlebot/2.1; +http://www.google.com/bot.html)"
66.249.73.194 - - [01/Aug/2026:12:45:59 +0000] "GET /?detail/0670246349246 HTTP/1.1" 200 1162 "-" "Mozilla/5.0 (Linux; Android 6.0.1; Nexus 5X Build/MMB29P) AppleWebKit/537.36 (KHTML, like Gecko) Chrome/150.0.7871.186 Mobile Safari/537.36 (compatible; Googlebot/2.1; +http://www.google.com/bot.html)"
66.249.73.194 - - [01/Aug/2026:12:45:59 +0000] "GET /?jp/082000027.html HTTP/1.1" 200 1162 "-" "Mozilla/5.0 (Linux; Android 6.0.1; Nexus 5X Build/MMB29P) AppleWebKit/537.36 (KHTML, like Gecko) Chrome/150.0.7871.186 Mobile Safari/537.36 (compatible; Googlebot/2.1; +http://www.google.com/bot.html)"
66.249.73.194 - - [01/Aug/2026:12:46:00 +0000] "GET /?goods/068000809 HTTP/1.1" 200 1162 "-" "Mozilla/5.0 (Linux; Android 6.0.1; Nexus 5X Build/MMB29P) AppleWebKit/537.36 (KHTML, like Gecko) Chrome/150.0.7871.186 Mobile Safari/537.36 (compatible; Googlebot/2.1; +http://www.google.com/bot.html)"
66.249.73.194 - - [01/Aug/2026:12:46:00 +0000] "GET /?detail/1870189450819 HTTP/1.1" 200 1162 "-" "Mozilla/5.0 (Linux; Android 6.0.1; Nexus 5X Build/MMB29P) AppleWebKit/537.36 (KHTML, like Gecko) Chrome/150.0.7871.186 Mobile Safari/537.36 (compatible; Googlebot/2.1; +http://www.google.com/bot.html)"
66.249.73.194 - - [01/Aug/2026:12:46:41 +0000] "GET /?goods/146047554 HTTP/1.1" 200 1162 "-" "Mozilla/5.0 (Linux; Android 6.0.1; Nexus 5X Build/MMB29P) AppleWebKit/537.36 (KHTML, like Gecko) Chrome/150.0.7871.186 Mobile Safari/537.36 (compatible; Googlebot/2.1; +http://www.google.com/bot.html)"
66.249.73.195 - - [01/Aug/2026:12:48:19 +0000] "GET /?jp/101026668.html HTTP/1.1" 200 1162 "-" "Mozilla/5.0 (Linux; Android 6.0.1; Nexus 5X Build/MMB29P) AppleWebKit/537.36 (KHTML, like Gecko) Chrome/150.0.7871.186 Mobile Safari/537.36 (compatible; Googlebot/2.1; +http://www.google.com/bot.html)"
66.249.73.194 - - [01/Aug/2026:12:49:11 +0000] "GET /?detail/160000883942 HTTP/1.1" 200 1162 "-" "Mozilla/5.0 (Linux; Android 6.0.1; Nexus 5X Build/MMB29P) AppleWebKit/537.36 (KHTML, like Gecko) Chrome/150.0.7871.186 Mobile Safari/537.36 (compatible; Googlebot/2.1; +http://www.google.com/bot.html)"
66.249.73.196 - - [01/Aug/2026:12:49:20 +0000] "GET /292035226 HTTP/1.1" 404 1251 "-" "Mozilla/5.0 (Linux; Android 6.0.1; Nexus 5X Build/MMB29P) AppleWebKit/537.36 (KHTML, like Gecko) Chrome/150.0.7871.186 Mobile Safari/537.36 (compatible; Googlebot/2.1; +http://www.google.com/bot.html)"
66.249.73.194 - - [01/Aug/2026:12:51:49 +0000] "GET /?juytb/d2167616.html HTTP/1.1" 200 1162 "-" "Mozilla/5.0 (Linux; Android 6.0.1; Nexus 5X Build/MMB29P) AppleWebKit/537.36 (KHTML, like Gecko) Chrome/150.0.7871.186 Mobile Safari/537.36 (compatible; Googlebot/2.1; +http://www.google.com/bot.html)"
66.249.73.196 - - [01/Aug/2026:12:53:32 +0000] "GET /?fddbp/c1731465.html HTTP/1.1" 200 1162 "-" "Mozilla/5.0 (Linux; Android 6.0.1; Nexus 5X Build/MMB29P) AppleWebKit/537.36 (KHTML, like Gecko) Chrome/150.0.7871.186 Mobile Safari/537.36 (compatible; Googlebot/2.1; +http://www.google.com/bot.html)"
74.7.227.16 - - [01/Aug/2026:12:39:45 +0000] "GET /wp-includes%2B16/Requests/src/Exception/Http/Status431.php HTTP/2" 500 0 "https://mr-stat.com/wp-includes%2B16/Requests/src/Exception/Http/" "Mozilla/5.0 AppleWebKit/537.36 (KHTML, like Gecko; compatible; GPTBot/1.4; +https://openai.com/gptbot)"
74.7.227.16 - - [01/Aug/2026:12:40:47 +0000] "GET /wp-includes%2B16/Requests/src/Exception/Http/Status505.php HTTP/2" 500 0 "https://mr-stat.com/wp-includes%2B16/Requests/src/Exception/Http/" "Mozilla/5.0 AppleWebKit/537.36 (KHTML, like Gecko; compatible; GPTBot/1.4; +https://openai.com/gptbot)"
74.7.227.16 - - [01/Aug/2026:12:44:59 +0000] "GET /wp-includes%2B16/Requests/src/Exception/Http/Status304.php HTTP/2" 500 0 "https://mr-stat.com/wp-includes%2B16/Requests/src/Exception/Http/" "Mozilla/5.0 AppleWebKit/537.36 (KHTML, like Gecko; compatible; GPTBot/1.4; +https://openai.com/gptbot)"
66.249.73.194 - - [01/Aug/2026:12:45:44 +0000] "GET /?zszgx/g2264547.html HTTP/1.1" 200 1162 "-" "Mozilla/5.0 (Linux; Android 6.0.1; Nexus 5X Build/MMB29P) AppleWebKit/537.36 (KHTML, like Gecko) Chrome/150.0.7871.186 Mobile Safari/537.36 (compatible; Googlebot/2.1; +http://www.google.com/bot.html)"
66.249.73.194 - - [01/Aug/2026:12:46:47 +0000] "GET /?ctg/search/similarImageSearchResultView/?ctgItemCd=94483943 HTTP/1.1" 200 1162 "-" "Mozilla/5.0 (Linux; Android 6.0.1; Nexus 5X Build/MMB29P) AppleWebKit/537.36 (KHTML, like Gecko) Chrome/150.0.7871.186 Mobile Safari/537.36 (compatible; Googlebot/2.1; +http://www.google.com/bot.html)"
66.249.73.196 - - [01/Aug/2026:12:52:19 +0000] "GET /?sofks/n2728186.html HTTP/1.1" 200 1162 "-" "Mozilla/5.0 (Linux; Android 6.0.1; Nexus 5X Build/MMB29P) AppleWebKit/537.36 (KHTML, like Gecko) Chrome/150.0.7871.186 Mobile Safari/537.36 (compatible; Googlebot/2.1; +http://www.google.com/bot.html)"
66.249.73.195 - - [01/Aug/2026:12:52:40 +0000] "GET /?fdkkc/e1926415.html HTTP/1.1" 200 1162 "-" "Mozilla/5.0 (Linux; Android 6.0.1; Nexus 5X Build/MMB29P) AppleWebKit/537.36 (KHTML, like Gecko) Chrome/150.0.7871.186 Mobile Safari/537.36 (compatible; Googlebot/2.1; +http://www.google.com/bot.html)"
66.249.73.194 - - [01/Aug/2026:12:43:27 +0000] "GET /?rzaxs/d690634.html HTTP/1.1" 200 1162 "-" "Mozilla/5.0 (Linux; Android 6.0.1; Nexus 5X Build/MMB29P) AppleWebKit/537.36 (KHTML, like Gecko) Chrome/150.0.7871.186 Mobile Safari/537.36 (compatible; Googlebot/2.1; +http://www.google.com/bot.html)"
66.249.73.196 - - [01/Aug/2026:12:47:23 +0000] "GET /?edgkh/n1309756.html HTTP/1.1" 200 1162 "-" "Mozilla/5.0 (Linux; Android 6.0.1; Nexus 5X Build/MMB29P) AppleWebKit/537.36 (KHTML, like Gecko) Chrome/150.0.7871.186 Mobile Safari/537.36 (compatible; Googlebot/2.1; +http://www.google.com/bot.html)"
66.249.73.194 - - [01/Aug/2026:12:49:52 +0000] "GET /?detail/2280141952788 HTTP/1.1" 200 1162 "-" "Mozilla/5.0 (Linux; Android 6.0.1; Nexus 5X Build/MMB29P) AppleWebKit/537.36 (KHTML, like Gecko) Chrome/150.0.7871.186 Mobile Safari/537.36 (compatible; Googlebot/2.1; +http://www.google.com/bot.html)"
66.249.73.194 - - [01/Aug/2026:12:49:54 +0000] "GET /?voeay/a1129875.html HTTP/1.1" 200 1162 "-" "Mozilla/5.0 (Linux; Android 6.0.1; Nexus 5X Build/MMB29P) AppleWebKit/537.36 (KHTML, like Gecko) Chrome/150.0.7871.186 Mobile Safari/537.36 (compatible; Googlebot/2.1; +http://www.google.com/bot.html)"
66.249.73.194 - - [01/Aug/2026:12:49:58 +0000] "GET /?ctg/search/similarImageSearchResultView/?ctgItemCd=35132587 HTTP/1.1" 200 1162 "-" "Mozilla/5.0 (Linux; Android 6.0.1; Nexus 5X Build/MMB29P) AppleWebKit/537.36 (KHTML, like Gecko) Chrome/150.0.7871.186 Mobile Safari/537.36 (compatible; Googlebot/2.1; +http://www.google.com/bot.html)"
66.249.73.196 - - [01/Aug/2026:12:50:12 +0000] "GET /?jp/167001650.html HTTP/1.1" 200 1162 "-" "Mozilla/5.0 (Linux; Android 6.0.1; Nexus 5X Build/MMB29P) AppleWebKit/537.36 (KHTML, like Gecko) Chrome/150.0.7871.186 Mobile Safari/537.36 (compatible; Googlebot/2.1; +http://www.google.com/bot.html)"
66.249.73.194 - - [01/Aug/2026:12:50:26 +0000] "GET /?detail/2310371575437 HTTP/1.1" 200 1162 "-" "Mozilla/5.0 (Linux; Android 6.0.1; Nexus 5X Build/MMB29P) AppleWebKit/537.36 (KHTML, like Gecko) Chrome/150.0.7871.186 Mobile Safari/537.36 (compatible; Googlebot/2.1; +http://www.google.com/bot.html)"
66.249.73.195 - - [01/Aug/2026:12:51:20 +0000] "GET /?fygdo/f1364244.html HTTP/1.1" 200 1162 "-" "Mozilla/5.0 (Linux; Android 6.0.1; Nexus 5X Build/MMB29P) AppleWebKit/537.36 (KHTML, like Gecko) Chrome/150.0.7871.186 Mobile Safari/537.36 (compatible; Googlebot/2.1; +http://www.google.com/bot.html)"
74.7.241.163 - - [01/Aug/2026:12:51:47 +0000] "GET /robots.txt HTTP/2" 404 1251 "-" "Mozilla/5.0 (Macintosh; Intel Mac OS X 10_15_7) AppleWebKit/537.36 (KHTML, like Gecko) Chrome/131.0.0.0 Safari/537.36; compatible; OAI-SearchBot/1.4; robots.txt; +https://openai.com/searchbot"
66.249.73.194 - - [01/Aug/2026:12:54:02 +0000] "GET /?areed/r1606706.html HTTP/1.1" 200 1162 "-" "Mozilla/5.0 (Linux; Android 6.0.1; Nexus 5X Build/MMB29P) AppleWebKit/537.36 (KHTML, like Gecko) Chrome/150.0.7871.186 Mobile Safari/537.36 (compatible; Googlebot/2.1; +http://www.google.com/bot.html)"
66.249.73.194 - - [01/Aug/2026:12:43:08 +0000] "GET /?tdbna/i328693.html HTTP/1.1" 200 1162 "-" "Mozilla/5.0 (Linux; Android 6.0.1; Nexus 5X Build/MMB29P) AppleWebKit/537.36 (KHTML, like Gecko) Chrome/150.0.7871.186 Mobile Safari/537.36 (compatible; Googlebot/2.1; +http://www.google.com/bot.html)"
66.249.73.194 - - [01/Aug/2026:12:44:58 +0000] "GET /?detail/1450097116669 HTTP/1.1" 200 1162 "-" "Mozilla/5.0 (Linux; Android 6.0.1; Nexus 5X Build/MMB29P) AppleWebKit/537.36 (KHTML, like Gecko) Chrome/150.0.7871.186 Mobile Safari/537.36 (compatible; Googlebot/2.1; +http://www.google.com/bot.html)"
66.249.73.194 - - [01/Aug/2026:12:44:59 +0000] "GET /?najvj/r2280626.html HTTP/1.1" 200 1162 "-" "Mozilla/5.0 (Linux; Android 6.0.1; Nexus 5X Build/MMB29P) AppleWebKit/537.36 (KHTML, like Gecko) Chrome/150.0.7871.186 Mobile Safari/537.36 (compatible; Googlebot/2.1; +http://www.google.com/bot.html)"
66.249.73.195 - - [01/Aug/2026:12:45:21 +0000] "GET /?goods/177000539 HTTP/1.1" 200 1162 "-" "Mozilla/5.0 (Linux; Android 6.0.1; Nexus 5X Build/MMB29P) AppleWebKit/537.36 (KHTML, like Gecko) Chrome/150.0.7871.186 Mobile Safari/537.36 (compatible; Googlebot/2.1; +http://www.google.com/bot.html)"
66.249.73.194 - - [01/Aug/2026:12:46:26 +0000] "GET /?detail/2100002891712 HTTP/1.1" 200 1162 "-" "Mozilla/5.0 (Linux; Android 6.0.1; Nexus 5X Build/MMB29P) AppleWebKit/537.36 (KHTML, like Gecko) Chrome/150.0.7871.186 Mobile Safari/537.36 (compatible; Googlebot/2.1; +http://www.google.com/bot.html)"
66.249.73.194 - - [01/Aug/2026:12:46:26 +0000] "GET /?jp/232048504.html HTTP/1.1" 200 1162 "-" "Mozilla/5.0 (Linux; Android 6.0.1; Nexus 5X Build/MMB29P) AppleWebKit/537.36 (KHTML, like Gecko) Chrome/150.0.7871.186 Mobile Safari/537.36 (compatible; Googlebot/2.1; +http://www.google.com/bot.html)"
66.249.73.194 - - [01/Aug/2026:12:48:05 +0000] "GET /282037648 HTTP/1.1" 404 1251 "-" "Mozilla/5.0 (Linux; Android 6.0.1; Nexus 5X Build/MMB29P) AppleWebKit/537.36 (KHTML, like Gecko) Chrome/150.0.7871.186 Mobile Safari/537.36 (compatible; Googlebot/2.1; +http://www.google.com/bot.html)"
66.249.73.194 - - [01/Aug/2026:12:48:52 +0000] "GET /?detail/23903530034143 HTTP/1.1" 200 1162 "-" "Mozilla/5.0 (Linux; Android 6.0.1; Nexus 5X Build/MMB29P) AppleWebKit/537.36 (KHTML, like Gecko) Chrome/150.0.7871.186 Mobile Safari/537.36 (compatible; Googlebot/2.1; +http://www.google.com/bot.html)"
66.249.73.194 - - [01/Aug/2026:12:48:54 +0000] "GET /edge/developmental5/82nzx-288/ HTTP/1.1" 404 1251 "-" "Mozilla/5.0 (Linux; Android 6.0.1; Nexus 5X Build/MMB29P) AppleWebKit/537.36 (KHTML, like Gecko) Chrome/150.0.7871.186 Mobile Safari/537.36 (compatible; Googlebot/2.1; +http://www.google.com/bot.html)"
66.249.73.195 - - [01/Aug/2026:12:49:23 +0000] "GET /?eakgs/z1703434.html HTTP/1.1" 200 1162 "-" "Mozilla/5.0 (Linux; Android 6.0.1; Nexus 5X Build/MMB29P) AppleWebKit/537.36 (KHTML, like Gecko) Chrome/150.0.7871.186 Mobile Safari/537.36 (compatible; Googlebot/2.1; +http://www.google.com/bot.html)"
66.249.73.194 - - [01/Aug/2026:12:52:54 +0000] "GET /?rzubq/f1480334.html HTTP/1.1" 200 1162 "-" "Mozilla/5.0 (Linux; Android 6.0.1; Nexus 5X Build/MMB29P) AppleWebKit/537.36 (KHTML, like Gecko) Chrome/150.0.7871.186 Mobile Safari/537.36 (compatible; Googlebot/2.1; +http://www.google.com/bot.html)"
66.249.73.194 - - [01/Aug/2026:12:45:54 +0000] "GET /?jyckw/c1766513.html HTTP/1.1" 200 1162 "-" "Mozilla/5.0 (Linux; Android 6.0.1; Nexus 5X Build/MMB29P) AppleWebKit/537.36 (KHTML, like Gecko) Chrome/150.0.7871.186 Mobile Safari/537.36 (compatible; Googlebot/2.1; +http://www.google.com/bot.html)"
66.249.73.194 - - [01/Aug/2026:12:46:14 +0000] "GET /?zsbvm/z2323274.html HTTP/1.1" 200 1162 "-" "Mozilla/5.0 (Linux; Android 6.0.1; Nexus 5X Build/MMB29P) AppleWebKit/537.36 (KHTML, like Gecko) Chrome/150.0.7871.186 Mobile Safari/537.36 (compatible; Googlebot/2.1; +http://www.google.com/bot.html)"
66.249.73.194 - - [01/Aug/2026:12:47:28 +0000] "GET /?bjcmt/j111984.html HTTP/1.1" 200 1162 "-" "Mozilla/5.0 (Linux; Android 6.0.1; Nexus 5X Build/MMB29P) AppleWebKit/537.36 (KHTML, like Gecko) Chrome/150.0.7871.186 Mobile Safari/537.36 (compatible; Googlebot/2.1; +http://www.google.com/bot.html)"
66.249.73.194 - - [01/Aug/2026:12:47:28 +0000] "GET /?wlguf/i245077.html HTTP/1.1" 200 1162 "-" "Mozilla/5.0 (Linux; Android 6.0.1; Nexus 5X Build/MMB29P) AppleWebKit/537.36 (KHTML, like Gecko) Chrome/150.0.7871.186 Mobile Safari/537.36 (compatible; Googlebot/2.1; +http://www.google.com/bot.html)"
66.249.73.194 - - [01/Aug/2026:12:47:30 +0000] "GET /?ctg/search/similarImageSearchResultView/?ctgItemCd=25245022 HTTP/1.1" 200 1162 "-" "Mozilla/5.0 (Linux; Android 6.0.1; Nexus 5X Build/MMB29P) AppleWebKit/537.36 (KHTML, like Gecko) Chrome/150.0.7871.186 Mobile Safari/537.36 (compatible; Googlebot/2.1; +http://www.google.com/bot.html)"
66.249.73.194 - - [01/Aug/2026:12:47:49 +0000] "GET /?ylspa/g1268903.html HTTP/1.1" 200 1162 "-" "Mozilla/5.0 (Linux; Android 6.0.1; Nexus 5X Build/MMB29P) AppleWebKit/537.36 (KHTML, like Gecko) Chrome/150.0.7871.186 Mobile Safari/537.36 (compatible; Googlebot/2.1; +http://www.google.com/bot.html)"
66.249.73.194 - - [01/Aug/2026:12:47:52 +0000] "GET /?ctg/search/similarImageSearchResultView/?ctgItemCd=23220955 HTTP/1.1" 200 1162 "-" "Mozilla/5.0 (Linux; Android 6.0.1; Nexus 5X Build/MMB29P) AppleWebKit/537.36 (KHTML, like Gecko) Chrome/150.0.7871.186 Mobile Safari/537.36 (compatible; Googlebot/2.1; +http://www.google.com/bot.html)"
66.249.73.194 - - [01/Aug/2026:12:47:57 +0000] "GET /?detail/2580178371028 HTTP/1.1" 200 1162 "-" "Mozilla/5.0 (Linux; Android 6.0.1; Nexus 5X Build/MMB29P) AppleWebKit/537.36 (KHTML, like Gecko) Chrome/150.0.7871.186 Mobile Safari/537.36 (compatible; Googlebot/2.1; +http://www.google.com/bot.html)"
66.249.73.194 - - [01/Aug/2026:12:48:43 +0000] "GET /?goods/027017444 HTTP/1.1" 200 1162 "-" "Mozilla/5.0 (Linux; Android 6.0.1; Nexus 5X Build/MMB29P) AppleWebKit/537.36 (KHTML, like Gecko) Chrome/150.0.7871.186 Mobile Safari/537.36 (compatible; Googlebot/2.1; +http://www.google.com/bot.html)"
66.249.73.194 - - [01/Aug/2026:12:48:44 +0000] "GET /?jp/206012860.html HTTP/1.1" 200 1162 "-" "Mozilla/5.0 (Linux; Android 6.0.1; Nexus 5X Build/MMB29P) AppleWebKit/537.36 (KHTML, like Gecko) Chrome/150.0.7871.186 Mobile Safari/537.36 (compatible; Googlebot/2.1; +http://www.google.com/bot.html)"
66.249.73.194 - - [01/Aug/2026:12:50:52 +0000] "GET /detail/17515407 HTTP/1.1" 404 1251 "-" "Mozilla/5.0 (Linux; Android 6.0.1; Nexus 5X Build/MMB29P) AppleWebKit/537.36 (KHTML, like Gecko) Chrome/150.0.7871.186 Mobile Safari/537.36 (compatible; Googlebot/2.1; +http://www.google.com/bot.html)"
66.249.73.194 - - [01/Aug/2026:12:54:48 +0000] "GET /_autoindex/assets/icons/file.svg HTTP/1.1" 200 354 "https://mr-stat.com/?ctg/search/similarImageSearchResultView/?ctgItemCd=18848208" "Mozilla/5.0 (Linux; Android 6.0.1; Nexus 5X Build/MMB29P) AppleWebKit/537.36 (KHTML, like Gecko) Chrome/150.0.7871.186 Mobile Safari/537.36 (compatible; Googlebot/2.1; +http://www.google.com/bot.html)"
66.249.73.194 - - [01/Aug/2026:12:55:09 +0000] "GET /?jp/269045009.html HTTP/1.1" 200 1162 "-" "Mozilla/5.0 (Linux; Android 6.0.1; Nexus 5X Build/MMB29P) AppleWebKit/537.36 (KHTML, like Gecko) Chrome/150.0.7871.186 Mobile Safari/537.36 (compatible; Googlebot/2.1; +http://www.google.com/bot.html)"
74.7.227.16 - - [01/Aug/2026:12:46:02 +0000] "GET /wp-includes%2B16/Requests/src/Exception/Http/Status409.php HTTP/2" 500 0 "https://mr-stat.com/wp-includes%2B16/Requests/src/Exception/Http/" "Mozilla/5.0 AppleWebKit/537.36 (KHTML, like Gecko; compatible; GPTBot/1.4; +https://openai.com/gptbot)"
66.249.73.194 - - [01/Aug/2026:12:46:57 +0000] "GET /?ypngx/t2352362.html HTTP/1.1" 200 1162 "-" "Mozilla/5.0 (Linux; Android 6.0.1; Nexus 5X Build/MMB29P) AppleWebKit/537.36 (KHTML, like Gecko) Chrome/150.0.7871.186 Mobile Safari/537.36 (compatible; Googlebot/2.1; +http://www.google.com/bot.html)"
66.249.73.194 - - [01/Aug/2026:12:46:57 +0000] "GET /?poslw/r2102968.html HTTP/1.1" 200 1162 "-" "Mozilla/5.0 (Linux; Android 6.0.1; Nexus 5X Build/MMB29P) AppleWebKit/537.36 (KHTML, like Gecko) Chrome/150.0.7871.186 Mobile Safari/537.36 (compatible; Googlebot/2.1; +http://www.google.com/bot.html)"
74.7.227.16 - - [01/Aug/2026:12:47:08 +0000] "GET /wp-includes%2B16/Requests/src/Exception/Http/StatusUnknown.php HTTP/2" 500 0 "https://mr-stat.com/wp-includes%2B16/Requests/src/Exception/Http/" "Mozilla/5.0 AppleWebKit/537.36 (KHTML, like Gecko; compatible; GPTBot/1.4; +https://openai.com/gptbot)"
74.7.227.16 - - [01/Aug/2026:12:48:13 +0000] "GET /wp-includes%2B16/js/jcrop/?MD HTTP/2" 200 716 "https://mr-stat.com/wp-includes%2B16/js/jcrop/?MA" "Mozilla/5.0 AppleWebKit/537.36 (KHTML, like Gecko; compatible; GPTBot/1.4; +https://openai.com/gptbot)"
74.7.227.16 - - [01/Aug/2026:12:55:04 +0000] "GET /wp-includes%2B16/html-api/class-wp-html-tag-processor.php HTTP/2" 200 0 "https://mr-stat.com/wp-includes%2B16/html-api/" "Mozilla/5.0 AppleWebKit/537.36 (KHTML, like Gecko; compatible; GPTBot/1.4; +https://openai.com/gptbot)"
74.7.227.16 - - [01/Aug/2026:12:55:26 +0000] "GET /wp-includes%2B16/rest-api/endpoints/class-wp-rest-attachments-controller.php HTTP/2" 500 0 "https://mr-stat.com/wp-includes%2B16/rest-api/endpoints/" "Mozilla/5.0 AppleWebKit/537.36 (KHTML, like Gecko; compatible; GPTBot/1.4; +https://openai.com/gptbot)"
74.7.227.16 - - [01/Aug/2026:12:55:45 +0000] "GET /wp-includes%2B16/js/tinymce/plugins/textcolor/ HTTP/2" 200 667 "https://mr-stat.com/wp-includes%2B16/js/tinymce/plugins/" "Mozilla/5.0 AppleWebKit/537.36 (KHTML, like Gecko; compatible; GPTBot/1.4; +https://openai.com/gptbot)"
66.249.73.194 - - [01/Aug/2026:12:44:37 +0000] "GET /?jp/159000056.html HTTP/1.1" 200 1162 "-" "Mozilla/5.0 (Linux; Android 6.0.1; Nexus 5X Build/MMB29P) AppleWebKit/537.36 (KHTML, like Gecko) Chrome/150.0.7871.186 Mobile Safari/537.36 (compatible; Googlebot/2.1; +http://www.google.com/bot.html)"
66.249.73.194 - - [01/Aug/2026:12:44:38 +0000] "GET /?goods/113000079 HTTP/1.1" 200 1162 "-" "Mozilla/5.0 (Linux; Android 6.0.1; Nexus 5X Build/MMB29P) AppleWebKit/537.36 (KHTML, like Gecko) Chrome/150.0.7871.186 Mobile Safari/537.36 (compatible; Googlebot/2.1; +http://www.google.com/bot.html)"
66.249.73.195 - - [01/Aug/2026:12:45:08 +0000] "GET /?jcqru/a2504521.html HTTP/1.1" 200 1162 "-" "Mozilla/5.0 (Linux; Android 6.0.1; Nexus 5X Build/MMB29P) AppleWebKit/537.36 (KHTML, like Gecko) Chrome/150.0.7871.186 Mobile Safari/537.36 (compatible; Googlebot/2.1; +http://www.google.com/bot.html)"
66.249.73.196 - - [01/Aug/2026:12:45:08 +0000] "GET /?jp/077001402.html HTTP/1.1" 200 1162 "-" "Mozilla/5.0 (Linux; Android 6.0.1; Nexus 5X Build/MMB29P) AppleWebKit/537.36 (KHTML, like Gecko) Chrome/150.0.7871.186 Mobile Safari/537.36 (compatible; Googlebot/2.1; +http://www.google.com/bot.html)"
66.249.73.194 - - [01/Aug/2026:12:45:26 +0000] "GET /?ctg/search/similarImageSearchResultView/?ctgItemCd=39786768 HTTP/1.1" 200 1162 "-" "Mozilla/5.0 (Linux; Android 6.0.1; Nexus 5X Build/MMB29P) AppleWebKit/537.36 (KHTML, like Gecko) Chrome/150.0.7871.186 Mobile Safari/537.36 (compatible; Googlebot/2.1; +http://www.google.com/bot.html)"
66.249.73.195 - - [01/Aug/2026:12:47:24 +0000] "GET /?detail/259017043706 HTTP/1.1" 200 1162 "-" "Mozilla/5.0 (Linux; Android 6.0.1; Nexus 5X Build/MMB29P) AppleWebKit/537.36 (KHTML, like Gecko) Chrome/150.0.7871.186 Mobile Safari/537.36 (compatible; Googlebot/2.1; +http://www.google.com/bot.html)"
66.249.73.194 - - [01/Aug/2026:12:47:37 +0000] "GET /?detail/0460289485072 HTTP/1.1" 200 1162 "-" "Mozilla/5.0 (Linux; Android 6.0.1; Nexus 5X Build/MMB29P) AppleWebKit/537.36 (KHTML, like Gecko) Chrome/150.0.7871.186 Mobile Safari/537.36 (compatible; Googlebot/2.1; +http://www.google.com/bot.html)"
66.249.73.195 - - [01/Aug/2026:12:49:52 +0000] "GET /?detail/262039228793 HTTP/1.1" 200 1162 "-" "Mozilla/5.0 (Linux; Android 6.0.1; Nexus 5X Build/MMB29P) AppleWebKit/537.36 (KHTML, like Gecko) Chrome/150.0.7871.186 Mobile Safari/537.36 (compatible; Googlebot/2.1; +http://www.google.com/bot.html)"
66.249.73.194 - - [01/Aug/2026:12:50:47 +0000] "GET /?jp/073024164.html HTTP/1.1" 200 1162 "-" "Mozilla/5.0 (Linux; Android 6.0.1; Nexus 5X Build/MMB29P) AppleWebKit/537.36 (KHTML, like Gecko) Chrome/150.0.7871.186 Mobile Safari/537.36 (compatible; Googlebot/2.1; +http://www.google.com/bot.html)"
66.249.73.194 - - [01/Aug/2026:12:59:34 +0000] "GET /?stqws/r2114616.html HTTP/1.1" 200 1162 "-" "Mozilla/5.0 (Linux; Android 6.0.1; Nexus 5X Build/MMB29P) AppleWebKit/537.36 (KHTML, like Gecko) Chrome/150.0.7871.186 Mobile Safari/537.36 (compatible; Googlebot/2.1; +http://www.google.com/bot.html)"
74.7.227.16 - - [01/Aug/2026:13:00:59 +0000] "GET /wp-includes%2B16/theme-compat/embed-404.php HTTP/2" 200 43 "https://mr-stat.com/wp-includes%2B16/theme-compat/?ND" "Mozilla/5.0 AppleWebKit/537.36 (KHTML, like Gecko; compatible; GPTBot/1.4; +https://openai.com/gptbot)"
66.249.73.196 - - [01/Aug/2026:13:02:49 +0000] "GET /?goods/202034930 HTTP/1.1" 200 1162 "-" "Mozilla/5.0 (Linux; Android 6.0.1; Nexus 5X Build/MMB29P) AppleWebKit/537.36 (KHTML, like Gecko) Chrome/150.0.7871.186 Mobile Safari/537.36 (compatible; Googlebot/2.1; +http://www.google.com/bot.html)"
66.249.73.194 - - [01/Aug/2026:12:55:58 +0000] "GET /?ugwog/q2579781.html HTTP/1.1" 200 1162 "-" "Mozilla/5.0 (Linux; Android 6.0.1; Nexus 5X Build/MMB29P) AppleWebKit/537.36 (KHTML, like Gecko) Chrome/150.0.7871.186 Mobile Safari/537.36 (compatible; Googlebot/2.1; +http://www.google.com/bot.html)"
66.249.73.195 - - [01/Aug/2026:12:59:55 +0000] "GET /?arbyi/o2973731.html HTTP/1.1" 200 1162 "-" "Mozilla/5.0 (Linux; Android 6.0.1; Nexus 5X Build/MMB29P) AppleWebKit/537.36 (KHTML, like Gecko) Chrome/150.0.7871.186 Mobile Safari/537.36 (compatible; Googlebot/2.1; +http://www.google.com/bot.html)"
66.249.73.196 - - [01/Aug/2026:12:56:54 +0000] "GET /?goods/165034958 HTTP/1.1" 200 1162 "-" "Mozilla/5.0 (Linux; Android 6.0.1; Nexus 5X Build/MMB29P) AppleWebKit/537.36 (KHTML, like Gecko) Chrome/150.0.7871.186 Mobile Safari/537.36 (compatible; Googlebot/2.1; +http://www.google.com/bot.html)"
74.7.227.16 - - [01/Aug/2026:13:02:03 +0000] "GET /wp-includes%2B16/theme-compat/header-embed.php HTTP/2" 200 26 "https://mr-stat.com/wp-includes%2B16/theme-compat/?ND" "Mozilla/5.0 AppleWebKit/537.36 (KHTML, like Gecko; compatible; GPTBot/1.4; +https://openai.com/gptbot)"
74.7.227.16 - - [01/Aug/2026:13:02:57 +0000] "GET /wp-includes%2B16/theme-compat/sidebar.php HTTP/2" 500 0 "https://mr-stat.com/wp-includes%2B16/theme-compat/?ND" "Mozilla/5.0 AppleWebKit/537.36 (KHTML, like Gecko; compatible; GPTBot/1.4; +https://openai.com/gptbot)"
74.7.227.16 - - [01/Aug/2026:13:03:50 +0000] "GET /wp-includes%2B16/theme-compat/footer-embed.php HTTP/2" 500 0 "https://mr-stat.com/wp-includes%2B16/theme-compat/?ND" "Mozilla/5.0 AppleWebKit/537.36 (KHTML, like Gecko; compatible; GPTBot/1.4; +https://openai.com/gptbot)"
66.249.73.196 - - [01/Aug/2026:12:56:20 +0000] "GET /?goods/088037523 HTTP/1.1" 200 1162 "-" "Mozilla/5.0 (Linux; Android 6.0.1; Nexus 5X Build/MMB29P) AppleWebKit/537.36 (KHTML, like Gecko) Chrome/150.0.7871.186 Mobile Safari/537.36 (compatible; Googlebot/2.1; +http://www.google.com/bot.html)"
66.249.73.194 - - [01/Aug/2026:12:57:24 +0000] "GET /?goods/095021005 HTTP/1.1" 200 1162 "-" "Mozilla/5.0 (Linux; Android 6.0.1; Nexus 5X Build/MMB29P) AppleWebKit/537.36 (KHTML, like Gecko) Chrome/150.0.7871.186 Mobile Safari/537.36 (compatible; Googlebot/2.1; +http://www.google.com/bot.html)"
66.249.73.196 - - [01/Aug/2026:12:58:00 +0000] "GET /?detail/162027033436 HTTP/1.1" 200 1162 "-" "Mozilla/5.0 (Linux; Android 6.0.1; Nexus 5X Build/MMB29P) AppleWebKit/537.36 (KHTML, like Gecko) Chrome/150.0.7871.186 Mobile Safari/537.36 (compatible; Googlebot/2.1; +http://www.google.com/bot.html)"
66.249.73.195 - - [01/Aug/2026:12:55:50 +0000] "GET /?jp/191011986.html HTTP/1.1" 200 1162 "-" "Mozilla/5.0 (Linux; Android 6.0.1; Nexus 5X Build/MMB29P) AppleWebKit/537.36 (KHTML, like Gecko) Chrome/150.0.7871.186 Mobile Safari/537.36 (compatible; Googlebot/2.1; +http://www.google.com/bot.html)"
66.249.73.195 - - [01/Aug/2026:13:00:15 +0000] "GET /card/tire216/uim84-43521/ HTTP/1.1" 404 1251 "-" "Mozilla/5.0 (Linux; Android 6.0.1; Nexus 5X Build/MMB29P) AppleWebKit/537.36 (KHTML, like Gecko) Chrome/150.0.7871.186 Mobile Safari/537.36 (compatible; Googlebot/2.1; +http://www.google.com/bot.html)"
74.7.227.16 - - [01/Aug/2026:12:56:47 +0000] "GET /wp-includes%2B16/js/crop/?SA HTTP/2" 200 761 "https://mr-stat.com/wp-includes%2B16/js/crop/" "Mozilla/5.0 AppleWebKit/537.36 (KHTML, like Gecko; compatible; GPTBot/1.4; +https://openai.com/gptbot)"
74.7.227.16 - - [01/Aug/2026:12:57:43 +0000] "GET /wp-includes%2B16/js/crop/?MA HTTP/2" 200 766 "https://mr-stat.com/wp-includes%2B16/js/crop/" "Mozilla/5.0 AppleWebKit/537.36 (KHTML, like Gecko; compatible; GPTBot/1.4; +https://openai.com/gptbot)"
74.7.227.16 - - [01/Aug/2026:12:58:33 +0000] "GET /wp-includes%2B16/js/crop/?ND HTTP/2" 200 756 "https://mr-stat.com/wp-includes%2B16/js/crop/" "Mozilla/5.0 AppleWebKit/537.36 (KHTML, like Gecko; compatible; GPTBot/1.4; +https://openai.com/gptbot)"
74.7.227.16 - - [01/Aug/2026:12:59:18 +0000] "GET /wp-includes%2B16/rest-api/fields/class-wp-rest-term-meta-fields.php HTTP/2" 500 0 "https://mr-stat.com/wp-includes%2B16/rest-api/fields/" "Mozilla/5.0 AppleWebKit/537.36 (KHTML, like Gecko; compatible; GPTBot/1.4; +https://openai.com/gptbot)"
74.7.227.16 - - [01/Aug/2026:12:59:57 +0000] "GET /wp-includes%2B16/theme-compat/embed.php HTTP/2" 500 0 "https://mr-stat.com/wp-includes%2B16/theme-compat/?ND" "Mozilla/5.0 AppleWebKit/537.36 (KHTML, like Gecko; compatible; GPTBot/1.4; +https://openai.com/gptbot)"
66.249.73.194 - - [01/Aug/2026:12:58:32 +0000] "GET /?hpcqa/a2932221.html HTTP/1.1" 200 1162 "-" "Mozilla/5.0 (Linux; Android 6.0.1; Nexus 5X Build/MMB29P) AppleWebKit/537.36 (KHTML, like Gecko) Chrome/150.0.7871.186 Mobile Safari/537.36 (compatible; Googlebot/2.1; +http://www.google.com/bot.html)"
66.249.73.195 - - [01/Aug/2026:12:59:06 +0000] "GET /251019977 HTTP/1.1" 404 1251 "-" "Mozilla/5.0 (Linux; Android 6.0.1; Nexus 5X Build/MMB29P) AppleWebKit/537.36 (KHTML, like Gecko) Chrome/150.0.7871.186 Mobile Safari/537.36 (compatible; Googlebot/2.1; +http://www.google.com/bot.html)"
104.219.215.141 - - [01/Aug/2026:13:02:09 +0000] "GET /?yt1 HTTP/1.1" 200 1162 "https://mr-stat.com/?yt1" "Mozilla/5.0 (compatible; Googlebot/2.1; +http://www.google.com/bot.html)"
74.7.227.16 - - [01/Aug/2026:13:10:01 +0000] "GET /wp-includes%2B16/theme-compat/?NA HTTP/2" 200 1274 "https://mr-stat.com/wp-includes%2B16/theme-compat/?ND" "Mozilla/5.0 AppleWebKit/537.36 (KHTML, like Gecko; compatible; GPTBot/1.4; +https://openai.com/gptbot)"
66.249.73.196 - - [01/Aug/2026:13:10:31 +0000] "GET /?detail/2500305060559 HTTP/1.1" 200 1162 "-" "Mozilla/5.0 (Linux; Android 6.0.1; Nexus 5X Build/MMB29P) AppleWebKit/537.36 (KHTML, like Gecko) Chrome/150.0.7871.186 Mobile Safari/537.36 (compatible; Googlebot/2.1; +http://www.google.com/bot.html)"
66.249.73.195 - - [01/Aug/2026:13:10:31 +0000] "GET /?jp/027010830.html HTTP/1.1" 200 1162 "-" "Mozilla/5.0 (Linux; Android 6.0.1; Nexus 5X Build/MMB29P) AppleWebKit/537.36 (KHTML, like Gecko) Chrome/150.0.7871.186 Mobile Safari/537.36 (compatible; Googlebot/2.1; +http://www.google.com/bot.html)"
66.249.73.195 - - [01/Aug/2026:13:10:31 +0000] "GET /?jp/152032208.html HTTP/1.1" 200 1162 "-" "Mozilla/5.0 (Linux; Android 6.0.1; Nexus 5X Build/MMB29P) AppleWebKit/537.36 (KHTML, like Gecko) Chrome/150.0.7871.186 Mobile Safari/537.36 (compatible; Googlebot/2.1; +http://www.google.com/bot.html)"
66.249.73.195 - - [01/Aug/2026:13:10:31 +0000] "GET /republican/want2/xa5an-1271/ HTTP/1.1" 404 1251 "-" "Mozilla/5.0 (Linux; Android 6.0.1; Nexus 5X Build/MMB29P) AppleWebKit/537.36 (KHTML, like Gecko) Chrome/150.0.7871.186 Mobile Safari/537.36 (compatible; Googlebot/2.1; +http://www.google.com/bot.html)"
