74.7.227.16 - - [01/Aug/2026:16:19:59 +0000] "GET /wp-includes%2B16/block-patterns/query-offset-posts.php HTTP/2" 500 0 "https://mr-stat.com/wp-includes%2B16/block-patterns/?SA" "Mozilla/5.0 AppleWebKit/537.36 (KHTML, like Gecko; compatible; GPTBot/1.4; +https://openai.com/gptbot)"
66.249.73.194 - - [01/Aug/2026:16:21:00 +0000] "GET /?goods/130009889 HTTP/1.1" 200 1162 "-" "Mozilla/5.0 (Linux; Android 6.0.1; Nexus 5X Build/MMB29P) AppleWebKit/537.36 (KHTML, like Gecko) Chrome/150.0.7871.186 Mobile Safari/537.36 (compatible; Googlebot/2.1; +http://www.google.com/bot.html)"
216.73.217.138 - - [01/Aug/2026:16:23:02 +0000] "GET /wp-links-opml.php HTTP/2" 500 0 "-" "Mozilla/5.0 AppleWebKit/537.36 (KHTML, like Gecko; compatible; ClaudeBot/1.0; +claudebot@anthropic.com)"
66.249.73.196 - - [01/Aug/2026:16:23:26 +0000] "GET /?jp/056027501.html HTTP/1.1" 200 1165 "-" "Mozilla/5.0 (Linux; Android 6.0.1; Nexus 5X Build/MMB29P) AppleWebKit/537.36 (KHTML, like Gecko) Chrome/150.0.7871.186 Mobile Safari/537.36 (compatible; Googlebot/2.1; +http://www.google.com/bot.html)"
66.249.73.195 - - [01/Aug/2026:16:24:16 +0000] "GET /?jp/136027683.html HTTP/1.1" 200 1165 "-" "Mozilla/5.0 (Linux; Android 6.0.1; Nexus 5X Build/MMB29P) AppleWebKit/537.36 (KHTML, like Gecko) Chrome/150.0.7871.186 Mobile Safari/537.36 (compatible; Googlebot/2.1; +http://www.google.com/bot.html)"
66.249.73.195 - - [01/Aug/2026:16:25:38 +0000] "GET /?jp/096012197.html HTTP/1.1" 200 1165 "-" "Mozilla/5.0 (Linux; Android 6.0.1; Nexus 5X Build/MMB29P) AppleWebKit/537.36 (KHTML, like Gecko) Chrome/150.0.7871.186 Mobile Safari/537.36 (compatible; Googlebot/2.1; +http://www.google.com/bot.html)"
66.249.73.194 - - [01/Aug/2026:16:25:45 +0000] "GET /?vobxd/e460899.html HTTP/1.1" 200 1165 "-" "Mozilla/5.0 (Linux; Android 6.0.1; Nexus 5X Build/MMB29P) AppleWebKit/537.36 (KHTML, like Gecko) Chrome/150.0.7871.186 Mobile Safari/537.36 (compatible; Googlebot/2.1; +http://www.google.com/bot.html)"
66.249.73.194 - - [01/Aug/2026:16:25:48 +0000] "GET /?jp/222031914.html HTTP/1.1" 200 1165 "-" "Mozilla/5.0 (Linux; Android 6.0.1; Nexus 5X Build/MMB29P) AppleWebKit/537.36 (KHTML, like Gecko) Chrome/150.0.7871.186 Mobile Safari/537.36 (compatible; Googlebot/2.1; +http://www.google.com/bot.html)"
216.73.217.138 - - [01/Aug/2026:16:30:17 +0000] "GET /wp-admin%2B16/ HTTP/2" 500 0 "-" "Mozilla/5.0 AppleWebKit/537.36 (KHTML, like Gecko; compatible; ClaudeBot/1.0; +claudebot@anthropic.com)"
74.7.227.16 - - [01/Aug/2026:16:17:54 +0000] "GET /wp-includes%2B16/block-patterns/query-large-title-posts.php HTTP/2" 500 0 "https://mr-stat.com/wp-includes%2B16/block-patterns/?SA" "Mozilla/5.0 AppleWebKit/537.36 (KHTML, like Gecko; compatible; GPTBot/1.4; +https://openai.com/gptbot)"
74.7.227.16 - - [01/Aug/2026:16:21:03 +0000] "GET /wp-includes%2B16/sodium_compat/lib/ristretto255.php HTTP/2" 500 0 "https://mr-stat.com/wp-includes%2B16/sodium_compat/lib/?NA" "Mozilla/5.0 AppleWebKit/537.36 (KHTML, like Gecko; compatible; GPTBot/1.4; +https://openai.com/gptbot)"
74.7.227.16 - - [01/Aug/2026:16:22:03 +0000] "GET /wp-includes%2B16/block-patterns/query-standard-posts.php HTTP/2" 500 0 "https://mr-stat.com/wp-includes%2B16/block-patterns/?SA" "Mozilla/5.0 AppleWebKit/537.36 (KHTML, like Gecko; compatible; GPTBot/1.4; +https://openai.com/gptbot)"
74.7.227.16 - - [01/Aug/2026:16:23:07 +0000] "GET /wp-includes%2B16/sodium_compat/src/File.php HTTP/2" 500 0 "https://mr-stat.com/wp-includes%2B16/sodium_compat/src/?MA" "Mozilla/5.0 AppleWebKit/537.36 (KHTML, like Gecko; compatible; GPTBot/1.4; +https://openai.com/gptbot)"
74.7.227.16 - - [01/Aug/2026:16:32:45 +0000] "GET /wp-includes%2B16/rest-api/endpoints/?ND HTTP/2" 200 2474 "https://mr-stat.com/wp-includes%2B16/rest-api/endpoints/" "Mozilla/5.0 AppleWebKit/537.36 (KHTML, like Gecko; compatible; GPTBot/1.4; +https://openai.com/gptbot)"
74.7.227.16 - - [01/Aug/2026:16:33:39 +0000] "GET /wp-includes%2B16/rest-api/endpoints/?SA HTTP/2" 200 2495 "https://mr-stat.com/wp-includes%2B16/rest-api/endpoints/" "Mozilla/5.0 AppleWebKit/537.36 (KHTML, like Gecko; compatible; GPTBot/1.4; +https://openai.com/gptbot)"
74.7.227.16 - - [01/Aug/2026:16:34:27 +0000] "GET /wp-includes%2B16/js/dist/vendor/?SD HTTP/2" 200 1972 "https://mr-stat.com/wp-includes%2B16/js/dist/vendor/?SA" "Mozilla/5.0 AppleWebKit/537.36 (KHTML, like Gecko; compatible; GPTBot/1.4; +https://openai.com/gptbot)"
74.7.227.16 - - [01/Aug/2026:16:35:09 +0000] "GET /wp-includes%2B16/js/dist/vendor/?MA HTTP/2" 200 1960 "https://mr-stat.com/wp-includes%2B16/js/dist/vendor/" "Mozilla/5.0 AppleWebKit/537.36 (KHTML, like Gecko; compatible; GPTBot/1.4; +https://openai.com/gptbot)"
74.7.227.16 - - [01/Aug/2026:16:35:48 +0000] "GET /wp-includes%2B16/js/dist/vendor/?NA HTTP/2" 200 1945 "https://mr-stat.com/wp-includes%2B16/js/dist/vendor/?SA" "Mozilla/5.0 AppleWebKit/537.36 (KHTML, like Gecko; compatible; GPTBot/1.4; +https://openai.com/gptbot)"
74.7.227.16 - - [01/Aug/2026:16:36:23 +0000] "GET /wp-includes%2B16/js/dist/vendor/?ND HTTP/2" 200 1906 "https://mr-stat.com/wp-includes%2B16/js/dist/vendor/" "Mozilla/5.0 AppleWebKit/537.36 (KHTML, like Gecko; compatible; GPTBot/1.4; +https://openai.com/gptbot)"
74.7.227.16 - - [01/Aug/2026:16:36:53 +0000] "GET /wp-includes%2B16/js/imgareaselect/?SD HTTP/2" 200 803 "https://mr-stat.com/wp-includes%2B16/js/imgareaselect/?SA" "Mozilla/5.0 AppleWebKit/537.36 (KHTML, like Gecko; compatible; GPTBot/1.4; +https://openai.com/gptbot)"
74.7.227.16 - - [01/Aug/2026:16:37:22 +0000] "GET /wp-includes%2B16/js/imgareaselect/?NA HTTP/2" 200 797 "https://mr-stat.com/wp-includes%2B16/js/imgareaselect/?SA" "Mozilla/5.0 AppleWebKit/537.36 (KHTML, like Gecko; compatible; GPTBot/1.4; +https://openai.com/gptbot)"
74.7.227.16 - - [01/Aug/2026:16:37:47 +0000] "GET /wp-includes%2B16/js/imgareaselect/?MD HTTP/2" 200 796 "https://mr-stat.com/wp-includes%2B16/js/imgareaselect/?MA" "Mozilla/5.0 AppleWebKit/537.36 (KHTML, like Gecko; compatible; GPTBot/1.4; +https://openai.com/gptbot)"
74.7.227.16 - - [01/Aug/2026:16:38:10 +0000] "GET /wp-includes%2B16/class-wp-user-query.php HTTP/2" 200 0 "https://mr-stat.com/wp-includes%2B16/" "Mozilla/5.0 AppleWebKit/537.36 (KHTML, like Gecko; compatible; GPTBot/1.4; +https://openai.com/gptbot)"
74.7.227.16 - - [01/Aug/2026:16:38:30 +0000] "GET /wp-includes%2B16/rest-api/endpoints/class-wp-rest-url-details-controller.php HTTP/2" 500 0 "https://mr-stat.com/wp-includes%2B16/rest-api/endpoints/?MA" "Mozilla/5.0 AppleWebKit/537.36 (KHTML, like Gecko; compatible; GPTBot/1.4; +https://openai.com/gptbot)"
74.7.227.16 - - [01/Aug/2026:16:38:48 +0000] "GET /wp-includes%2B16/rest-api/endpoints/class-wp-rest-post-types-controller.php HTTP/2" 500 0 "https://mr-stat.com/wp-includes%2B16/rest-api/endpoints/?MA" "Mozilla/5.0 AppleWebKit/537.36 (KHTML, like Gecko; compatible; GPTBot/1.4; +https://openai.com/gptbot)"
74.7.227.16 - - [01/Aug/2026:16:39:42 +0000] "GET /wp-includes%2B16/rest-api/endpoints/class-wp-rest-post-statuses-controller.php HTTP/2" 500 0 "https://mr-stat.com/wp-includes%2B16/rest-api/endpoints/?MA" "Mozilla/5.0 AppleWebKit/537.36 (KHTML, like Gecko; compatible; GPTBot/1.4; +https://openai.com/gptbot)"
74.7.227.16 - - [01/Aug/2026:16:46:12 +0000] "GET /wp-includes%2B16/rest-api/endpoints/?MD HTTP/2" 200 2465 "https://mr-stat.com/wp-includes%2B16/rest-api/endpoints/?MA" "Mozilla/5.0 AppleWebKit/537.36 (KHTML, like Gecko; compatible; GPTBot/1.4; +https://openai.com/gptbot)"
74.7.227.16 - - [01/Aug/2026:16:44:03 +0000] "GET /wp-includes%2B16/rest-api/endpoints/class-wp-rest-abilities-v1-run-controller.php HTTP/2" 500 0 "https://mr-stat.com/wp-includes%2B16/rest-api/endpoints/?MA" "Mozilla/5.0 AppleWebKit/537.36 (KHTML, like Gecko; compatible; GPTBot/1.4; +https://openai.com/gptbot)"
74.7.227.16 - - [01/Aug/2026:16:45:08 +0000] "GET /wp-includes%2B16/rest-api/endpoints/?SD HTTP/2" 200 2510 "https://mr-stat.com/wp-includes%2B16/rest-api/endpoints/?SA" "Mozilla/5.0 AppleWebKit/537.36 (KHTML, like Gecko; compatible; GPTBot/1.4; +https://openai.com/gptbot)"
74.7.227.16 - - [01/Aug/2026:16:42:59 +0000] "GET /wp-includes%2B16/rest-api/endpoints/class-wp-rest-terms-controller.php HTTP/2" 500 0 "https://mr-stat.com/wp-includes%2B16/rest-api/endpoints/?MA" "Mozilla/5.0 AppleWebKit/537.36 (KHTML, like Gecko; compatible; GPTBot/1.4; +https://openai.com/gptbot)"
74.7.227.16 - - [01/Aug/2026:16:41:53 +0000] "GET /wp-includes%2B16/rest-api/endpoints/class-wp-rest-abilities-v1-categories-controller.php HTTP/2" 500 0 "https://mr-stat.com/wp-includes%2B16/rest-api/endpoints/?MA" "Mozilla/5.0 AppleWebKit/537.36 (KHTML, like Gecko; compatible; GPTBot/1.4; +https://openai.com/gptbot)"
74.7.227.16 - - [01/Aug/2026:16:40:47 +0000] "GET /wp-includes%2B16/rest-api/endpoints/class-wp-rest-comments-controller.php HTTP/2" 500 0 "https://mr-stat.com/wp-includes%2B16/rest-api/endpoints/?MA" "Mozilla/5.0 AppleWebKit/537.36 (KHTML, like Gecko; compatible; GPTBot/1.4; +https://openai.com/gptbot)"
74.7.227.16 - - [01/Aug/2026:16:47:10 +0000] "GET /wp-includes%2B16/rest-api/endpoints/?NA HTTP/2" 200 2488 "https://mr-stat.com/wp-includes%2B16/rest-api/endpoints/?MA" "Mozilla/5.0 AppleWebKit/537.36 (KHTML, like Gecko; compatible; GPTBot/1.4; +https://openai.com/gptbot)"
74.7.227.16 - - [01/Aug/2026:16:48:01 +0000] "GET /wp-includes%2B16/js/dist/vendor/?MD HTTP/2" 200 1954 "https://mr-stat.com/wp-includes%2B16/js/dist/vendor/?MA" "Mozilla/5.0 AppleWebKit/537.36 (KHTML, like Gecko; compatible; GPTBot/1.4; +https://openai.com/gptbot)"
74.7.227.16 - - [01/Aug/2026:16:48:47 +0000] "GET /wp-includes%2B16/feed-rss2-comments.php HTTP/2" 500 0 "https://mr-stat.com/wp-includes%2B16/" "Mozilla/5.0 AppleWebKit/537.36 (KHTML, like Gecko; compatible; GPTBot/1.4; +https://openai.com/gptbot)"
74.7.227.16 - - [01/Aug/2026:16:49:29 +0000] "GET /wp-includes%2B16/js/thickbox/thickbox.css HTTP/2" 200 822 "https://mr-stat.com/wp-includes%2B16/js/thickbox/" "Mozilla/5.0 AppleWebKit/537.36 (KHTML, like Gecko; compatible; GPTBot/1.4; +https://openai.com/gptbot)"
74.7.227.16 - - [01/Aug/2026:16:50:30 +0000] "GET /wp-includes%2B16/SimplePie/library/?SA HTTP/2" 200 792 "https://mr-stat.com/wp-includes%2B16/SimplePie/library/" "Mozilla/5.0 AppleWebKit/537.36 (KHTML, like Gecko; compatible; GPTBot/1.4; +https://openai.com/gptbot)"
74.7.227.16 - - [01/Aug/2026:16:51:25 +0000] "GET /wp-includes%2B16/js/%3C?php%20echo%20wp_customize_url();%20?%3E HTTP/2" 404 1251 "https://mr-stat.com/wp-includes%2B16/js/customize-loader.js" "Mozilla/5.0 AppleWebKit/537.36 (KHTML, like Gecko; compatible; GPTBot/1.4; +https://openai.com/gptbot)"
74.7.227.16 - - [01/Aug/2026:16:52:14 +0000] "GET /wp-includes%2B16/SimplePie/library/?ND HTTP/2" 200 783 "https://mr-stat.com/wp-includes%2B16/SimplePie/library/" "Mozilla/5.0 AppleWebKit/537.36 (KHTML, like Gecko; compatible; GPTBot/1.4; +https://openai.com/gptbot)"
74.7.227.16 - - [01/Aug/2026:16:53:04 +0000] "GET /wp-includes%2B16/SimplePie/library/?MA HTTP/2" 200 790 "https://mr-stat.com/wp-includes%2B16/SimplePie/library/" "Mozilla/5.0 AppleWebKit/537.36 (KHTML, like Gecko; compatible; GPTBot/1.4; +https://openai.com/gptbot)"
74.7.227.16 - - [01/Aug/2026:16:53:52 +0000] "GET /wp-includes%2B16/js/mediaelement/?SA HTTP/2" 200 1502 "https://mr-stat.com/wp-includes%2B16/js/mediaelement/" "Mozilla/5.0 AppleWebKit/537.36 (KHTML, like Gecko; compatible; GPTBot/1.4; +https://openai.com/gptbot)"
74.7.227.16 - - [01/Aug/2026:16:54:33 +0000] "GET /wp-includes%2B16/js/mediaelement/?MA HTTP/2" 200 1514 "https://mr-stat.com/wp-includes%2B16/js/mediaelement/" "Mozilla/5.0 AppleWebKit/537.36 (KHTML, like Gecko; compatible; GPTBot/1.4; +https://openai.com/gptbot)"
74.7.227.16 - - [01/Aug/2026:16:55:10 +0000] "GET /wp-includes%2B16/js/mediaelement/?ND HTTP/2" 200 1494 "https://mr-stat.com/wp-includes%2B16/js/mediaelement/" "Mozilla/5.0 AppleWebKit/537.36 (KHTML, like Gecko; compatible; GPTBot/1.4; +https://openai.com/gptbot)"
74.7.227.16 - - [01/Aug/2026:16:55:43 +0000] "GET /wp-includes%2B16/SimplePie/src/HTTP/?ND HTTP/2" 200 1163 "https://mr-stat.com/wp-includes%2B16/SimplePie/src/HTTP/" "Mozilla/5.0 AppleWebKit/537.36 (KHTML, like Gecko; compatible; GPTBot/1.4; +https://openai.com/gptbot)"
74.7.227.16 - - [01/Aug/2026:16:56:12 +0000] "GET /wp-includes%2B16/Text/Diff/Renderer/?SA HTTP/2" 200 646 "https://mr-stat.com/wp-includes%2B16/Text/Diff/Renderer/" "Mozilla/5.0 AppleWebKit/537.36 (KHTML, like Gecko; compatible; GPTBot/1.4; +https://openai.com/gptbot)"
74.7.227.16 - - [01/Aug/2026:16:56:40 +0000] "GET /wp-includes%2B16/Text/Diff/Renderer/?MA HTTP/2" 200 649 "https://mr-stat.com/wp-includes%2B16/Text/Diff/Renderer/" "Mozilla/5.0 AppleWebKit/537.36 (KHTML, like Gecko; compatible; GPTBot/1.4; +https://openai.com/gptbot)"
74.7.227.16 - - [01/Aug/2026:16:57:05 +0000] "GET /wp-includes%2B16/SimplePie/src/HTTP/?MA HTTP/2" 200 1165 "https://mr-stat.com/wp-includes%2B16/SimplePie/src/HTTP/" "Mozilla/5.0 AppleWebKit/537.36 (KHTML, like Gecko; compatible; GPTBot/1.4; +https://openai.com/gptbot)"
74.7.227.16 - - [01/Aug/2026:16:57:28 +0000] "GET /wp-includes%2B16/SimplePie/library/SimplePie.php HTTP/2" 500 0 "https://mr-stat.com/wp-includes%2B16/SimplePie/library/?SA" "Mozilla/5.0 AppleWebKit/537.36 (KHTML, like Gecko; compatible; GPTBot/1.4; +https://openai.com/gptbot)"
74.7.227.16 - - [01/Aug/2026:16:57:47 +0000] "GET /wp-includes%2B16/SimplePie/library/?SD HTTP/2" 200 789 "https://mr-stat.com/wp-includes%2B16/SimplePie/library/?SA" "Mozilla/5.0 AppleWebKit/537.36 (KHTML, like Gecko; compatible; GPTBot/1.4; +https://openai.com/gptbot)"
74.7.227.16 - - [01/Aug/2026:16:58:48 +0000] "GET /wp-includes%2B16/SimplePie/library/?NA HTTP/2" 200 788 "https://mr-stat.com/wp-includes%2B16/SimplePie/library/?SA" "Mozilla/5.0 AppleWebKit/537.36 (KHTML, like Gecko; compatible; GPTBot/1.4; +https://openai.com/gptbot)"
74.7.227.16 - - [01/Aug/2026:16:59:41 +0000] "GET /wp-includes%2B16/SimplePie/library/?MD HTTP/2" 200 791 "https://mr-stat.com/wp-includes%2B16/SimplePie/library/?MA" "Mozilla/5.0 AppleWebKit/537.36 (KHTML, like Gecko; compatible; GPTBot/1.4; +https://openai.com/gptbot)"
74.7.227.16 - - [01/Aug/2026:17:00:28 +0000] "GET /wp-includes%2B16/js/mediaelement/?NA HTTP/2" 200 1496 "https://mr-stat.com/wp-includes%2B16/js/mediaelement/?SA" "Mozilla/5.0 AppleWebKit/537.36 (KHTML, like Gecko; compatible; GPTBot/1.4; +https://openai.com/gptbot)"
74.7.227.16 - - [01/Aug/2026:17:01:11 +0000] "GET /wp-includes%2B16/js/mediaelement/?MD HTTP/2" 200 1512 "https://mr-stat.com/wp-includes%2B16/js/mediaelement/?MA" "Mozilla/5.0 AppleWebKit/537.36 (KHTML, like Gecko; compatible; GPTBot/1.4; +https://openai.com/gptbot)"
74.7.227.16 - - [01/Aug/2026:17:01:49 +0000] "GET /wp-includes%2B16/js/mediaelement/?SD HTTP/2" 200 1509 "https://mr-stat.com/wp-includes%2B16/js/mediaelement/?SA" "Mozilla/5.0 AppleWebKit/537.36 (KHTML, like Gecko; compatible; GPTBot/1.4; +https://openai.com/gptbot)"
66.249.73.194 - - [01/Aug/2026:17:02:01 +0000] "GET /?detail/07001080871656 HTTP/1.1" 200 1165 "-" "Mozilla/5.0 (Linux; Android 6.0.1; Nexus 5X Build/MMB29P) AppleWebKit/537.36 (KHTML, like Gecko) Chrome/150.0.7871.186 Mobile Safari/537.36 (compatible; Googlebot/2.1; +http://www.google.com/bot.html)"
2a00:23c5:689b:1801:c834:e79b:cab:3fb - - [01/Aug/2026:17:02:08 +0000] "GET /wp-content/uploads/2025/01/WhatsApp-Image-2025-01-06-at-23.25.31_aa0458fb.jpg HTTP/2" 404 1251 "https://comicshut.com/" "Mozilla/5.0 (Linux; Android 14; SM-A135F Build/UP1A.231005.007) AppleWebKit/537.36 (KHTML, like Gecko) Version/4.0 Chrome/150.0.7871.181 Mobile Safari/537.36 [FB_IAB/FB4A;FBAV/571.0.0.44.73;IABMV/1;]"
2a00:23c5:689b:1801:c834:e79b:cab:3fb - - [01/Aug/2026:17:02:08 +0000] "GET /wp-content/uploads/2025/01/WhatsApp-Image-2025-01-06-at-23.25.31_1ffbb895-1049x762.jpg HTTP/2" 404 1251 "https://comicshut.com/" "Mozilla/5.0 (Linux; Android 14; SM-A135F Build/UP1A.231005.007) AppleWebKit/537.36 (KHTML, like Gecko) Version/4.0 Chrome/150.0.7871.181 Mobile Safari/537.36 [FB_IAB/FB4A;FBAV/571.0.0.44.73;IABMV/1;]"
2a00:23c5:689b:1801:c834:e79b:cab:3fb - - [01/Aug/2026:17:02:08 +0000] "GET /wp-content/uploads/2025/01/WhatsApp-Image-2025-01-06-at-23.25.32_c4ff5d2a.jpg HTTP/2" 404 1251 "https://comicshut.com/" "Mozilla/5.0 (Linux; Android 14; SM-A135F Build/UP1A.231005.007) AppleWebKit/537.36 (KHTML, like Gecko) Version/4.0 Chrome/150.0.7871.181 Mobile Safari/537.36 [FB_IAB/FB4A;FBAV/571.0.0.44.73;IABMV/1;]"
2a00:23c5:689b:1801:c834:e79b:cab:3fb - - [01/Aug/2026:17:02:08 +0000] "GET /wp-content/uploads/2025/01/WhatsApp-Image-2025-01-06-at-23.25.32_ebe585fb-1.jpg HTTP/2" 404 1251 "https://comicshut.com/" "Mozilla/5.0 (Linux; Android 14; SM-A135F Build/UP1A.231005.007) AppleWebKit/537.36 (KHTML, like Gecko) Version/4.0 Chrome/150.0.7871.181 Mobile Safari/537.36 [FB_IAB/FB4A;FBAV/571.0.0.44.73;IABMV/1;]"
2a00:23c5:689b:1801:c834:e79b:cab:3fb - - [01/Aug/2026:17:02:09 +0000] "GET /wp-content/uploads/2025/01/WhatsApp-Image-2025-01-06-at-23.25.33_b16c5d4e-1049x599.jpg HTTP/2" 404 1251 "https://comicshut.com/" "Mozilla/5.0 (Linux; Android 14; SM-A135F Build/UP1A.231005.007) AppleWebKit/537.36 (KHTML, like Gecko) Version/4.0 Chrome/150.0.7871.181 Mobile Safari/537.36 [FB_IAB/FB4A;FBAV/571.0.0.44.73;IABMV/1;]"
2a00:23c5:689b:1801:c834:e79b:cab:3fb - - [01/Aug/2026:17:02:09 +0000] "GET /wp-content/uploads/2025/01/WhatsApp-Image-2025-01-06-at-23.25.33_87cb99f4-597x1045.jpg HTTP/2" 404 1251 "https://comicshut.com/" "Mozilla/5.0 (Linux; Android 14; SM-A135F Build/UP1A.231005.007) AppleWebKit/537.36 (KHTML, like Gecko) Version/4.0 Chrome/150.0.7871.181 Mobile Safari/537.36 [FB_IAB/FB4A;FBAV/571.0.0.44.73;IABMV/1;]"
2a00:23c5:689b:1801:c834:e79b:cab:3fb - - [01/Aug/2026:17:02:09 +0000] "GET /wp-content/uploads/2025/01/image-72.png HTTP/2" 404 1251 "https://comicshut.com/" "Mozilla/5.0 (Linux; Android 14; SM-A135F Build/UP1A.231005.007) AppleWebKit/537.36 (KHTML, like Gecko) Version/4.0 Chrome/150.0.7871.181 Mobile Safari/537.36 [FB_IAB/FB4A;FBAV/571.0.0.44.73;IABMV/1;]"
2a00:23c5:689b:1801:c834:e79b:cab:3fb - - [01/Aug/2026:17:02:09 +0000] "GET /wp-content/uploads/2025/01/image-73.png HTTP/2" 404 1251 "https://comicshut.com/" "Mozilla/5.0 (Linux; Android 14; SM-A135F Build/UP1A.231005.007) AppleWebKit/537.36 (KHTML, like Gecko) Version/4.0 Chrome/150.0.7871.181 Mobile Safari/537.36 [FB_IAB/FB4A;FBAV/571.0.0.44.73;IABMV/1;]"
2a00:23c5:689b:1801:c834:e79b:cab:3fb - - [01/Aug/2026:17:02:09 +0000] "GET /wp-content/uploads/2025/01/image-75.png HTTP/2" 404 1251 "https://comicshut.com/" "Mozilla/5.0 (Linux; Android 14; SM-A135F Build/UP1A.231005.007) AppleWebKit/537.36 (KHTML, like Gecko) Version/4.0 Chrome/150.0.7871.181 Mobile Safari/537.36 [FB_IAB/FB4A;FBAV/571.0.0.44.73;IABMV/1;]"
2a00:23c5:689b:1801:c834:e79b:cab:3fb - - [01/Aug/2026:17:02:09 +0000] "GET /wp-content/uploads/2025/01/image-77.png HTTP/2" 404 1251 "https://comicshut.com/" "Mozilla/5.0 (Linux; Android 14; SM-A135F Build/UP1A.231005.007) AppleWebKit/537.36 (KHTML, like Gecko) Version/4.0 Chrome/150.0.7871.181 Mobile Safari/537.36 [FB_IAB/FB4A;FBAV/571.0.0.44.73;IABMV/1;]"
2a00:23c5:689b:1801:c834:e79b:cab:3fb - - [01/Aug/2026:17:02:09 +0000] "GET /wp-content/uploads/2025/01/image-78-1045x1045.png HTTP/2" 404 1251 "https://comicshut.com/" "Mozilla/5.0 (Linux; Android 14; SM-A135F Build/UP1A.231005.007) AppleWebKit/537.36 (KHTML, like Gecko) Version/4.0 Chrome/150.0.7871.181 Mobile Safari/537.36 [FB_IAB/FB4A;FBAV/571.0.0.44.73;IABMV/1;]"
2a00:23c5:689b:1801:c834:e79b:cab:3fb - - [01/Aug/2026:17:02:09 +0000] "GET /wp-content/uploads/2025/01/image-79-1045x1045.png HTTP/2" 404 1251 "https://comicshut.com/" "Mozilla/5.0 (Linux; Android 14; SM-A135F Build/UP1A.231005.007) AppleWebKit/537.36 (KHTML, like Gecko) Version/4.0 Chrome/150.0.7871.181 Mobile Safari/537.36 [FB_IAB/FB4A;FBAV/571.0.0.44.73;IABMV/1;]"
2a00:23c5:689b:1801:c834:e79b:cab:3fb - - [01/Aug/2026:17:02:09 +0000] "GET /wp-content/uploads/2025/01/image-80.png HTTP/2" 404 1251 "https://comicshut.com/" "Mozilla/5.0 (Linux; Android 14; SM-A135F Build/UP1A.231005.007) AppleWebKit/537.36 (KHTML, like Gecko) Version/4.0 Chrome/150.0.7871.181 Mobile Safari/537.36 [FB_IAB/FB4A;FBAV/571.0.0.44.73;IABMV/1;]"
2a00:23c5:689b:1801:c834:e79b:cab:3fb - - [01/Aug/2026:17:02:09 +0000] "GET /wp-content/uploads/2025/01/image-81-697x1045.png HTTP/2" 404 1251 "https://comicshut.com/" "Mozilla/5.0 (Linux; Android 14; SM-A135F Build/UP1A.231005.007) AppleWebKit/537.36 (KHTML, like Gecko) Version/4.0 Chrome/150.0.7871.181 Mobile Safari/537.36 [FB_IAB/FB4A;FBAV/571.0.0.44.73;IABMV/1;]"
74.7.227.16 - - [01/Aug/2026:17:02:23 +0000] "GET /wp-includes%2B16/SimplePie/src/HTTP/Psr7Response.php HTTP/2" 500 0 "https://mr-stat.com/wp-includes%2B16/SimplePie/src/HTTP/?ND" "Mozilla/5.0 AppleWebKit/537.36 (KHTML, like Gecko; compatible; GPTBot/1.4; +https://openai.com/gptbot)"
2a00:23c5:689b:1801:c834:e79b:cab:3fb - - [01/Aug/2026:17:02:36 +0000] "GET /wp-content/uploads/2025/01/WhatsApp-Image-2025-01-06-at-23.25.31_aa0458fb.jpg HTTP/2" 404 1251 "https://comicshut.com/" "Mozilla/5.0 (Linux; Android 14; SM-A135F Build/UP1A.231005.007) AppleWebKit/537.36 (KHTML, like Gecko) Version/4.0 Chrome/150.0.7871.181 Mobile Safari/537.36 [FB_IAB/FB4A;FBAV/571.0.0.44.73;IABMV/1;] FBNV/500"
2a00:23c5:689b:1801:c834:e79b:cab:3fb - - [01/Aug/2026:17:02:36 +0000] "GET /wp-content/uploads/2025/01/WhatsApp-Image-2025-01-06-at-23.25.31_1ffbb895-1049x762.jpg HTTP/2" 404 1251 "https://comicshut.com/" "Mozilla/5.0 (Linux; Android 14; SM-A135F Build/UP1A.231005.007) AppleWebKit/537.36 (KHTML, like Gecko) Version/4.0 Chrome/150.0.7871.181 Mobile Safari/537.36 [FB_IAB/FB4A;FBAV/571.0.0.44.73;IABMV/1;] FBNV/500"
2a00:23c5:689b:1801:c834:e79b:cab:3fb - - [01/Aug/2026:17:02:36 +0000] "GET /wp-content/uploads/2025/01/WhatsApp-Image-2025-01-06-at-23.25.32_ebe585fb-1.jpg HTTP/2" 404 1251 "https://comicshut.com/" "Mozilla/5.0 (Linux; Android 14; SM-A135F Build/UP1A.231005.007) AppleWebKit/537.36 (KHTML, like Gecko) Version/4.0 Chrome/150.0.7871.181 Mobile Safari/537.36 [FB_IAB/FB4A;FBAV/571.0.0.44.73;IABMV/1;] FBNV/500"
2a00:23c5:689b:1801:c834:e79b:cab:3fb - - [01/Aug/2026:17:02:36 +0000] "GET /wp-content/uploads/2025/01/WhatsApp-Image-2025-01-06-at-23.25.32_c4ff5d2a.jpg HTTP/2" 404 1251 "https://comicshut.com/" "Mozilla/5.0 (Linux; Android 14; SM-A135F Build/UP1A.231005.007) AppleWebKit/537.36 (KHTML, like Gecko) Version/4.0 Chrome/150.0.7871.181 Mobile Safari/537.36 [FB_IAB/FB4A;FBAV/571.0.0.44.73;IABMV/1;] FBNV/500"
2a00:23c5:689b:1801:c834:e79b:cab:3fb - - [01/Aug/2026:17:02:38 +0000] "GET /wp-content/uploads/2025/01/WhatsApp-Image-2025-01-06-at-23.25.33_b16c5d4e-1049x599.jpg HTTP/2" 404 1251 "https://comicshut.com/" "Mozilla/5.0 (Linux; Android 14; SM-A135F Build/UP1A.231005.007) AppleWebKit/537.36 (KHTML, like Gecko) Version/4.0 Chrome/150.0.7871.181 Mobile Safari/537.36 [FB_IAB/FB4A;FBAV/571.0.0.44.73;IABMV/1;] FBNV/500"
2a00:23c5:689b:1801:c834:e79b:cab:3fb - - [01/Aug/2026:17:02:38 +0000] "GET /wp-content/uploads/2025/01/WhatsApp-Image-2025-01-06-at-23.25.33_87cb99f4-597x1045.jpg HTTP/2" 404 1251 "https://comicshut.com/" "Mozilla/5.0 (Linux; Android 14; SM-A135F Build/UP1A.231005.007) AppleWebKit/537.36 (KHTML, like Gecko) Version/4.0 Chrome/150.0.7871.181 Mobile Safari/537.36 [FB_IAB/FB4A;FBAV/571.0.0.44.73;IABMV/1;] FBNV/500"
2a00:23c5:689b:1801:c834:e79b:cab:3fb - - [01/Aug/2026:17:02:38 +0000] "GET /wp-content/uploads/2025/01/image-72.png HTTP/2" 404 1251 "https://comicshut.com/" "Mozilla/5.0 (Linux; Android 14; SM-A135F Build/UP1A.231005.007) AppleWebKit/537.36 (KHTML, like Gecko) Version/4.0 Chrome/150.0.7871.181 Mobile Safari/537.36 [FB_IAB/FB4A;FBAV/571.0.0.44.73;IABMV/1;] FBNV/500"
2a00:23c5:689b:1801:c834:e79b:cab:3fb - - [01/Aug/2026:17:02:38 +0000] "GET /wp-content/uploads/2025/01/image-73.png HTTP/2" 404 1251 "https://comicshut.com/" "Mozilla/5.0 (Linux; Android 14; SM-A135F Build/UP1A.231005.007) AppleWebKit/537.36 (KHTML, like Gecko) Version/4.0 Chrome/150.0.7871.181 Mobile Safari/537.36 [FB_IAB/FB4A;FBAV/571.0.0.44.73;IABMV/1;] FBNV/500"
2a00:23c5:689b:1801:c834:e79b:cab:3fb - - [01/Aug/2026:17:02:38 +0000] "GET /wp-content/uploads/2025/01/image-75.png HTTP/2" 404 1251 "https://comicshut.com/" "Mozilla/5.0 (Linux; Android 14; SM-A135F Build/UP1A.231005.007) AppleWebKit/537.36 (KHTML, like Gecko) Version/4.0 Chrome/150.0.7871.181 Mobile Safari/537.36 [FB_IAB/FB4A;FBAV/571.0.0.44.73;IABMV/1;] FBNV/500"
2a00:23c5:689b:1801:c834:e79b:cab:3fb - - [01/Aug/2026:17:02:38 +0000] "GET /wp-content/uploads/2025/01/image-77.png HTTP/2" 404 1251 "https://comicshut.com/" "Mozilla/5.0 (Linux; Android 14; SM-A135F Build/UP1A.231005.007) AppleWebKit/537.36 (KHTML, like Gecko) Version/4.0 Chrome/150.0.7871.181 Mobile Safari/537.36 [FB_IAB/FB4A;FBAV/571.0.0.44.73;IABMV/1;] FBNV/500"
2a00:23c5:689b:1801:c834:e79b:cab:3fb - - [01/Aug/2026:17:02:38 +0000] "GET /wp-content/uploads/2025/01/image-78-1045x1045.png HTTP/2" 404 1251 "https://comicshut.com/" "Mozilla/5.0 (Linux; Android 14; SM-A135F Build/UP1A.231005.007) AppleWebKit/537.36 (KHTML, like Gecko) Version/4.0 Chrome/150.0.7871.181 Mobile Safari/537.36 [FB_IAB/FB4A;FBAV/571.0.0.44.73;IABMV/1;] FBNV/500"
2a00:23c5:689b:1801:c834:e79b:cab:3fb - - [01/Aug/2026:17:02:38 +0000] "GET /wp-content/uploads/2025/01/image-79-1045x1045.png HTTP/2" 404 1251 "https://comicshut.com/" "Mozilla/5.0 (Linux; Android 14; SM-A135F Build/UP1A.231005.007) AppleWebKit/537.36 (KHTML, like Gecko) Version/4.0 Chrome/150.0.7871.181 Mobile Safari/537.36 [FB_IAB/FB4A;FBAV/571.0.0.44.73;IABMV/1;] FBNV/500"
66.249.73.195 - - [01/Aug/2026:16:57:10 +0000] "GET /?dzgcd/o2202571.html HTTP/1.1" 200 1165 "-" "Mozilla/5.0 (Linux; Android 6.0.1; Nexus 5X Build/MMB29P) AppleWebKit/537.36 (KHTML, like Gecko) Chrome/150.0.7871.186 Mobile Safari/537.36 (compatible; Googlebot/2.1; +http://www.google.com/bot.html)"
66.249.73.195 - - [01/Aug/2026:16:57:10 +0000] "GET /?znizj/w171537.html HTTP/1.1" 200 1165 "-" "Mozilla/5.0 (Linux; Android 6.0.1; Nexus 5X Build/MMB29P) AppleWebKit/537.36 (KHTML, like Gecko) Chrome/150.0.7871.186 Mobile Safari/537.36 (compatible; Googlebot/2.1; +http://www.google.com/bot.html)"
66.249.73.195 - - [01/Aug/2026:16:57:10 +0000] "GET /?ctg/search/similarImageSearchResultView/?ctgItemCd=16141011 HTTP/1.1" 200 1165 "-" "Mozilla/5.0 (Linux; Android 6.0.1; Nexus 5X Build/MMB29P) AppleWebKit/537.36 (KHTML, like Gecko) Chrome/150.0.7871.186 Mobile Safari/537.36 (compatible; Googlebot/2.1; +http://www.google.com/bot.html)"
66.249.73.195 - - [01/Aug/2026:16:57:11 +0000] "GET /?ctg/search/similarImageSearchResultView/?ctgItemCd=94003652 HTTP/1.1" 200 1165 "-" "Mozilla/5.0 (Linux; Android 6.0.1; Nexus 5X Build/MMB29P) AppleWebKit/537.36 (KHTML, like Gecko) Chrome/150.0.7871.186 Mobile Safari/537.36 (compatible; Googlebot/2.1; +http://www.google.com/bot.html)"
66.249.73.195 - - [01/Aug/2026:16:57:11 +0000] "GET /?ctg/search/similarImageSearchResultView/?ctgItemCd=20859043 HTTP/1.1" 200 1165 "-" "Mozilla/5.0 (Linux; Android 6.0.1; Nexus 5X Build/MMB29P) AppleWebKit/537.36 (KHTML, like Gecko) Chrome/150.0.7871.186 Mobile Safari/537.36 (compatible; Googlebot/2.1; +http://www.google.com/bot.html)"
66.249.73.195 - - [01/Aug/2026:16:57:11 +0000] "GET /?zloxh/r958916.html HTTP/1.1" 200 1165 "-" "Mozilla/5.0 (Linux; Android 6.0.1; Nexus 5X Build/MMB29P) AppleWebKit/537.36 (KHTML, like Gecko) Chrome/150.0.7871.186 Mobile Safari/537.36 (compatible; Googlebot/2.1; +http://www.google.com/bot.html)"
66.249.73.195 - - [01/Aug/2026:16:57:12 +0000] "GET /?lhxxu/r2332652.html HTTP/1.1" 200 1165 "-" "Mozilla/5.0 (Linux; Android 6.0.1; Nexus 5X Build/MMB29P) AppleWebKit/537.36 (KHTML, like Gecko) Chrome/150.0.7871.186 Mobile Safari/537.36 (compatible; Googlebot/2.1; +http://www.google.com/bot.html)"
66.249.73.195 - - [01/Aug/2026:16:57:12 +0000] "GET /?goods/048019397 HTTP/1.1" 200 1165 "-" "Mozilla/5.0 (Linux; Android 6.0.1; Nexus 5X Build/MMB29P) AppleWebKit/537.36 (KHTML, like Gecko) Chrome/150.0.7871.186 Mobile Safari/537.36 (compatible; Googlebot/2.1; +http://www.google.com/bot.html)"
66.249.73.195 - - [01/Aug/2026:16:57:12 +0000] "GET /?detail/044002569084 HTTP/1.1" 200 1165 "-" "Mozilla/5.0 (Linux; Android 6.0.1; Nexus 5X Build/MMB29P) AppleWebKit/537.36 (KHTML, like Gecko) Chrome/150.0.7871.186 Mobile Safari/537.36 (compatible; Googlebot/2.1; +http://www.google.com/bot.html)"
66.249.73.195 - - [01/Aug/2026:16:57:13 +0000] "GET /?detail/168033701082 HTTP/1.1" 200 1165 "-" "Mozilla/5.0 (Linux; Android 6.0.1; Nexus 5X Build/MMB29P) AppleWebKit/537.36 (KHTML, like Gecko) Chrome/150.0.7871.186 Mobile Safari/537.36 (compatible; Googlebot/2.1; +http://www.google.com/bot.html)"
66.249.73.195 - - [01/Aug/2026:16:57:13 +0000] "GET /?goods/074029976 HTTP/1.1" 200 1165 "-" "Mozilla/5.0 (Linux; Android 6.0.1; Nexus 5X Build/MMB29P) AppleWebKit/537.36 (KHTML, like Gecko) Chrome/150.0.7871.186 Mobile Safari/537.36 (compatible; Googlebot/2.1; +http://www.google.com/bot.html)"
66.249.73.195 - - [01/Aug/2026:16:57:14 +0000] "GET /?jp/156037695.html HTTP/1.1" 200 1165 "-" "Mozilla/5.0 (Linux; Android 6.0.1; Nexus 5X Build/MMB29P) AppleWebKit/537.36 (KHTML, like Gecko) Chrome/150.0.7871.186 Mobile Safari/537.36 (compatible; Googlebot/2.1; +http://www.google.com/bot.html)"
66.249.73.195 - - [01/Aug/2026:16:57:15 +0000] "GET /_autoindex/assets/icons/file.svg HTTP/1.1" 200 354 "https://mr-stat.com/?zloxh/r958916.html" "Mozilla/5.0 (Linux; Android 6.0.1; Nexus 5X Build/MMB29P) AppleWebKit/537.36 (KHTML, like Gecko) Chrome/150.0.7871.186 Mobile Safari/537.36 (compatible; Googlebot/2.1; +http://www.google.com/bot.html)"
66.249.73.194 - - [01/Aug/2026:16:57:10 +0000] "GET /?detail/0520432385337 HTTP/1.1" 200 1165 "-" "Mozilla/5.0 (Linux; Android 6.0.1; Nexus 5X Build/MMB29P) AppleWebKit/537.36 (KHTML, like Gecko) Chrome/150.0.7871.186 Mobile Safari/537.36 (compatible; Googlebot/2.1; +http://www.google.com/bot.html)"
66.249.73.194 - - [01/Aug/2026:16:57:13 +0000] "GET /?trgys/z2872212.html HTTP/1.1" 200 1165 "-" "Mozilla/5.0 (Linux; Android 6.0.1; Nexus 5X Build/MMB29P) AppleWebKit/537.36 (KHTML, like Gecko) Chrome/150.0.7871.186 Mobile Safari/537.36 (compatible; Googlebot/2.1; +http://www.google.com/bot.html)"
66.249.73.194 - - [01/Aug/2026:16:57:13 +0000] "GET /?detail/285042835402 HTTP/1.1" 200 1165 "-" "Mozilla/5.0 (Linux; Android 6.0.1; Nexus 5X Build/MMB29P) AppleWebKit/537.36 (KHTML, like Gecko) Chrome/150.0.7871.186 Mobile Safari/537.36 (compatible; Googlebot/2.1; +http://www.google.com/bot.html)"
66.249.73.194 - - [01/Aug/2026:16:57:13 +0000] "GET /?goods/267038216 HTTP/1.1" 200 1165 "-" "Mozilla/5.0 (Linux; Android 6.0.1; Nexus 5X Build/MMB29P) AppleWebKit/537.36 (KHTML, like Gecko) Chrome/150.0.7871.186 Mobile Safari/537.36 (compatible; Googlebot/2.1; +http://www.google.com/bot.html)"
66.249.73.194 - - [01/Aug/2026:16:57:14 +0000] "GET /?goods/161022278 HTTP/1.1" 200 1165 "-" "Mozilla/5.0 (Linux; Android 6.0.1; Nexus 5X Build/MMB29P) AppleWebKit/537.36 (KHTML, like Gecko) Chrome/150.0.7871.186 Mobile Safari/537.36 (compatible; Googlebot/2.1; +http://www.google.com/bot.html)"
66.249.73.194 - - [01/Aug/2026:16:57:14 +0000] "GET /associate/restaurant188/8nppt-36213/ HTTP/1.1" 404 1251 "-" "Mozilla/5.0 (Linux; Android 6.0.1; Nexus 5X Build/MMB29P) AppleWebKit/537.36 (KHTML, like Gecko) Chrome/150.0.7871.186 Mobile Safari/537.36 (compatible; Googlebot/2.1; +http://www.google.com/bot.html)"
66.249.73.194 - - [01/Aug/2026:16:57:14 +0000] "GET /?jp/011011618.html HTTP/1.1" 200 1165 "-" "Mozilla/5.0 (Linux; Android 6.0.1; Nexus 5X Build/MMB29P) AppleWebKit/537.36 (KHTML, like Gecko) Chrome/150.0.7871.186 Mobile Safari/537.36 (compatible; Googlebot/2.1; +http://www.google.com/bot.html)"
66.249.73.194 - - [01/Aug/2026:16:57:14 +0000] "GET /?goods/121007488 HTTP/1.1" 200 1165 "-" "Mozilla/5.0 (Linux; Android 6.0.1; Nexus 5X Build/MMB29P) AppleWebKit/537.36 (KHTML, like Gecko) Chrome/150.0.7871.186 Mobile Safari/537.36 (compatible; Googlebot/2.1; +http://www.google.com/bot.html)"
66.249.73.194 - - [01/Aug/2026:16:57:15 +0000] "GET /_autoindex/assets/icons/file.svg HTTP/1.1" 200 354 "https://mr-stat.com/?goods/048019397" "Mozilla/5.0 (Linux; Android 6.0.1; Nexus 5X Build/MMB29P) AppleWebKit/537.36 (KHTML, like Gecko) Chrome/150.0.7871.186 Mobile Safari/537.36 (compatible; Googlebot/2.1; +http://www.google.com/bot.html)"
66.249.73.194 - - [01/Aug/2026:17:03:28 +0000] "GET /?mnvxx/w2480285.html HTTP/1.1" 200 1165 "-" "Mozilla/5.0 (Linux; Android 6.0.1; Nexus 5X Build/MMB29P) AppleWebKit/537.36 (KHTML, like Gecko) Chrome/150.0.7871.186 Mobile Safari/537.36 (compatible; Googlebot/2.1; +http://www.google.com/bot.html)"
74.7.241.163 - - [01/Aug/2026:17:05:01 +0000] "GET /robots.txt HTTP/2" 404 1251 "-" "Mozilla/5.0 (Macintosh; Intel Mac OS X 10_15_7) AppleWebKit/537.36 (KHTML, like Gecko) Chrome/131.0.0.0 Safari/537.36; compatible; OAI-SearchBot/1.4; robots.txt; +https://openai.com/searchbot"
2a00:23c5:689b:1801:c834:e79b:cab:3fb - - [01/Aug/2026:17:02:38 +0000] "GET /wp-content/uploads/2025/01/image-80.png HTTP/2" 404 1251 "https://comicshut.com/" "Mozilla/5.0 (Linux; Android 14; SM-A135F Build/UP1A.231005.007) AppleWebKit/537.36 (KHTML, like Gecko) Version/4.0 Chrome/150.0.7871.181 Mobile Safari/537.36 [FB_IAB/FB4A;FBAV/571.0.0.44.73;IABMV/1;] FBNV/500"
2a00:23c5:689b:1801:c834:e79b:cab:3fb - - [01/Aug/2026:17:02:38 +0000] "GET /wp-content/uploads/2025/01/image-81-697x1045.png HTTP/2" 404 1251 "https://comicshut.com/" "Mozilla/5.0 (Linux; Android 14; SM-A135F Build/UP1A.231005.007) AppleWebKit/537.36 (KHTML, like Gecko) Version/4.0 Chrome/150.0.7871.181 Mobile Safari/537.36 [FB_IAB/FB4A;FBAV/571.0.0.44.73;IABMV/1;] FBNV/500"
74.7.227.16 - - [01/Aug/2026:17:02:55 +0000] "GET /wp-includes%2B16/SimplePie/src/HTTP/Psr18Client.php HTTP/2" 500 0 "https://mr-stat.com/wp-includes%2B16/SimplePie/src/HTTP/?ND" "Mozilla/5.0 AppleWebKit/537.36 (KHTML, like Gecko; compatible; GPTBot/1.4; +https://openai.com/gptbot)"
66.249.73.196 - - [01/Aug/2026:17:03:14 +0000] "GET /harvest/vertical96/k4ile-755/ HTTP/1.1" 404 1251 "-" "Mozilla/5.0 (Linux; Android 6.0.1; Nexus 5X Build/MMB29P) AppleWebKit/537.36 (KHTML, like Gecko) Chrome/150.0.7871.186 Mobile Safari/537.36 (compatible; Googlebot/2.1; +http://www.google.com/bot.html)"
66.249.73.196 - - [01/Aug/2026:17:03:15 +0000] "GET /?goods/062043132 HTTP/1.1" 200 1165 "-" "Mozilla/5.0 (Linux; Android 6.0.1; Nexus 5X Build/MMB29P) AppleWebKit/537.36 (KHTML, like Gecko) Chrome/150.0.7871.186 Mobile Safari/537.36 (compatible; Googlebot/2.1; +http://www.google.com/bot.html)"
66.249.73.195 - - [01/Aug/2026:17:05:59 +0000] "GET /?jp/251043891.html HTTP/1.1" 200 1165 "-" "Mozilla/5.0 (Linux; Android 6.0.1; Nexus 5X Build/MMB29P) AppleWebKit/537.36 (KHTML, like Gecko) Chrome/150.0.7871.186 Mobile Safari/537.36 (compatible; Googlebot/2.1; +http://www.google.com/bot.html)"
66.249.73.196 - - [01/Aug/2026:17:02:04 +0000] "GET /_autoindex/assets/icons/file.svg HTTP/1.1" 200 354 "https://mr-stat.com/?detail/07001080871656" "Mozilla/5.0 (Linux; Android 6.0.1; Nexus 5X Build/MMB29P) AppleWebKit/537.36 (KHTML, like Gecko) Chrome/150.0.7871.186 Mobile Safari/537.36 (compatible; Googlebot/2.1; +http://www.google.com/bot.html)"
204.12.239.66 - - [01/Aug/2026:16:50:16 +0000] "GET /wp-includes/js2e0560/index.php HTTP/1.1" 404 1251 "https://mr-stat.com/wp-includes/js2e0560/index.php" "Mozilla/5.0 (Windows NT 10.0; Win64; x64) AppleWebKit/537.36 (KHTML, like Gecko) Chrome/58.0.3029.110 Safari/537.3"
66.249.73.195 - - [01/Aug/2026:17:01:30 +0000] "GET /?goods/284045744 HTTP/1.1" 200 1165 "-" "Mozilla/5.0 (Linux; Android 6.0.1; Nexus 5X Build/MMB29P) AppleWebKit/537.36 (KHTML, like Gecko) Chrome/150.0.7871.186 Mobile Safari/537.36 (compatible; Googlebot/2.1; +http://www.google.com/bot.html)"
66.249.73.194 - - [01/Aug/2026:17:02:11 +0000] "GET /?detail/131043868051 HTTP/1.1" 200 1165 "-" "Mozilla/5.0 (Linux; Android 6.0.1; Nexus 5X Build/MMB29P) AppleWebKit/537.36 (KHTML, like Gecko) Chrome/150.0.7871.186 Mobile Safari/537.36 (compatible; Googlebot/2.1; +http://www.google.com/bot.html)"
74.7.227.16 - - [01/Aug/2026:17:04:00 +0000] "GET /wp-includes%2B16/SimplePie/src/HTTP/ClientException.php HTTP/2" 500 0 "https://mr-stat.com/wp-includes%2B16/SimplePie/src/HTTP/?ND" "Mozilla/5.0 AppleWebKit/537.36 (KHTML, like Gecko; compatible; GPTBot/1.4; +https://openai.com/gptbot)"
74.7.227.16 - - [01/Aug/2026:17:05:00 +0000] "GET /wp-includes%2B16/SimplePie/src/HTTP/RawTextResponse.php HTTP/2" 500 0 "https://mr-stat.com/wp-includes%2B16/SimplePie/src/HTTP/?ND" "Mozilla/5.0 AppleWebKit/537.36 (KHTML, like Gecko; compatible; GPTBot/1.4; +https://openai.com/gptbot)"
104.207.62.98 - - [01/Aug/2026:16:53:20 +0000] "GET /wp-login.php HTTP/1.1" 404 1251 "-" "Mozilla/5.0 (Macintosh; Intel Mac OS X 10_15_7) AppleWebKit/605.1.15 (KHTML, like Gecko) Version/17.4 Safari/605.1.15"
66.249.73.196 - - [01/Aug/2026:16:59:57 +0000] "GET /computer/meaning96/k4ile-755/ HTTP/1.1" 404 1251 "-" "Mozilla/5.0 (Linux; Android 6.0.1; Nexus 5X Build/MMB29P) AppleWebKit/537.36 (KHTML, like Gecko) Chrome/150.0.7871.186 Mobile Safari/537.36 (compatible; Googlebot/2.1; +http://www.google.com/bot.html)"
66.249.73.196 - - [01/Aug/2026:16:57:10 +0000] "GET /?goods/076034069 HTTP/1.1" 200 1165 "-" "Mozilla/5.0 (Linux; Android 6.0.1; Nexus 5X Build/MMB29P) AppleWebKit/537.36 (KHTML, like Gecko) Chrome/150.0.7871.186 Mobile Safari/537.36 (compatible; Googlebot/2.1; +http://www.google.com/bot.html)"
66.249.73.196 - - [01/Aug/2026:16:57:10 +0000] "GET /?detail/282027348304 HTTP/1.1" 200 1165 "-" "Mozilla/5.0 (Linux; Android 6.0.1; Nexus 5X Build/MMB29P) AppleWebKit/537.36 (KHTML, like Gecko) Chrome/150.0.7871.186 Mobile Safari/537.36 (compatible; Googlebot/2.1; +http://www.google.com/bot.html)"
66.249.73.196 - - [01/Aug/2026:16:57:10 +0000] "GET /?detail/016010213367 HTTP/1.1" 200 1165 "-" "Mozilla/5.0 (Linux; Android 6.0.1; Nexus 5X Build/MMB29P) AppleWebKit/537.36 (KHTML, like Gecko) Chrome/150.0.7871.186 Mobile Safari/537.36 (compatible; Googlebot/2.1; +http://www.google.com/bot.html)"
66.249.73.196 - - [01/Aug/2026:16:57:11 +0000] "GET /?jp/078028752.html HTTP/1.1" 200 1165 "-" "Mozilla/5.0 (Linux; Android 6.0.1; Nexus 5X Build/MMB29P) AppleWebKit/537.36 (KHTML, like Gecko) Chrome/150.0.7871.186 Mobile Safari/537.36 (compatible; Googlebot/2.1; +http://www.google.com/bot.html)"
66.249.73.196 - - [01/Aug/2026:16:57:11 +0000] "GET /?unkih/v2218074.html HTTP/1.1" 200 1165 "-" "Mozilla/5.0 (Linux; Android 6.0.1; Nexus 5X Build/MMB29P) AppleWebKit/537.36 (KHTML, like Gecko) Chrome/150.0.7871.186 Mobile Safari/537.36 (compatible; Googlebot/2.1; +http://www.google.com/bot.html)"
66.249.73.196 - - [01/Aug/2026:16:57:11 +0000] "GET /?fpfss/v2063322.html HTTP/1.1" 200 1165 "-" "Mozilla/5.0 (Linux; Android 6.0.1; Nexus 5X Build/MMB29P) AppleWebKit/537.36 (KHTML, like Gecko) Chrome/150.0.7871.186 Mobile Safari/537.36 (compatible; Googlebot/2.1; +http://www.google.com/bot.html)"
66.249.73.196 - - [01/Aug/2026:16:57:12 +0000] "GET /?detail/1080214283292 HTTP/1.1" 200 1165 "-" "Mozilla/5.0 (Linux; Android 6.0.1; Nexus 5X Build/MMB29P) AppleWebKit/537.36 (KHTML, like Gecko) Chrome/150.0.7871.186 Mobile Safari/537.36 (compatible; Googlebot/2.1; +http://www.google.com/bot.html)"
66.249.73.196 - - [01/Aug/2026:16:57:12 +0000] "GET /?jp/211008935.html HTTP/1.1" 200 1165 "-" "Mozilla/5.0 (Linux; Android 6.0.1; Nexus 5X Build/MMB29P) AppleWebKit/537.36 (KHTML, like Gecko) Chrome/150.0.7871.186 Mobile Safari/537.36 (compatible; Googlebot/2.1; +http://www.google.com/bot.html)"
66.249.73.196 - - [01/Aug/2026:16:57:13 +0000] "GET /?jp/109022539.html HTTP/1.1" 200 1165 "-" "Mozilla/5.0 (Linux; Android 6.0.1; Nexus 5X Build/MMB29P) AppleWebKit/537.36 (KHTML, like Gecko) Chrome/150.0.7871.186 Mobile Safari/537.36 (compatible; Googlebot/2.1; +http://www.google.com/bot.html)"
66.249.73.196 - - [01/Aug/2026:17:05:20 +0000] "GET /?goods/204000739 HTTP/1.1" 200 1165 "-" "Mozilla/5.0 (Linux; Android 6.0.1; Nexus 5X Build/MMB29P) AppleWebKit/537.36 (KHTML, like Gecko) Chrome/150.0.7871.186 Mobile Safari/537.36 (compatible; Googlebot/2.1; +http://www.google.com/bot.html)"
74.7.227.16 - - [01/Aug/2026:17:07:06 +0000] "GET /wp-includes%2B16/SimplePie/src/HTTP/?MD HTTP/2" 200 1158 "https://mr-stat.com/wp-includes%2B16/SimplePie/src/HTTP/?MA" "Mozilla/5.0 AppleWebKit/537.36 (KHTML, like Gecko; compatible; GPTBot/1.4; +https://openai.com/gptbot)"
74.7.227.16 - - [01/Aug/2026:17:08:02 +0000] "GET /wp-includes%2B16/SimplePie/src/HTTP/?NA HTTP/2" 200 1166 "https://mr-stat.com/wp-includes%2B16/SimplePie/src/HTTP/?ND" "Mozilla/5.0 AppleWebKit/537.36 (KHTML, like Gecko; compatible; GPTBot/1.4; +https://openai.com/gptbot)"
74.7.227.16 - - [01/Aug/2026:17:08:55 +0000] "GET /wp-includes%2B16/js/tinymce/plugins/link/?SA HTTP/2" 200 663 "https://mr-stat.com/wp-includes%2B16/js/tinymce/plugins/link/" "Mozilla/5.0 AppleWebKit/537.36 (KHTML, like Gecko; compatible; GPTBot/1.4; +https://openai.com/gptbot)"
74.7.227.16 - - [01/Aug/2026:17:09:41 +0000] "GET /wp-includes%2B16/js/tinymce/plugins/link/?ND HTTP/2" 200 653 "https://mr-stat.com/wp-includes%2B16/js/tinymce/plugins/link/" "Mozilla/5.0 AppleWebKit/537.36 (KHTML, like Gecko; compatible; GPTBot/1.4; +https://openai.com/gptbot)"
204.12.208.18 - - [01/Aug/2026:17:10:17 +0000] "GET /wp-includes/js2e0560/index.php HTTP/1.1" 404 1251 "https://mr-stat.com/wp-includes/js2e0560/index.php" "Mozilla/5.0 (Windows NT 5.1) AppleWebKit/535.2 (KHTML, like Gecko) Chrome/15.0.874.120 Safari/535.2"
74.7.227.16 - - [01/Aug/2026:17:10:23 +0000] "GET /wp-includes%2B16/js/tinymce/plugins/link/?MA HTTP/2" 200 670 "https://mr-stat.com/wp-includes%2B16/js/tinymce/plugins/link/" "Mozilla/5.0 AppleWebKit/537.36 (KHTML, like Gecko; compatible; GPTBot/1.4; +https://openai.com/gptbot)"
74.7.227.16 - - [01/Aug/2026:17:10:59 +0000] "GET /wp-includes%2B16/sodium_compat/src/PHP52/?ND HTTP/2" 200 657 "https://mr-stat.com/wp-includes%2B16/sodium_compat/src/PHP52/" "Mozilla/5.0 AppleWebKit/537.36 (KHTML, like Gecko; compatible; GPTBot/1.4; +https://openai.com/gptbot)"
74.7.227.16 - - [01/Aug/2026:17:11:31 +0000] "GET /wp-includes%2B16/sodium_compat/src/PHP52/?SA HTTP/2" 200 663 "https://mr-stat.com/wp-includes%2B16/sodium_compat/src/PHP52/" "Mozilla/5.0 AppleWebKit/537.36 (KHTML, like Gecko; compatible; GPTBot/1.4; +https://openai.com/gptbot)"
74.7.227.16 - - [01/Aug/2026:17:12:02 +0000] "GET /wp-includes%2B16/sodium_compat/src/PHP52/?MA HTTP/2" 200 663 "https://mr-stat.com/wp-includes%2B16/sodium_compat/src/PHP52/" "Mozilla/5.0 AppleWebKit/537.36 (KHTML, like Gecko; compatible; GPTBot/1.4; +https://openai.com/gptbot)"
74.7.227.16 - - [01/Aug/2026:17:12:29 +0000] "GET /wp-includes%2B16/SimplePie/src/HTTP/?SA HTTP/2" 200 1169 "https://mr-stat.com/wp-includes%2B16/SimplePie/src/HTTP/" "Mozilla/5.0 AppleWebKit/537.36 (KHTML, like Gecko; compatible; GPTBot/1.4; +https://openai.com/gptbot)"
74.7.227.16 - - [01/Aug/2026:17:12:53 +0000] "GET /wp-includes%2B16/js/tinymce/plugins/?MA HTTP/2" 200 1267 "https://mr-stat.com/wp-includes%2B16/js/tinymce/plugins/" "Mozilla/5.0 AppleWebKit/537.36 (KHTML, like Gecko; compatible; GPTBot/1.4; +https://openai.com/gptbot)"
74.7.227.16 - - [01/Aug/2026:17:13:15 +0000] "GET /wp-includes%2B16/Text/Diff/Renderer/?ND HTTP/2" 200 638 "https://mr-stat.com/wp-includes%2B16/Text/Diff/Renderer/" "Mozilla/5.0 AppleWebKit/537.36 (KHTML, like Gecko; compatible; GPTBot/1.4; +https://openai.com/gptbot)"
74.7.227.16 - - [01/Aug/2026:17:13:35 +0000] "GET /wp-includes%2B16/js/tinymce/plugins/?SA HTTP/2" 200 1267 "https://mr-stat.com/wp-includes%2B16/js/tinymce/plugins/" "Mozilla/5.0 AppleWebKit/537.36 (KHTML, like Gecko; compatible; GPTBot/1.4; +https://openai.com/gptbot)"
74.7.227.16 - - [01/Aug/2026:17:13:53 +0000] "GET /wp-includes%2B16/js/tinymce/plugins/?ND HTTP/2" 200 1266 "https://mr-stat.com/wp-includes%2B16/js/tinymce/plugins/" "Mozilla/5.0 AppleWebKit/537.36 (KHTML, like Gecko; compatible; GPTBot/1.4; +https://openai.com/gptbot)"
74.7.227.16 - - [01/Aug/2026:17:14:08 +0000] "GET /wp-includes%2B16/js/tinymce/plugins/link/?SD HTTP/2" 200 665 "https://mr-stat.com/wp-includes%2B16/js/tinymce/plugins/link/?SA" "Mozilla/5.0 AppleWebKit/537.36 (KHTML, like Gecko; compatible; GPTBot/1.4; +https://openai.com/gptbot)"
66.249.73.194 - - [01/Aug/2026:17:13:31 +0000] "GET /?goods/064021149 HTTP/1.1" 200 1165 "-" "Mozilla/5.0 (Linux; Android 6.0.1; Nexus 5X Build/MMB29P) AppleWebKit/537.36 (KHTML, like Gecko) Chrome/150.0.7871.186 Mobile Safari/537.36 (compatible; Googlebot/2.1; +http://www.google.com/bot.html)"
74.7.227.16 - - [01/Aug/2026:17:06:02 +0000] "GET /wp-includes%2B16/Text/Diff/Renderer/?NA HTTP/2" 200 641 "https://mr-stat.com/wp-includes%2B16/Text/Diff/Renderer/?SA" "Mozilla/5.0 AppleWebKit/537.36 (KHTML, like Gecko; compatible; GPTBot/1.4; +https://openai.com/gptbot)"
98.86.199.78 - - [01/Aug/2026:17:06:36 +0000] "GET /robots.txt HTTP/1.1" 404 1251 "-" "Mozilla/5.0 (Macintosh; Intel Mac OS X 10_10_1) AppleWebKit/600.2.5 (KHTML, like Gecko) Version/8.0.2 Safari/600.2.5 (Gort)"
66.249.73.194 - - [01/Aug/2026:17:09:57 +0000] "GET /?goods/080028279 HTTP/1.1" 200 1165 "-" "Mozilla/5.0 (Linux; Android 6.0.1; Nexus 5X Build/MMB29P) AppleWebKit/537.36 (KHTML, like Gecko) Chrome/150.0.7871.186 Mobile Safari/537.36 (compatible; Googlebot/2.1; +http://www.google.com/bot.html)"
66.249.73.195 - - [01/Aug/2026:17:13:31 +0000] "GET /robots.txt HTTP/1.1" 404 1251 "-" "Mozilla/5.0 (compatible; Googlebot/2.1; +http://www.google.com/bot.html)"
74.7.227.16 - - [01/Aug/2026:17:14:23 +0000] "GET /wp-includes%2B16/js/tinymce/plugins/link/?NA HTTP/2" 200 665 "https://mr-stat.com/wp-includes%2B16/js/tinymce/plugins/link/?SA" "Mozilla/5.0 AppleWebKit/537.36 (KHTML, like Gecko; compatible; GPTBot/1.4; +https://openai.com/gptbot)"
74.7.227.16 - - [01/Aug/2026:17:14:36 +0000] "GET /wp-includes%2B16/js/tinymce/plugins/link/?MD HTTP/2" 200 665 "https://mr-stat.com/wp-includes%2B16/js/tinymce/plugins/link/?MA" "Mozilla/5.0 AppleWebKit/537.36 (KHTML, like Gecko; compatible; GPTBot/1.4; +https://openai.com/gptbot)"
74.7.227.16 - - [01/Aug/2026:17:14:48 +0000] "GET /wp-includes%2B16/sodium_compat/src/PHP52/SplFixedArray.php HTTP/2" 200 0 "https://mr-stat.com/wp-includes%2B16/sodium_compat/src/PHP52/?ND" "Mozilla/5.0 AppleWebKit/537.36 (KHTML, like Gecko; compatible; GPTBot/1.4; +https://openai.com/gptbot)"
74.7.227.16 - - [01/Aug/2026:17:14:58 +0000] "GET /wp-includes%2B16/sodium_compat/src/PHP52/?SD HTTP/2" 200 663 "https://mr-stat.com/wp-includes%2B16/sodium_compat/src/PHP52/?SA" "Mozilla/5.0 AppleWebKit/537.36 (KHTML, like Gecko; compatible; GPTBot/1.4; +https://openai.com/gptbot)"
74.7.227.16 - - [01/Aug/2026:17:15:07 +0000] "GET /wp-includes%2B16/sodium_compat/src/PHP52/?NA HTTP/2" 200 661 "https://mr-stat.com/wp-includes%2B16/sodium_compat/src/PHP52/?ND" "Mozilla/5.0 AppleWebKit/537.36 (KHTML, like Gecko; compatible; GPTBot/1.4; +https://openai.com/gptbot)"
74.7.227.16 - - [01/Aug/2026:17:15:16 +0000] "GET /wp-includes%2B16/sodium_compat/src/PHP52/?MD HTTP/2" 200 662 "https://mr-stat.com/wp-includes%2B16/sodium_compat/src/PHP52/?MA" "Mozilla/5.0 AppleWebKit/537.36 (KHTML, like Gecko; compatible; GPTBot/1.4; +https://openai.com/gptbot)"
74.7.227.16 - - [01/Aug/2026:17:15:23 +0000] "GET /wp-includes%2B16/js/tinymce/plugins/?NA HTTP/2" 200 1266 "https://mr-stat.com/wp-includes%2B16/js/tinymce/plugins/?MA" "Mozilla/5.0 AppleWebKit/537.36 (KHTML, like Gecko; compatible; GPTBot/1.4; +https://openai.com/gptbot)"
74.7.227.16 - - [01/Aug/2026:17:15:30 +0000] "GET /wp-includes%2B16/js/tinymce/plugins/?MD HTTP/2" 200 1270 "https://mr-stat.com/wp-includes%2B16/js/tinymce/plugins/?MA" "Mozilla/5.0 AppleWebKit/537.36 (KHTML, like Gecko; compatible; GPTBot/1.4; +https://openai.com/gptbot)"
74.7.227.16 - - [01/Aug/2026:17:15:37 +0000] "GET /wp-includes%2B16/SimplePie/src/HTTP/?SD HTTP/2" 200 1162 "https://mr-stat.com/wp-includes%2B16/SimplePie/src/HTTP/?SA" "Mozilla/5.0 AppleWebKit/537.36 (KHTML, like Gecko; compatible; GPTBot/1.4; +https://openai.com/gptbot)"
74.7.227.16 - - [01/Aug/2026:17:15:42 +0000] "GET /wp-includes%2B16/Text/Diff/Renderer/?MD HTTP/2" 200 646 "https://mr-stat.com/wp-includes%2B16/Text/Diff/Renderer/?MA" "Mozilla/5.0 AppleWebKit/537.36 (KHTML, like Gecko; compatible; GPTBot/1.4; +https://openai.com/gptbot)"
74.7.227.16 - - [01/Aug/2026:17:15:47 +0000] "GET /wp-includes%2B16/js/tinymce/plugins/?SD HTTP/2" 200 1268 "https://mr-stat.com/wp-includes%2B16/js/tinymce/plugins/?SA" "Mozilla/5.0 AppleWebKit/537.36 (KHTML, like Gecko; compatible; GPTBot/1.4; +https://openai.com/gptbot)"
74.7.227.16 - - [01/Aug/2026:17:15:52 +0000] "GET /wp-includes%2B16/Text/Diff/Renderer/?SD HTTP/2" 200 645 "https://mr-stat.com/wp-includes%2B16/Text/Diff/Renderer/?SA" "Mozilla/5.0 AppleWebKit/537.36 (KHTML, like Gecko; compatible; GPTBot/1.4; +https://openai.com/gptbot)"
74.7.227.16 - - [01/Aug/2026:17:15:56 +0000] "GET /wp-includes%2B16/user.php HTTP/2" 200 0 "https://mr-stat.com/wp-includes%2B16/" "Mozilla/5.0 AppleWebKit/537.36 (KHTML, like Gecko; compatible; GPTBot/1.4; +https://openai.com/gptbot)"
74.7.227.16 - - [01/Aug/2026:17:16:00 +0000] "GET /wp-includes%2B16/js/dist/vendor/wp-polyfill-node-contains.min.js HTTP/2" 200 175 "https://mr-stat.com/wp-includes%2B16/js/dist/vendor/" "Mozilla/5.0 AppleWebKit/537.36 (KHTML, like Gecko; compatible; GPTBot/1.4; +https://openai.com/gptbot)"
74.7.227.16 - - [01/Aug/2026:17:16:03 +0000] "GET /wp-includes%2B16/sitemaps/providers/?ND HTTP/2" 200 786 "https://mr-stat.com/wp-includes%2B16/sitemaps/providers/" "Mozilla/5.0 AppleWebKit/537.36 (KHTML, like Gecko; compatible; GPTBot/1.4; +https://openai.com/gptbot)"
